{"id":1353,"date":"2023-06-13T11:43:35","date_gmt":"2023-06-13T11:43:35","guid":{"rendered":"https:\/\/der-schulbedarf.Shop\/?post_type=product&#038;p=1353"},"modified":"2025-08-28T06:53:46","modified_gmt":"2025-08-28T06:53:46","slug":"leserabe-sonderausgaben-die-besten-leselern-geschichten-von-ninjas-gespenstern-und-ausserirdischen","status":"publish","type":"product","link":"https:\/\/der-schulbedarf.shop\/produkt-des-monats\/produkt\/leserabe-sonderausgaben-die-besten-leselern-geschichten-von-ninjas-gespenstern-und-ausserirdischen\/","title":{"rendered":"Leserabe &#8211; Sonderausgaben: Die besten Leselern-Geschichten &#8211; von Ninjas, Gespenstern und Au\u00dferirdischen"},"content":{"rendered":"<p>Die besten Abenteuergeschichten in einem Band! Enth\u00e4lt eine CD mit spannenden H\u00f6rb\u00fcchern zu allen drei Geschichten. Zum Anh\u00f6ren und Mitlesen!<\/p>\n<p>Lesen lernen wie im Flug! Die Kinderb\u00fccher der Reihe Leserabe \u2013 1. Lesestufe wurden mit P\u00e4dagogen entwickelt und richten sich an Leseanf\u00e4nger ab der 1. Klasse. Kurze Texte in gro\u00dfer Fibelschrift sichern erste Leseerfolge und steigern die Lesekompetenz von M\u00e4dchen und Jungen ab 6 Jahren. Mit Belohnungsstickern.<\/p>\n<p>Empfohlen von Stiftung Lesen, gelistet bei Antolin. Weitere Informationen auf leserabe.de.<\/p>\n<p>Drei tolle Geschichten \u00fcber Ninjas, Gespenster und Au\u00dferirdische in einem Band: Yuki ist ein Junge mit magischen Kr\u00e4ften. Nach einer Ausbildung zum Ninja wartet der erste gef\u00e4hrliche Auftrag auf Yuki: Er soll einen Feuerdrachen aus einem Kloster vertreiben!Gespenst Hogo lebt in einer Schule. Als Kinder im Schulhaus \u00fcbernachten, kann Hugo gemeinsam mit Freund Willi endlich mal wieder so richtig spuken! Eine ganz besondere Lesenacht beginnt&#8230;Finn d\u00fcst mit seinem Weltraumhund Woggi durchs Weltall, als die beiden von Au\u00dferirdischen angegriffen werden! Sie m\u00fcssen auf einem Schrottplatz notlanden. Was sie dort wohl erwartet?Alle drei Geschichten auch als spannendes H\u00f6rbuch auf der beigelegten CD!<\/p>\n<p>&nbsp;<\/p>\n<p>&nbsp;<\/p>\n","protected":false},"excerpt":{"rendered":"<p>Die besten Abenteuergeschichten in einem Band! Enth\u00e4lt eine CD mit spannenden H\u00f6rb\u00fcchern zu allen drei Geschichten. Zum Anh\u00f6ren und Mitlesen! Lesen lernen wie im Flug! Die Kinderb\u00fccher der Reihe Leserabe \u2013 1. Lesestufe wurden mit P\u00e4dagogen entwickelt und richten sich an Leseanf\u00e4nger ab der 1. Klasse. Kurze Texte in gro\u00dfer Fibelschrift sichern erste Leseerfolge und [&hellip;]<\/p>\n","protected":false},"featured_media":2289,"comment_status":"open","ping_status":"closed","template":"","meta":[],"product_cat":[224,915,944,225],"product_tag":[268,192,632,111,200,201,631,537,469,532,196,197,195,536,115,199,114,113,535,112,619,314,312,534,198,181,202,179,506,315,316,533,249,623],"class_list":{"0":"post-1353","1":"product","2":"type-product","3":"status-publish","4":"has-post-thumbnail","6":"product_cat-kinderbuecher","7":"product_cat-produkt-feeds","8":"product_cat-produktzufuehrung-geizhal","9":"product_cat-ravensburger-kinderbuecher","10":"product_tag-abenteuer","11":"product_tag-antolin","12":"product_tag-ausserirdische","13":"product_tag-beschaeftigung","14":"product_tag-buch","15":"product_tag-buecher","16":"product_tag-cd","17":"product_tag-drachen","18":"product_tag-einschulung-geschenk","19":"product_tag-einschulung-jungen","20":"product_tag-erstlesebuch","21":"product_tag-erstlesebuecher","22":"product_tag-erstleser","23":"product_tag-erstleser-jungen-1-klasse","24":"product_tag-fuer-jungen","25":"product_tag-fuer-kinder-ab-6-jahre","26":"product_tag-fuer-maedchen","27":"product_tag-geschenk","28":"product_tag-geschenk-jungen-6-jahre","29":"product_tag-geschenkidee","30":"product_tag-gespenster","31":"product_tag-hoer-rein","32":"product_tag-hoerbuch","33":"product_tag-jungen-geschenke-6-jahre","34":"product_tag-kinderbuch","35":"product_tag-kinderbuecher","36":"product_tag-lesen","37":"product_tag-lesen-lernen","38":"product_tag-leserabe-1-klasse","39":"product_tag-lies-los","40":"product_tag-ninja","41":"product_tag-schulanfang-jungen","42":"product_tag-schule","43":"product_tag-weltraum","44":"post","45":"post-with-thumbnail","46":"post-with-thumbnail-large","48":"first","49":"outofstock","50":"taxable","51":"shipping-taxable","52":"purchasable","53":"product-type-simple"},"yoast_head":"<!-- This site is optimized with the Yoast SEO plugin v26.6 - https:\/\/yoast.com\/wordpress\/plugins\/seo\/ -->\n<title>Leserabe- von Ninjas, Gespenstern und Au\u00dferirdischen.<\/title>\n<meta name=\"description\" content=\"Die besten Abenteuergeschichten in einem Band! Enth\u00e4lt eine CD mit spannenden H\u00f6rb\u00fcchern zu allen drei Geschichten. Zum Anh\u00f6ren und Mitlesen! Ab 6 Jahren.\" \/>\n<meta name=\"robots\" content=\"index, follow, max-snippet:-1, max-image-preview:large, max-video-preview:-1\" \/>\n<link rel=\"canonical\" href=\"https:\/\/der-schulbedarf.shop\/produkt-des-monats\/produkt\/leserabe-sonderausgaben-die-besten-leselern-geschichten-von-ninjas-gespenstern-und-ausserirdischen\/\" \/>\n<meta property=\"og:locale\" content=\"de_DE\" \/>\n<meta property=\"og:type\" content=\"article\" \/>\n<meta property=\"og:title\" content=\"Leserabe- von Ninjas, Gespenstern und Au\u00dferirdischen.\" \/>\n<meta property=\"og:description\" content=\"Die besten Abenteuergeschichten in einem Band! Enth\u00e4lt eine CD mit spannenden H\u00f6rb\u00fcchern zu allen drei Geschichten. Zum Anh\u00f6ren und Mitlesen! Ab 6 Jahren.\" \/>\n<meta property=\"og:url\" content=\"https:\/\/der-schulbedarf.shop\/produkt-des-monats\/produkt\/leserabe-sonderausgaben-die-besten-leselern-geschichten-von-ninjas-gespenstern-und-ausserirdischen\/\" \/>\n<meta property=\"og:site_name\" content=\"der-Schulbedarf.shop\" \/>\n<meta property=\"article:modified_time\" content=\"2025-08-28T06:53:46+00:00\" \/>\n<meta property=\"og:image\" content=\"https:\/\/der-schulbedarf.shop\/wp-content\/uploads\/2023\/06\/46104-720x380-1.webp\" \/>\n\t<meta property=\"og:image:width\" content=\"720\" \/>\n\t<meta property=\"og:image:height\" content=\"380\" \/>\n\t<meta property=\"og:image:type\" content=\"image\/webp\" \/>\n<meta name=\"twitter:card\" content=\"summary_large_image\" \/>\n<meta name=\"twitter:label1\" content=\"Gesch\u00e4tzte Lesezeit\" \/>\n\t<meta name=\"twitter:data1\" content=\"2\u00a0Minuten\" \/>\n<script type=\"application\/ld+json\" class=\"yoast-schema-graph\">{\"@context\":\"https:\/\/schema.org\",\"@graph\":[{\"@type\":\"WebPage\",\"@id\":\"https:\/\/der-schulbedarf.shop\/produkt-des-monats\/produkt\/leserabe-sonderausgaben-die-besten-leselern-geschichten-von-ninjas-gespenstern-und-ausserirdischen\/\",\"url\":\"https:\/\/der-schulbedarf.shop\/produkt-des-monats\/produkt\/leserabe-sonderausgaben-die-besten-leselern-geschichten-von-ninjas-gespenstern-und-ausserirdischen\/\",\"name\":\"Leserabe- von Ninjas, Gespenstern und Au\u00dferirdischen.\",\"isPartOf\":{\"@id\":\"https:\/\/der-schulbedarf.shop\/produkt-des-monats\/#website\"},\"primaryImageOfPage\":{\"@id\":\"https:\/\/der-schulbedarf.shop\/produkt-des-monats\/produkt\/leserabe-sonderausgaben-die-besten-leselern-geschichten-von-ninjas-gespenstern-und-ausserirdischen\/#primaryimage\"},\"image\":{\"@id\":\"https:\/\/der-schulbedarf.shop\/produkt-des-monats\/produkt\/leserabe-sonderausgaben-die-besten-leselern-geschichten-von-ninjas-gespenstern-und-ausserirdischen\/#primaryimage\"},\"thumbnailUrl\":\"https:\/\/der-schulbedarf.shop\/wp-content\/uploads\/2023\/06\/46104-720x380-1.webp\",\"datePublished\":\"2023-06-13T11:43:35+00:00\",\"dateModified\":\"2025-08-28T06:53:46+00:00\",\"description\":\"Die besten Abenteuergeschichten in einem Band! Enth\u00e4lt eine CD mit spannenden H\u00f6rb\u00fcchern zu allen drei Geschichten. Zum Anh\u00f6ren und Mitlesen! Ab 6 Jahren.\",\"breadcrumb\":{\"@id\":\"https:\/\/der-schulbedarf.shop\/produkt-des-monats\/produkt\/leserabe-sonderausgaben-die-besten-leselern-geschichten-von-ninjas-gespenstern-und-ausserirdischen\/#breadcrumb\"},\"inLanguage\":\"de\",\"potentialAction\":[{\"@type\":\"ReadAction\",\"target\":[\"https:\/\/der-schulbedarf.shop\/produkt-des-monats\/produkt\/leserabe-sonderausgaben-die-besten-leselern-geschichten-von-ninjas-gespenstern-und-ausserirdischen\/\"]}]},{\"@type\":\"ImageObject\",\"inLanguage\":\"de\",\"@id\":\"https:\/\/der-schulbedarf.shop\/produkt-des-monats\/produkt\/leserabe-sonderausgaben-die-besten-leselern-geschichten-von-ninjas-gespenstern-und-ausserirdischen\/#primaryimage\",\"url\":\"https:\/\/der-schulbedarf.shop\/wp-content\/uploads\/2023\/06\/46104-720x380-1.webp\",\"contentUrl\":\"https:\/\/der-schulbedarf.shop\/wp-content\/uploads\/2023\/06\/46104-720x380-1.webp\",\"width\":720,\"height\":380},{\"@type\":\"BreadcrumbList\",\"@id\":\"https:\/\/der-schulbedarf.shop\/produkt-des-monats\/produkt\/leserabe-sonderausgaben-die-besten-leselern-geschichten-von-ninjas-gespenstern-und-ausserirdischen\/#breadcrumb\",\"itemListElement\":[{\"@type\":\"ListItem\",\"position\":1,\"name\":\"Shop\",\"item\":\"https:\/\/der-schulbedarf.shop\/produkt-des-monats\/shop\/\"},{\"@type\":\"ListItem\",\"position\":2,\"name\":\"Leserabe &#8211; Sonderausgaben: Die besten Leselern-Geschichten &#8211; von Ninjas, Gespenstern und Au\u00dferirdischen\"}]},{\"@type\":\"WebSite\",\"@id\":\"https:\/\/der-schulbedarf.shop\/produkt-des-monats\/#website\",\"url\":\"https:\/\/der-schulbedarf.shop\/produkt-des-monats\/\",\"name\":\"der-Schulbedarf.shop\",\"description\":\"\",\"publisher\":{\"@id\":\"https:\/\/der-schulbedarf.shop\/produkt-des-monats\/#organization\"},\"potentialAction\":[{\"@type\":\"SearchAction\",\"target\":{\"@type\":\"EntryPoint\",\"urlTemplate\":\"https:\/\/der-schulbedarf.shop\/produkt-des-monats\/?s={search_term_string}\"},\"query-input\":{\"@type\":\"PropertyValueSpecification\",\"valueRequired\":true,\"valueName\":\"search_term_string\"}}],\"inLanguage\":\"de\"},{\"@type\":\"Organization\",\"@id\":\"https:\/\/der-schulbedarf.shop\/produkt-des-monats\/#organization\",\"name\":\"der-Schulbedarf.shop\",\"url\":\"https:\/\/der-schulbedarf.shop\/produkt-des-monats\/\",\"logo\":{\"@type\":\"ImageObject\",\"inLanguage\":\"de\",\"@id\":\"https:\/\/der-schulbedarf.shop\/produkt-des-monats\/#\/schema\/logo\/image\/\",\"url\":\"https:\/\/der-schulbedarf.shop\/wp-content\/uploads\/2024\/02\/grafik-e1709551115899.png\",\"contentUrl\":\"https:\/\/der-schulbedarf.shop\/wp-content\/uploads\/2024\/02\/grafik-e1709551115899.png\",\"width\":80,\"height\":80,\"caption\":\"der-Schulbedarf.shop\"},\"image\":{\"@id\":\"https:\/\/der-schulbedarf.shop\/produkt-des-monats\/#\/schema\/logo\/image\/\"}}]}<\/script>\n<!-- \/ Yoast SEO plugin. -->","yoast_head_json":{"title":"Leserabe- von Ninjas, Gespenstern und Au\u00dferirdischen.","description":"Die besten Abenteuergeschichten in einem Band! Enth\u00e4lt eine CD mit spannenden H\u00f6rb\u00fcchern zu allen drei Geschichten. Zum Anh\u00f6ren und Mitlesen! Ab 6 Jahren.","robots":{"index":"index","follow":"follow","max-snippet":"max-snippet:-1","max-image-preview":"max-image-preview:large","max-video-preview":"max-video-preview:-1"},"canonical":"https:\/\/der-schulbedarf.shop\/produkt-des-monats\/produkt\/leserabe-sonderausgaben-die-besten-leselern-geschichten-von-ninjas-gespenstern-und-ausserirdischen\/","og_locale":"de_DE","og_type":"article","og_title":"Leserabe- von Ninjas, Gespenstern und Au\u00dferirdischen.","og_description":"Die besten Abenteuergeschichten in einem Band! Enth\u00e4lt eine CD mit spannenden H\u00f6rb\u00fcchern zu allen drei Geschichten. Zum Anh\u00f6ren und Mitlesen! Ab 6 Jahren.","og_url":"https:\/\/der-schulbedarf.shop\/produkt-des-monats\/produkt\/leserabe-sonderausgaben-die-besten-leselern-geschichten-von-ninjas-gespenstern-und-ausserirdischen\/","og_site_name":"der-Schulbedarf.shop","article_modified_time":"2025-08-28T06:53:46+00:00","og_image":[{"width":720,"height":380,"url":"https:\/\/der-schulbedarf.shop\/wp-content\/uploads\/2023\/06\/46104-720x380-1.webp","type":"image\/webp"}],"twitter_card":"summary_large_image","twitter_misc":{"Gesch\u00e4tzte Lesezeit":"2\u00a0Minuten"},"schema":{"@context":"https:\/\/schema.org","@graph":[{"@type":"WebPage","@id":"https:\/\/der-schulbedarf.shop\/produkt-des-monats\/produkt\/leserabe-sonderausgaben-die-besten-leselern-geschichten-von-ninjas-gespenstern-und-ausserirdischen\/","url":"https:\/\/der-schulbedarf.shop\/produkt-des-monats\/produkt\/leserabe-sonderausgaben-die-besten-leselern-geschichten-von-ninjas-gespenstern-und-ausserirdischen\/","name":"Leserabe- von Ninjas, Gespenstern und Au\u00dferirdischen.","isPartOf":{"@id":"https:\/\/der-schulbedarf.shop\/produkt-des-monats\/#website"},"primaryImageOfPage":{"@id":"https:\/\/der-schulbedarf.shop\/produkt-des-monats\/produkt\/leserabe-sonderausgaben-die-besten-leselern-geschichten-von-ninjas-gespenstern-und-ausserirdischen\/#primaryimage"},"image":{"@id":"https:\/\/der-schulbedarf.shop\/produkt-des-monats\/produkt\/leserabe-sonderausgaben-die-besten-leselern-geschichten-von-ninjas-gespenstern-und-ausserirdischen\/#primaryimage"},"thumbnailUrl":"https:\/\/der-schulbedarf.shop\/wp-content\/uploads\/2023\/06\/46104-720x380-1.webp","datePublished":"2023-06-13T11:43:35+00:00","dateModified":"2025-08-28T06:53:46+00:00","description":"Die besten Abenteuergeschichten in einem Band! Enth\u00e4lt eine CD mit spannenden H\u00f6rb\u00fcchern zu allen drei Geschichten. Zum Anh\u00f6ren und Mitlesen! Ab 6 Jahren.","breadcrumb":{"@id":"https:\/\/der-schulbedarf.shop\/produkt-des-monats\/produkt\/leserabe-sonderausgaben-die-besten-leselern-geschichten-von-ninjas-gespenstern-und-ausserirdischen\/#breadcrumb"},"inLanguage":"de","potentialAction":[{"@type":"ReadAction","target":["https:\/\/der-schulbedarf.shop\/produkt-des-monats\/produkt\/leserabe-sonderausgaben-die-besten-leselern-geschichten-von-ninjas-gespenstern-und-ausserirdischen\/"]}]},{"@type":"ImageObject","inLanguage":"de","@id":"https:\/\/der-schulbedarf.shop\/produkt-des-monats\/produkt\/leserabe-sonderausgaben-die-besten-leselern-geschichten-von-ninjas-gespenstern-und-ausserirdischen\/#primaryimage","url":"https:\/\/der-schulbedarf.shop\/wp-content\/uploads\/2023\/06\/46104-720x380-1.webp","contentUrl":"https:\/\/der-schulbedarf.shop\/wp-content\/uploads\/2023\/06\/46104-720x380-1.webp","width":720,"height":380},{"@type":"BreadcrumbList","@id":"https:\/\/der-schulbedarf.shop\/produkt-des-monats\/produkt\/leserabe-sonderausgaben-die-besten-leselern-geschichten-von-ninjas-gespenstern-und-ausserirdischen\/#breadcrumb","itemListElement":[{"@type":"ListItem","position":1,"name":"Shop","item":"https:\/\/der-schulbedarf.shop\/produkt-des-monats\/shop\/"},{"@type":"ListItem","position":2,"name":"Leserabe &#8211; Sonderausgaben: Die besten Leselern-Geschichten &#8211; von Ninjas, Gespenstern und Au\u00dferirdischen"}]},{"@type":"WebSite","@id":"https:\/\/der-schulbedarf.shop\/produkt-des-monats\/#website","url":"https:\/\/der-schulbedarf.shop\/produkt-des-monats\/","name":"der-Schulbedarf.shop","description":"","publisher":{"@id":"https:\/\/der-schulbedarf.shop\/produkt-des-monats\/#organization"},"potentialAction":[{"@type":"SearchAction","target":{"@type":"EntryPoint","urlTemplate":"https:\/\/der-schulbedarf.shop\/produkt-des-monats\/?s={search_term_string}"},"query-input":{"@type":"PropertyValueSpecification","valueRequired":true,"valueName":"search_term_string"}}],"inLanguage":"de"},{"@type":"Organization","@id":"https:\/\/der-schulbedarf.shop\/produkt-des-monats\/#organization","name":"der-Schulbedarf.shop","url":"https:\/\/der-schulbedarf.shop\/produkt-des-monats\/","logo":{"@type":"ImageObject","inLanguage":"de","@id":"https:\/\/der-schulbedarf.shop\/produkt-des-monats\/#\/schema\/logo\/image\/","url":"https:\/\/der-schulbedarf.shop\/wp-content\/uploads\/2024\/02\/grafik-e1709551115899.png","contentUrl":"https:\/\/der-schulbedarf.shop\/wp-content\/uploads\/2024\/02\/grafik-e1709551115899.png","width":80,"height":80,"caption":"der-Schulbedarf.shop"},"image":{"@id":"https:\/\/der-schulbedarf.shop\/produkt-des-monats\/#\/schema\/logo\/image\/"}}]}},"_links":{"self":[{"href":"https:\/\/der-schulbedarf.shop\/produkt-des-monats\/wp-json\/wp\/v2\/product\/1353","targetHints":{"allow":["GET"]}}],"collection":[{"href":"https:\/\/der-schulbedarf.shop\/produkt-des-monats\/wp-json\/wp\/v2\/product"}],"about":[{"href":"https:\/\/der-schulbedarf.shop\/produkt-des-monats\/wp-json\/wp\/v2\/types\/product"}],"replies":[{"embeddable":true,"href":"https:\/\/der-schulbedarf.shop\/produkt-des-monats\/wp-json\/wp\/v2\/comments?post=1353"}],"wp:featuredmedia":[{"embeddable":true,"href":"https:\/\/der-schulbedarf.shop\/produkt-des-monats\/wp-json\/wp\/v2\/media\/2289"}],"wp:attachment":[{"href":"https:\/\/der-schulbedarf.shop\/produkt-des-monats\/wp-json\/wp\/v2\/media?parent=1353"}],"wp:term":[{"taxonomy":"product_cat","embeddable":true,"href":"https:\/\/der-schulbedarf.shop\/produkt-des-monats\/wp-json\/wp\/v2\/product_cat?post=1353"},{"taxonomy":"product_tag","embeddable":true,"href":"https:\/\/der-schulbedarf.shop\/produkt-des-monats\/wp-json\/wp\/v2\/product_tag?post=1353"}],"curies":[{"name":"wp","href":"https:\/\/api.w.org\/{rel}","templated":true}]}}