{"id":2066,"date":"2023-06-12T22:44:34","date_gmt":"2023-06-12T22:44:34","guid":{"rendered":"https:\/\/der-schulbedarf.Shop\/?post_type=product&#038;p=2066"},"modified":"2024-11-27T11:38:18","modified_gmt":"2024-11-27T11:38:18","slug":"dreamworks-spirit-wild-und-frei-wo-sind-die-pferde-fuer-erstleser","status":"publish","type":"product","link":"https:\/\/der-schulbedarf.shop\/produkt-des-monats\/produkt\/dreamworks-spirit-wild-und-frei-wo-sind-die-pferde-fuer-erstleser\/","title":{"rendered":"Dreamworks Spirit Wild und Frei: Wo sind die Pferde? &#8211; F\u00fcr Erstleser"},"content":{"rendered":"<p>Pferdefans aufgepasst! Auf Lucky und Spirit wartet ein gro\u00dfes Abenteuer:<\/p>\n<p>Pru ben\u00f6tigt die Hilfe ihrer Freunde. W\u00e4hrend ihr Vater verreist ist, sind drei Stuten aus dem Stall ausgeb\u00fcxt. Ausgerechnet die, die Prus Vater verkaufen m\u00f6chte. Nat\u00fcrlich sind Lucky und ihr Wildpferd Spirit sofort zur Stelle. Sie versuchen, die Pferde wieder einzufangen. W\u00e4re da nur nicht ein ungeduldiger K\u00e4ufer, der die Tiere sofort sehen m\u00f6chte! Werden sie es schaffen, die Pferde rechtzeitig zur\u00fcckzubringen?<\/p>\n<p>Dieses Abenteuer ist kindgerecht aufbereitet f\u00fcr alle Pferdefans ab 7 Jahren. Der Text wird von vielen Bildern aus der TV-Serie \u201eSpirit wild und frei\u201c begleitet.<\/p>\n<p>Spirit\u00a0jetzt auch als Erstleser\u00a0f\u00fcr alle Pferdefans ab 7 Jahren!Prus Vater\u00a0m\u00f6chte drei wundersch\u00f6ne Stuten verkaufen. Als er einen Tag auf Reisen ist,soll Pru sich um die Pferde k\u00fcmmern. Doch die Stuten sind nicht nur h\u00fcbsch, sondern leider auch\u00a0sehr frech. Sie b\u00fcxen aus dem Stall aus. Zu allem \u00dcberfluss steht gerade jetzt ein interessierter K\u00e4ufer vor der T\u00fcr! Die M\u00e4dchen m\u00fcssen sich etwas einfallen lassen. Pru und Lucky versuchen mithilfe von Spirit, die Pferde einzufangen. Abigail f\u00fchrt den K\u00e4ufer durch ihre sch\u00f6ne Stadt.\u00a0K\u00f6nnen die M\u00e4dchen die Pferde einfangen, bevor\u00a0der K\u00e4ufer ver\u00e4rgert wegf\u00e4hrt und Prus Vater zur\u00fcckkommt?\u00a0Mit kindgerechtem\u00a0Text und vielen Bildern aus der Serie, die die Geschichte lebendig werden lassen!<\/p>\n","protected":false},"excerpt":{"rendered":"<p>Pferdefans aufgepasst! Auf Lucky und Spirit wartet ein gro\u00dfes Abenteuer:<\/p>\n<p>Pru ben\u00f6tigt die Hilfe ihrer Freunde. W\u00e4hrend ihr Vater verreist ist, sind drei Stuten aus dem Stall ausgeb\u00fcxt. Ausgerechnet die, die Prus Vater verkaufen m\u00f6chte. Nat\u00fcrlich sind Lucky und ihr Wildpferd Spirit sofort zur Stelle. Sie versuchen, die Pferde wieder einzufangen. W\u00e4re da nur nicht ein ungeduldiger K\u00e4ufer, der die Tiere sofort sehen m\u00f6chte! Werden sie es schaffen, die Pferde rechtzeitig zur\u00fcckzubringen?<\/p>\n<p>Dieses Abenteuer ist kindgerecht aufbereitet f\u00fcr alle Pferdefans ab 7 Jahren. Der Text wird von vielen Bildern aus der TV-Serie \u201eSpirit wild und frei\u201c begleitet.<\/p>\n","protected":false},"featured_media":2894,"comment_status":"open","ping_status":"closed","template":"","meta":[],"product_cat":[224,944,225],"product_tag":[111,107,200,196,195,115,114,113,181],"class_list":{"0":"post-2066","1":"product","2":"type-product","3":"status-publish","4":"has-post-thumbnail","6":"product_cat-kinderbuecher","7":"product_cat-produktzufuehrung-geizhal","8":"product_cat-ravensburger-kinderbuecher","9":"product_tag-beschaeftigung","10":"product_tag-beschaeftigung-kinder","11":"product_tag-buch","12":"product_tag-erstlesebuch","13":"product_tag-erstleser","14":"product_tag-fuer-jungen","15":"product_tag-fuer-maedchen","16":"product_tag-geschenk","17":"product_tag-kinderbuecher","18":"post","19":"post-with-thumbnail","20":"post-with-thumbnail-large","22":"first","23":"instock","24":"taxable","25":"shipping-taxable","26":"purchasable","27":"product-type-simple"},"yoast_head":"<!-- This site is optimized with the Yoast SEO plugin v26.6 - https:\/\/yoast.com\/wordpress\/plugins\/seo\/ -->\n<title>Dreamworks Spirit Wild und Frei: Wo sind die Pferde? - F\u00fcr Erstleser - der-Schulbedarf.shop<\/title>\n<meta name=\"robots\" content=\"index, follow, max-snippet:-1, max-image-preview:large, max-video-preview:-1\" \/>\n<link rel=\"canonical\" href=\"https:\/\/der-schulbedarf.shop\/produkt-des-monats\/produkt\/dreamworks-spirit-wild-und-frei-wo-sind-die-pferde-fuer-erstleser\/\" \/>\n<meta property=\"og:locale\" content=\"de_DE\" \/>\n<meta property=\"og:type\" content=\"article\" \/>\n<meta property=\"og:title\" content=\"Dreamworks Spirit Wild und Frei: Wo sind die Pferde? - F\u00fcr Erstleser - der-Schulbedarf.shop\" \/>\n<meta property=\"og:description\" content=\"Pferdefans aufgepasst! Auf Lucky und Spirit wartet ein gro\u00dfes Abenteuer:  Pru ben\u00f6tigt die Hilfe ihrer Freunde. W\u00e4hrend ihr Vater verreist ist, sind drei Stuten aus dem Stall ausgeb\u00fcxt. Ausgerechnet die, die Prus Vater verkaufen m\u00f6chte. Nat\u00fcrlich sind Lucky und ihr Wildpferd Spirit sofort zur Stelle. Sie versuchen, die Pferde wieder einzufangen. W\u00e4re da nur nicht ein ungeduldiger K\u00e4ufer, der die Tiere sofort sehen m\u00f6chte! Werden sie es schaffen, die Pferde rechtzeitig zur\u00fcckzubringen?  Dieses Abenteuer ist kindgerecht aufbereitet f\u00fcr alle Pferdefans ab 7 Jahren. Der Text wird von vielen Bildern aus der TV-Serie \u201eSpirit wild und frei\u201c begleitet.\" \/>\n<meta property=\"og:url\" content=\"https:\/\/der-schulbedarf.shop\/produkt-des-monats\/produkt\/dreamworks-spirit-wild-und-frei-wo-sind-die-pferde-fuer-erstleser\/\" \/>\n<meta property=\"og:site_name\" content=\"der-Schulbedarf.shop\" \/>\n<meta property=\"article:modified_time\" content=\"2024-11-27T11:38:18+00:00\" \/>\n<meta property=\"og:image\" content=\"https:\/\/der-schulbedarf.shop\/wp-content\/uploads\/2023\/06\/49171-720x380-1.webp\" \/>\n\t<meta property=\"og:image:width\" content=\"720\" \/>\n\t<meta property=\"og:image:height\" content=\"380\" \/>\n\t<meta property=\"og:image:type\" content=\"image\/webp\" \/>\n<meta name=\"twitter:card\" content=\"summary_large_image\" \/>\n<meta name=\"twitter:label1\" content=\"Gesch\u00e4tzte Lesezeit\" \/>\n\t<meta name=\"twitter:data1\" content=\"2\u00a0Minuten\" \/>\n<script type=\"application\/ld+json\" class=\"yoast-schema-graph\">{\"@context\":\"https:\/\/schema.org\",\"@graph\":[{\"@type\":\"WebPage\",\"@id\":\"https:\/\/der-schulbedarf.shop\/produkt-des-monats\/produkt\/dreamworks-spirit-wild-und-frei-wo-sind-die-pferde-fuer-erstleser\/\",\"url\":\"https:\/\/der-schulbedarf.shop\/produkt-des-monats\/produkt\/dreamworks-spirit-wild-und-frei-wo-sind-die-pferde-fuer-erstleser\/\",\"name\":\"Dreamworks Spirit Wild und Frei: Wo sind die Pferde? - F\u00fcr Erstleser - der-Schulbedarf.shop\",\"isPartOf\":{\"@id\":\"https:\/\/der-schulbedarf.shop\/produkt-des-monats\/#website\"},\"primaryImageOfPage\":{\"@id\":\"https:\/\/der-schulbedarf.shop\/produkt-des-monats\/produkt\/dreamworks-spirit-wild-und-frei-wo-sind-die-pferde-fuer-erstleser\/#primaryimage\"},\"image\":{\"@id\":\"https:\/\/der-schulbedarf.shop\/produkt-des-monats\/produkt\/dreamworks-spirit-wild-und-frei-wo-sind-die-pferde-fuer-erstleser\/#primaryimage\"},\"thumbnailUrl\":\"https:\/\/der-schulbedarf.shop\/wp-content\/uploads\/2023\/06\/49171-720x380-1.webp\",\"datePublished\":\"2023-06-12T22:44:34+00:00\",\"dateModified\":\"2024-11-27T11:38:18+00:00\",\"breadcrumb\":{\"@id\":\"https:\/\/der-schulbedarf.shop\/produkt-des-monats\/produkt\/dreamworks-spirit-wild-und-frei-wo-sind-die-pferde-fuer-erstleser\/#breadcrumb\"},\"inLanguage\":\"de\",\"potentialAction\":[{\"@type\":\"ReadAction\",\"target\":[\"https:\/\/der-schulbedarf.shop\/produkt-des-monats\/produkt\/dreamworks-spirit-wild-und-frei-wo-sind-die-pferde-fuer-erstleser\/\"]}]},{\"@type\":\"ImageObject\",\"inLanguage\":\"de\",\"@id\":\"https:\/\/der-schulbedarf.shop\/produkt-des-monats\/produkt\/dreamworks-spirit-wild-und-frei-wo-sind-die-pferde-fuer-erstleser\/#primaryimage\",\"url\":\"https:\/\/der-schulbedarf.shop\/wp-content\/uploads\/2023\/06\/49171-720x380-1.webp\",\"contentUrl\":\"https:\/\/der-schulbedarf.shop\/wp-content\/uploads\/2023\/06\/49171-720x380-1.webp\",\"width\":720,\"height\":380},{\"@type\":\"BreadcrumbList\",\"@id\":\"https:\/\/der-schulbedarf.shop\/produkt-des-monats\/produkt\/dreamworks-spirit-wild-und-frei-wo-sind-die-pferde-fuer-erstleser\/#breadcrumb\",\"itemListElement\":[{\"@type\":\"ListItem\",\"position\":1,\"name\":\"Shop\",\"item\":\"https:\/\/der-schulbedarf.shop\/produkt-des-monats\/shop\/\"},{\"@type\":\"ListItem\",\"position\":2,\"name\":\"Dreamworks Spirit Wild und Frei: Wo sind die Pferde? &#8211; F\u00fcr Erstleser\"}]},{\"@type\":\"WebSite\",\"@id\":\"https:\/\/der-schulbedarf.shop\/produkt-des-monats\/#website\",\"url\":\"https:\/\/der-schulbedarf.shop\/produkt-des-monats\/\",\"name\":\"der-Schulbedarf.shop\",\"description\":\"\",\"publisher\":{\"@id\":\"https:\/\/der-schulbedarf.shop\/produkt-des-monats\/#organization\"},\"potentialAction\":[{\"@type\":\"SearchAction\",\"target\":{\"@type\":\"EntryPoint\",\"urlTemplate\":\"https:\/\/der-schulbedarf.shop\/produkt-des-monats\/?s={search_term_string}\"},\"query-input\":{\"@type\":\"PropertyValueSpecification\",\"valueRequired\":true,\"valueName\":\"search_term_string\"}}],\"inLanguage\":\"de\"},{\"@type\":\"Organization\",\"@id\":\"https:\/\/der-schulbedarf.shop\/produkt-des-monats\/#organization\",\"name\":\"der-Schulbedarf.shop\",\"url\":\"https:\/\/der-schulbedarf.shop\/produkt-des-monats\/\",\"logo\":{\"@type\":\"ImageObject\",\"inLanguage\":\"de\",\"@id\":\"https:\/\/der-schulbedarf.shop\/produkt-des-monats\/#\/schema\/logo\/image\/\",\"url\":\"https:\/\/der-schulbedarf.shop\/wp-content\/uploads\/2024\/02\/grafik-e1709551115899.png\",\"contentUrl\":\"https:\/\/der-schulbedarf.shop\/wp-content\/uploads\/2024\/02\/grafik-e1709551115899.png\",\"width\":80,\"height\":80,\"caption\":\"der-Schulbedarf.shop\"},\"image\":{\"@id\":\"https:\/\/der-schulbedarf.shop\/produkt-des-monats\/#\/schema\/logo\/image\/\"}}]}<\/script>\n<!-- \/ Yoast SEO plugin. -->","yoast_head_json":{"title":"Dreamworks Spirit Wild und Frei: Wo sind die Pferde? - F\u00fcr Erstleser - der-Schulbedarf.shop","robots":{"index":"index","follow":"follow","max-snippet":"max-snippet:-1","max-image-preview":"max-image-preview:large","max-video-preview":"max-video-preview:-1"},"canonical":"https:\/\/der-schulbedarf.shop\/produkt-des-monats\/produkt\/dreamworks-spirit-wild-und-frei-wo-sind-die-pferde-fuer-erstleser\/","og_locale":"de_DE","og_type":"article","og_title":"Dreamworks Spirit Wild und Frei: Wo sind die Pferde? - F\u00fcr Erstleser - der-Schulbedarf.shop","og_description":"Pferdefans aufgepasst! Auf Lucky und Spirit wartet ein gro\u00dfes Abenteuer:  Pru ben\u00f6tigt die Hilfe ihrer Freunde. W\u00e4hrend ihr Vater verreist ist, sind drei Stuten aus dem Stall ausgeb\u00fcxt. Ausgerechnet die, die Prus Vater verkaufen m\u00f6chte. Nat\u00fcrlich sind Lucky und ihr Wildpferd Spirit sofort zur Stelle. Sie versuchen, die Pferde wieder einzufangen. W\u00e4re da nur nicht ein ungeduldiger K\u00e4ufer, der die Tiere sofort sehen m\u00f6chte! Werden sie es schaffen, die Pferde rechtzeitig zur\u00fcckzubringen?  Dieses Abenteuer ist kindgerecht aufbereitet f\u00fcr alle Pferdefans ab 7 Jahren. Der Text wird von vielen Bildern aus der TV-Serie \u201eSpirit wild und frei\u201c begleitet.","og_url":"https:\/\/der-schulbedarf.shop\/produkt-des-monats\/produkt\/dreamworks-spirit-wild-und-frei-wo-sind-die-pferde-fuer-erstleser\/","og_site_name":"der-Schulbedarf.shop","article_modified_time":"2024-11-27T11:38:18+00:00","og_image":[{"width":720,"height":380,"url":"https:\/\/der-schulbedarf.shop\/wp-content\/uploads\/2023\/06\/49171-720x380-1.webp","type":"image\/webp"}],"twitter_card":"summary_large_image","twitter_misc":{"Gesch\u00e4tzte Lesezeit":"2\u00a0Minuten"},"schema":{"@context":"https:\/\/schema.org","@graph":[{"@type":"WebPage","@id":"https:\/\/der-schulbedarf.shop\/produkt-des-monats\/produkt\/dreamworks-spirit-wild-und-frei-wo-sind-die-pferde-fuer-erstleser\/","url":"https:\/\/der-schulbedarf.shop\/produkt-des-monats\/produkt\/dreamworks-spirit-wild-und-frei-wo-sind-die-pferde-fuer-erstleser\/","name":"Dreamworks Spirit Wild und Frei: Wo sind die Pferde? - F\u00fcr Erstleser - der-Schulbedarf.shop","isPartOf":{"@id":"https:\/\/der-schulbedarf.shop\/produkt-des-monats\/#website"},"primaryImageOfPage":{"@id":"https:\/\/der-schulbedarf.shop\/produkt-des-monats\/produkt\/dreamworks-spirit-wild-und-frei-wo-sind-die-pferde-fuer-erstleser\/#primaryimage"},"image":{"@id":"https:\/\/der-schulbedarf.shop\/produkt-des-monats\/produkt\/dreamworks-spirit-wild-und-frei-wo-sind-die-pferde-fuer-erstleser\/#primaryimage"},"thumbnailUrl":"https:\/\/der-schulbedarf.shop\/wp-content\/uploads\/2023\/06\/49171-720x380-1.webp","datePublished":"2023-06-12T22:44:34+00:00","dateModified":"2024-11-27T11:38:18+00:00","breadcrumb":{"@id":"https:\/\/der-schulbedarf.shop\/produkt-des-monats\/produkt\/dreamworks-spirit-wild-und-frei-wo-sind-die-pferde-fuer-erstleser\/#breadcrumb"},"inLanguage":"de","potentialAction":[{"@type":"ReadAction","target":["https:\/\/der-schulbedarf.shop\/produkt-des-monats\/produkt\/dreamworks-spirit-wild-und-frei-wo-sind-die-pferde-fuer-erstleser\/"]}]},{"@type":"ImageObject","inLanguage":"de","@id":"https:\/\/der-schulbedarf.shop\/produkt-des-monats\/produkt\/dreamworks-spirit-wild-und-frei-wo-sind-die-pferde-fuer-erstleser\/#primaryimage","url":"https:\/\/der-schulbedarf.shop\/wp-content\/uploads\/2023\/06\/49171-720x380-1.webp","contentUrl":"https:\/\/der-schulbedarf.shop\/wp-content\/uploads\/2023\/06\/49171-720x380-1.webp","width":720,"height":380},{"@type":"BreadcrumbList","@id":"https:\/\/der-schulbedarf.shop\/produkt-des-monats\/produkt\/dreamworks-spirit-wild-und-frei-wo-sind-die-pferde-fuer-erstleser\/#breadcrumb","itemListElement":[{"@type":"ListItem","position":1,"name":"Shop","item":"https:\/\/der-schulbedarf.shop\/produkt-des-monats\/shop\/"},{"@type":"ListItem","position":2,"name":"Dreamworks Spirit Wild und Frei: Wo sind die Pferde? &#8211; F\u00fcr Erstleser"}]},{"@type":"WebSite","@id":"https:\/\/der-schulbedarf.shop\/produkt-des-monats\/#website","url":"https:\/\/der-schulbedarf.shop\/produkt-des-monats\/","name":"der-Schulbedarf.shop","description":"","publisher":{"@id":"https:\/\/der-schulbedarf.shop\/produkt-des-monats\/#organization"},"potentialAction":[{"@type":"SearchAction","target":{"@type":"EntryPoint","urlTemplate":"https:\/\/der-schulbedarf.shop\/produkt-des-monats\/?s={search_term_string}"},"query-input":{"@type":"PropertyValueSpecification","valueRequired":true,"valueName":"search_term_string"}}],"inLanguage":"de"},{"@type":"Organization","@id":"https:\/\/der-schulbedarf.shop\/produkt-des-monats\/#organization","name":"der-Schulbedarf.shop","url":"https:\/\/der-schulbedarf.shop\/produkt-des-monats\/","logo":{"@type":"ImageObject","inLanguage":"de","@id":"https:\/\/der-schulbedarf.shop\/produkt-des-monats\/#\/schema\/logo\/image\/","url":"https:\/\/der-schulbedarf.shop\/wp-content\/uploads\/2024\/02\/grafik-e1709551115899.png","contentUrl":"https:\/\/der-schulbedarf.shop\/wp-content\/uploads\/2024\/02\/grafik-e1709551115899.png","width":80,"height":80,"caption":"der-Schulbedarf.shop"},"image":{"@id":"https:\/\/der-schulbedarf.shop\/produkt-des-monats\/#\/schema\/logo\/image\/"}}]}},"_links":{"self":[{"href":"https:\/\/der-schulbedarf.shop\/produkt-des-monats\/wp-json\/wp\/v2\/product\/2066","targetHints":{"allow":["GET"]}}],"collection":[{"href":"https:\/\/der-schulbedarf.shop\/produkt-des-monats\/wp-json\/wp\/v2\/product"}],"about":[{"href":"https:\/\/der-schulbedarf.shop\/produkt-des-monats\/wp-json\/wp\/v2\/types\/product"}],"replies":[{"embeddable":true,"href":"https:\/\/der-schulbedarf.shop\/produkt-des-monats\/wp-json\/wp\/v2\/comments?post=2066"}],"wp:featuredmedia":[{"embeddable":true,"href":"https:\/\/der-schulbedarf.shop\/produkt-des-monats\/wp-json\/wp\/v2\/media\/2894"}],"wp:attachment":[{"href":"https:\/\/der-schulbedarf.shop\/produkt-des-monats\/wp-json\/wp\/v2\/media?parent=2066"}],"wp:term":[{"taxonomy":"product_cat","embeddable":true,"href":"https:\/\/der-schulbedarf.shop\/produkt-des-monats\/wp-json\/wp\/v2\/product_cat?post=2066"},{"taxonomy":"product_tag","embeddable":true,"href":"https:\/\/der-schulbedarf.shop\/produkt-des-monats\/wp-json\/wp\/v2\/product_tag?post=2066"}],"curies":[{"name":"wp","href":"https:\/\/api.w.org\/{rel}","templated":true}]}}