{"id":2076,"date":"2023-06-12T22:58:52","date_gmt":"2023-06-12T22:58:52","guid":{"rendered":"https:\/\/der-schulbedarf.Shop\/?post_type=product&#038;p=2076"},"modified":"2024-11-27T11:22:55","modified_gmt":"2024-11-27T11:22:55","slug":"erstleser-leichter-lesen-disney-raya-und-der-letzte-drache-eine-lange-suche","status":"publish","type":"product","link":"https:\/\/der-schulbedarf.shop\/produkt-des-monats\/produkt\/erstleser-leichter-lesen-disney-raya-und-der-letzte-drache-eine-lange-suche\/","title":{"rendered":"Erstleser &#8211; leichter lesen: Disney Raya und der letzte Drache: Eine lange Suche"},"content":{"rendered":"<p>Auf der Suche nach dem letzten Drachen: So cool und leicht kann Lesen sein!<\/p>\n<p>Einst opferten sich die Drachen, um die Menschheit vor einer dunklen Gefahr namens Druun zu besch\u00fctzen. Seitdem ist im Land Kumandra nichts mehr, wie es einmal war. Die verschiedenen V\u00f6lker misstrauen sich. Und pl\u00f6tzlich kehrt Druun wieder zur\u00fcck. Die mutige Raya und ihr Freund Tuk Tuk m\u00fcssen den letzten Drachen finden. Nur er kann sie alle noch retten. Eine lange und abenteuerliche Suche beginnt. Werden sie es rechtzeitig schaffen?<\/p>\n<p>Mit spannenden Themen und coolen Illustrationen macht die Reihe \u201eleichter lesen&#8220; Kindern der 3. und 4. Klasse den Einstieg ins Lesen leicht. Aus einfachen W\u00f6rtern und S\u00e4tzen entstehen packende Geschichten. Die kurzen Texte in Einfacher Sprache bieten einen schnellen \u00dcberblick und erm\u00f6glichen auch Kindern mit geringeren Lesef\u00e4higkeiten oder Deutschkenntnissen schnelle Erfolgserlebnisse. Viele Illustrationen sorgen dabei f\u00fcr abwechslungsreichen Lesespa\u00df.<\/p>\n","protected":false},"excerpt":{"rendered":"<p>Auf der Suche nach dem letzten Drachen: So cool und leicht kann Lesen sein!<\/p>\n<p>Einst opferten sich die Drachen, um die Menschheit vor einer dunklen Gefahr namens Druun zu besch\u00fctzen. Seitdem ist im Land Kumandra nichts mehr, wie es einmal war. Die verschiedenen V\u00f6lker misstrauen sich. Und pl\u00f6tzlich kehrt Druun wieder zur\u00fcck. Die mutige Raya und ihr Freund Tuk Tuk m\u00fcssen den letzten Drachen finden. Nur er kann sie alle noch retten. Eine lange und abenteuerliche Suche beginnt. Werden sie es rechtzeitig schaffen?<\/p>\n","protected":false},"featured_media":2886,"comment_status":"open","ping_status":"closed","template":"","meta":[],"product_cat":[224,944,225],"product_tag":[111,107,200,201,115,114,113,112],"class_list":{"0":"post-2076","1":"product","2":"type-product","3":"status-publish","4":"has-post-thumbnail","6":"product_cat-kinderbuecher","7":"product_cat-produktzufuehrung-geizhal","8":"product_cat-ravensburger-kinderbuecher","9":"product_tag-beschaeftigung","10":"product_tag-beschaeftigung-kinder","11":"product_tag-buch","12":"product_tag-buecher","13":"product_tag-fuer-jungen","14":"product_tag-fuer-maedchen","15":"product_tag-geschenk","16":"product_tag-geschenkidee","17":"post","18":"post-with-thumbnail","19":"post-with-thumbnail-large","21":"first","22":"instock","23":"taxable","24":"shipping-taxable","25":"purchasable","26":"product-type-simple"},"yoast_head":"<!-- This site is optimized with the Yoast SEO plugin v26.6 - https:\/\/yoast.com\/wordpress\/plugins\/seo\/ -->\n<title>Erstleser - leichter lesen: Disney Raya und der letzte Drache: Eine lange Suche - der-Schulbedarf.shop<\/title>\n<meta name=\"robots\" content=\"index, follow, max-snippet:-1, max-image-preview:large, max-video-preview:-1\" \/>\n<link rel=\"canonical\" href=\"https:\/\/der-schulbedarf.shop\/produkt-des-monats\/produkt\/erstleser-leichter-lesen-disney-raya-und-der-letzte-drache-eine-lange-suche\/\" \/>\n<meta property=\"og:locale\" content=\"de_DE\" \/>\n<meta property=\"og:type\" content=\"article\" \/>\n<meta property=\"og:title\" content=\"Erstleser - leichter lesen: Disney Raya und der letzte Drache: Eine lange Suche - der-Schulbedarf.shop\" \/>\n<meta property=\"og:description\" content=\"Auf der Suche nach dem letzten Drachen: So cool und leicht kann Lesen sein!  Einst opferten sich die Drachen, um die Menschheit vor einer dunklen Gefahr namens Druun zu besch\u00fctzen. Seitdem ist im Land Kumandra nichts mehr, wie es einmal war. Die verschiedenen V\u00f6lker misstrauen sich. Und pl\u00f6tzlich kehrt Druun wieder zur\u00fcck. Die mutige Raya und ihr Freund Tuk Tuk m\u00fcssen den letzten Drachen finden. Nur er kann sie alle noch retten. Eine lange und abenteuerliche Suche beginnt. Werden sie es rechtzeitig schaffen?\" \/>\n<meta property=\"og:url\" content=\"https:\/\/der-schulbedarf.shop\/produkt-des-monats\/produkt\/erstleser-leichter-lesen-disney-raya-und-der-letzte-drache-eine-lange-suche\/\" \/>\n<meta property=\"og:site_name\" content=\"der-Schulbedarf.shop\" \/>\n<meta property=\"article:modified_time\" content=\"2024-11-27T11:22:55+00:00\" \/>\n<meta property=\"og:image\" content=\"https:\/\/der-schulbedarf.shop\/wp-content\/uploads\/2023\/06\/49672-720x380-1.webp\" \/>\n\t<meta property=\"og:image:width\" content=\"720\" \/>\n\t<meta property=\"og:image:height\" content=\"380\" \/>\n\t<meta property=\"og:image:type\" content=\"image\/webp\" \/>\n<meta name=\"twitter:card\" content=\"summary_large_image\" \/>\n<meta name=\"twitter:label1\" content=\"Gesch\u00e4tzte Lesezeit\" \/>\n\t<meta name=\"twitter:data1\" content=\"1\u00a0Minute\" \/>\n<script type=\"application\/ld+json\" class=\"yoast-schema-graph\">{\"@context\":\"https:\/\/schema.org\",\"@graph\":[{\"@type\":\"WebPage\",\"@id\":\"https:\/\/der-schulbedarf.shop\/produkt-des-monats\/produkt\/erstleser-leichter-lesen-disney-raya-und-der-letzte-drache-eine-lange-suche\/\",\"url\":\"https:\/\/der-schulbedarf.shop\/produkt-des-monats\/produkt\/erstleser-leichter-lesen-disney-raya-und-der-letzte-drache-eine-lange-suche\/\",\"name\":\"Erstleser - leichter lesen: Disney Raya und der letzte Drache: Eine lange Suche - der-Schulbedarf.shop\",\"isPartOf\":{\"@id\":\"https:\/\/der-schulbedarf.shop\/produkt-des-monats\/#website\"},\"primaryImageOfPage\":{\"@id\":\"https:\/\/der-schulbedarf.shop\/produkt-des-monats\/produkt\/erstleser-leichter-lesen-disney-raya-und-der-letzte-drache-eine-lange-suche\/#primaryimage\"},\"image\":{\"@id\":\"https:\/\/der-schulbedarf.shop\/produkt-des-monats\/produkt\/erstleser-leichter-lesen-disney-raya-und-der-letzte-drache-eine-lange-suche\/#primaryimage\"},\"thumbnailUrl\":\"https:\/\/der-schulbedarf.shop\/wp-content\/uploads\/2023\/06\/49672-720x380-1.webp\",\"datePublished\":\"2023-06-12T22:58:52+00:00\",\"dateModified\":\"2024-11-27T11:22:55+00:00\",\"breadcrumb\":{\"@id\":\"https:\/\/der-schulbedarf.shop\/produkt-des-monats\/produkt\/erstleser-leichter-lesen-disney-raya-und-der-letzte-drache-eine-lange-suche\/#breadcrumb\"},\"inLanguage\":\"de\",\"potentialAction\":[{\"@type\":\"ReadAction\",\"target\":[\"https:\/\/der-schulbedarf.shop\/produkt-des-monats\/produkt\/erstleser-leichter-lesen-disney-raya-und-der-letzte-drache-eine-lange-suche\/\"]}]},{\"@type\":\"ImageObject\",\"inLanguage\":\"de\",\"@id\":\"https:\/\/der-schulbedarf.shop\/produkt-des-monats\/produkt\/erstleser-leichter-lesen-disney-raya-und-der-letzte-drache-eine-lange-suche\/#primaryimage\",\"url\":\"https:\/\/der-schulbedarf.shop\/wp-content\/uploads\/2023\/06\/49672-720x380-1.webp\",\"contentUrl\":\"https:\/\/der-schulbedarf.shop\/wp-content\/uploads\/2023\/06\/49672-720x380-1.webp\",\"width\":720,\"height\":380},{\"@type\":\"BreadcrumbList\",\"@id\":\"https:\/\/der-schulbedarf.shop\/produkt-des-monats\/produkt\/erstleser-leichter-lesen-disney-raya-und-der-letzte-drache-eine-lange-suche\/#breadcrumb\",\"itemListElement\":[{\"@type\":\"ListItem\",\"position\":1,\"name\":\"Shop\",\"item\":\"https:\/\/der-schulbedarf.shop\/produkt-des-monats\/shop\/\"},{\"@type\":\"ListItem\",\"position\":2,\"name\":\"Erstleser &#8211; leichter lesen: Disney Raya und der letzte Drache: Eine lange Suche\"}]},{\"@type\":\"WebSite\",\"@id\":\"https:\/\/der-schulbedarf.shop\/produkt-des-monats\/#website\",\"url\":\"https:\/\/der-schulbedarf.shop\/produkt-des-monats\/\",\"name\":\"der-Schulbedarf.shop\",\"description\":\"\",\"publisher\":{\"@id\":\"https:\/\/der-schulbedarf.shop\/produkt-des-monats\/#organization\"},\"potentialAction\":[{\"@type\":\"SearchAction\",\"target\":{\"@type\":\"EntryPoint\",\"urlTemplate\":\"https:\/\/der-schulbedarf.shop\/produkt-des-monats\/?s={search_term_string}\"},\"query-input\":{\"@type\":\"PropertyValueSpecification\",\"valueRequired\":true,\"valueName\":\"search_term_string\"}}],\"inLanguage\":\"de\"},{\"@type\":\"Organization\",\"@id\":\"https:\/\/der-schulbedarf.shop\/produkt-des-monats\/#organization\",\"name\":\"der-Schulbedarf.shop\",\"url\":\"https:\/\/der-schulbedarf.shop\/produkt-des-monats\/\",\"logo\":{\"@type\":\"ImageObject\",\"inLanguage\":\"de\",\"@id\":\"https:\/\/der-schulbedarf.shop\/produkt-des-monats\/#\/schema\/logo\/image\/\",\"url\":\"https:\/\/der-schulbedarf.shop\/wp-content\/uploads\/2024\/02\/grafik-e1709551115899.png\",\"contentUrl\":\"https:\/\/der-schulbedarf.shop\/wp-content\/uploads\/2024\/02\/grafik-e1709551115899.png\",\"width\":80,\"height\":80,\"caption\":\"der-Schulbedarf.shop\"},\"image\":{\"@id\":\"https:\/\/der-schulbedarf.shop\/produkt-des-monats\/#\/schema\/logo\/image\/\"}}]}<\/script>\n<!-- \/ Yoast SEO plugin. -->","yoast_head_json":{"title":"Erstleser - leichter lesen: Disney Raya und der letzte Drache: Eine lange Suche - der-Schulbedarf.shop","robots":{"index":"index","follow":"follow","max-snippet":"max-snippet:-1","max-image-preview":"max-image-preview:large","max-video-preview":"max-video-preview:-1"},"canonical":"https:\/\/der-schulbedarf.shop\/produkt-des-monats\/produkt\/erstleser-leichter-lesen-disney-raya-und-der-letzte-drache-eine-lange-suche\/","og_locale":"de_DE","og_type":"article","og_title":"Erstleser - leichter lesen: Disney Raya und der letzte Drache: Eine lange Suche - der-Schulbedarf.shop","og_description":"Auf der Suche nach dem letzten Drachen: So cool und leicht kann Lesen sein!  Einst opferten sich die Drachen, um die Menschheit vor einer dunklen Gefahr namens Druun zu besch\u00fctzen. Seitdem ist im Land Kumandra nichts mehr, wie es einmal war. Die verschiedenen V\u00f6lker misstrauen sich. Und pl\u00f6tzlich kehrt Druun wieder zur\u00fcck. Die mutige Raya und ihr Freund Tuk Tuk m\u00fcssen den letzten Drachen finden. Nur er kann sie alle noch retten. Eine lange und abenteuerliche Suche beginnt. Werden sie es rechtzeitig schaffen?","og_url":"https:\/\/der-schulbedarf.shop\/produkt-des-monats\/produkt\/erstleser-leichter-lesen-disney-raya-und-der-letzte-drache-eine-lange-suche\/","og_site_name":"der-Schulbedarf.shop","article_modified_time":"2024-11-27T11:22:55+00:00","og_image":[{"width":720,"height":380,"url":"https:\/\/der-schulbedarf.shop\/wp-content\/uploads\/2023\/06\/49672-720x380-1.webp","type":"image\/webp"}],"twitter_card":"summary_large_image","twitter_misc":{"Gesch\u00e4tzte Lesezeit":"1\u00a0Minute"},"schema":{"@context":"https:\/\/schema.org","@graph":[{"@type":"WebPage","@id":"https:\/\/der-schulbedarf.shop\/produkt-des-monats\/produkt\/erstleser-leichter-lesen-disney-raya-und-der-letzte-drache-eine-lange-suche\/","url":"https:\/\/der-schulbedarf.shop\/produkt-des-monats\/produkt\/erstleser-leichter-lesen-disney-raya-und-der-letzte-drache-eine-lange-suche\/","name":"Erstleser - leichter lesen: Disney Raya und der letzte Drache: Eine lange Suche - der-Schulbedarf.shop","isPartOf":{"@id":"https:\/\/der-schulbedarf.shop\/produkt-des-monats\/#website"},"primaryImageOfPage":{"@id":"https:\/\/der-schulbedarf.shop\/produkt-des-monats\/produkt\/erstleser-leichter-lesen-disney-raya-und-der-letzte-drache-eine-lange-suche\/#primaryimage"},"image":{"@id":"https:\/\/der-schulbedarf.shop\/produkt-des-monats\/produkt\/erstleser-leichter-lesen-disney-raya-und-der-letzte-drache-eine-lange-suche\/#primaryimage"},"thumbnailUrl":"https:\/\/der-schulbedarf.shop\/wp-content\/uploads\/2023\/06\/49672-720x380-1.webp","datePublished":"2023-06-12T22:58:52+00:00","dateModified":"2024-11-27T11:22:55+00:00","breadcrumb":{"@id":"https:\/\/der-schulbedarf.shop\/produkt-des-monats\/produkt\/erstleser-leichter-lesen-disney-raya-und-der-letzte-drache-eine-lange-suche\/#breadcrumb"},"inLanguage":"de","potentialAction":[{"@type":"ReadAction","target":["https:\/\/der-schulbedarf.shop\/produkt-des-monats\/produkt\/erstleser-leichter-lesen-disney-raya-und-der-letzte-drache-eine-lange-suche\/"]}]},{"@type":"ImageObject","inLanguage":"de","@id":"https:\/\/der-schulbedarf.shop\/produkt-des-monats\/produkt\/erstleser-leichter-lesen-disney-raya-und-der-letzte-drache-eine-lange-suche\/#primaryimage","url":"https:\/\/der-schulbedarf.shop\/wp-content\/uploads\/2023\/06\/49672-720x380-1.webp","contentUrl":"https:\/\/der-schulbedarf.shop\/wp-content\/uploads\/2023\/06\/49672-720x380-1.webp","width":720,"height":380},{"@type":"BreadcrumbList","@id":"https:\/\/der-schulbedarf.shop\/produkt-des-monats\/produkt\/erstleser-leichter-lesen-disney-raya-und-der-letzte-drache-eine-lange-suche\/#breadcrumb","itemListElement":[{"@type":"ListItem","position":1,"name":"Shop","item":"https:\/\/der-schulbedarf.shop\/produkt-des-monats\/shop\/"},{"@type":"ListItem","position":2,"name":"Erstleser &#8211; leichter lesen: Disney Raya und der letzte Drache: Eine lange Suche"}]},{"@type":"WebSite","@id":"https:\/\/der-schulbedarf.shop\/produkt-des-monats\/#website","url":"https:\/\/der-schulbedarf.shop\/produkt-des-monats\/","name":"der-Schulbedarf.shop","description":"","publisher":{"@id":"https:\/\/der-schulbedarf.shop\/produkt-des-monats\/#organization"},"potentialAction":[{"@type":"SearchAction","target":{"@type":"EntryPoint","urlTemplate":"https:\/\/der-schulbedarf.shop\/produkt-des-monats\/?s={search_term_string}"},"query-input":{"@type":"PropertyValueSpecification","valueRequired":true,"valueName":"search_term_string"}}],"inLanguage":"de"},{"@type":"Organization","@id":"https:\/\/der-schulbedarf.shop\/produkt-des-monats\/#organization","name":"der-Schulbedarf.shop","url":"https:\/\/der-schulbedarf.shop\/produkt-des-monats\/","logo":{"@type":"ImageObject","inLanguage":"de","@id":"https:\/\/der-schulbedarf.shop\/produkt-des-monats\/#\/schema\/logo\/image\/","url":"https:\/\/der-schulbedarf.shop\/wp-content\/uploads\/2024\/02\/grafik-e1709551115899.png","contentUrl":"https:\/\/der-schulbedarf.shop\/wp-content\/uploads\/2024\/02\/grafik-e1709551115899.png","width":80,"height":80,"caption":"der-Schulbedarf.shop"},"image":{"@id":"https:\/\/der-schulbedarf.shop\/produkt-des-monats\/#\/schema\/logo\/image\/"}}]}},"_links":{"self":[{"href":"https:\/\/der-schulbedarf.shop\/produkt-des-monats\/wp-json\/wp\/v2\/product\/2076","targetHints":{"allow":["GET"]}}],"collection":[{"href":"https:\/\/der-schulbedarf.shop\/produkt-des-monats\/wp-json\/wp\/v2\/product"}],"about":[{"href":"https:\/\/der-schulbedarf.shop\/produkt-des-monats\/wp-json\/wp\/v2\/types\/product"}],"replies":[{"embeddable":true,"href":"https:\/\/der-schulbedarf.shop\/produkt-des-monats\/wp-json\/wp\/v2\/comments?post=2076"}],"wp:featuredmedia":[{"embeddable":true,"href":"https:\/\/der-schulbedarf.shop\/produkt-des-monats\/wp-json\/wp\/v2\/media\/2886"}],"wp:attachment":[{"href":"https:\/\/der-schulbedarf.shop\/produkt-des-monats\/wp-json\/wp\/v2\/media?parent=2076"}],"wp:term":[{"taxonomy":"product_cat","embeddable":true,"href":"https:\/\/der-schulbedarf.shop\/produkt-des-monats\/wp-json\/wp\/v2\/product_cat?post=2076"},{"taxonomy":"product_tag","embeddable":true,"href":"https:\/\/der-schulbedarf.shop\/produkt-des-monats\/wp-json\/wp\/v2\/product_tag?post=2076"}],"curies":[{"name":"wp","href":"https:\/\/api.w.org\/{rel}","templated":true}]}}