{"id":2097,"date":"2023-06-13T01:21:06","date_gmt":"2023-06-13T01:21:06","guid":{"rendered":"https:\/\/der-schulbedarf.Shop\/?post_type=product&#038;p=2097"},"modified":"2024-11-27T11:10:15","modified_gmt":"2024-11-27T11:10:15","slug":"miraculous-ladybug-und-cat-noir-das-erstlesebuch-zum-film","status":"publish","type":"product","link":"https:\/\/der-schulbedarf.shop\/produkt-des-monats\/produkt\/miraculous-ladybug-und-cat-noir-das-erstlesebuch-zum-film\/","title":{"rendered":"Miraculous: Ladybug und Cat Noir &#8211; Das Erstlesebuch zum Film"},"content":{"rendered":"<p>Ein Muss f\u00fcr junge Miraculous-Fans!<\/p>\n<p>Eine alte Legende erz\u00e4hlt von geheimnisvollen Schmuckst\u00fccken mit Zauberkraft: die Miraculous. In Paris ahnen Marinette und Adrien, zwei ganz normale Kinder, noch nichts davon, doch bald schon liegt die Sicherheit der Stadt in ihren H\u00e4nden. Als Ladybug und Cat Noir k\u00e4mpfen sie gegen das B\u00f6se \u2013 und den Superschurken Hawk Moth. Doch Hawk Moth verbirgt ein dunkles Geheimnis&#8230;<\/p>\n<p>Die Serie begeistert bereits Millionen, nun erobert Miraculous zum ersten Mal auch die Kinoleinwand. In diesem offiziellen Erstlesebuch zum Film begleiten Kinder ab 7 Jahren Marinette auf ihrem Weg vom normalen M\u00e4dchen zur Superheldin. Mit viel Witz, Spannung und zahlreichen Bildern macht das Lesenlernen mirakul\u00f6sen Spa\u00df!<\/p>\n","protected":false},"excerpt":{"rendered":"<p>Ein Muss f\u00fcr junge Miraculous-Fans!<\/p>\n<p>Eine alte Legende erz\u00e4hlt von geheimnisvollen Schmuckst\u00fccken mit Zauberkraft: die Miraculous. In Paris ahnen Marinette und Adrien, zwei ganz normale Kinder, noch nichts davon, doch bald schon liegt die Sicherheit der Stadt in ihren H\u00e4nden. Als Ladybug und Cat Noir k\u00e4mpfen sie gegen das B\u00f6se \u2013 und den Superschurken Hawk Moth. Doch Hawk Moth verbirgt ein dunkles Geheimnis&#8230;<\/p>\n","protected":false},"featured_media":2871,"comment_status":"open","ping_status":"closed","template":"","meta":[],"product_cat":[224,34,915,944,225],"product_tag":[111,107,200,201,114,198],"class_list":{"0":"post-2097","1":"product","2":"type-product","3":"status-publish","4":"has-post-thumbnail","6":"product_cat-kinderbuecher","7":"product_cat-kinderspielzeug","8":"product_cat-produkt-feeds","9":"product_cat-produktzufuehrung-geizhal","10":"product_cat-ravensburger-kinderbuecher","11":"product_tag-beschaeftigung","12":"product_tag-beschaeftigung-kinder","13":"product_tag-buch","14":"product_tag-buecher","15":"product_tag-fuer-maedchen","16":"product_tag-kinderbuch","17":"post","18":"post-with-thumbnail","19":"post-with-thumbnail-large","21":"first","22":"instock","23":"taxable","24":"shipping-taxable","25":"purchasable","26":"product-type-simple"},"yoast_head":"<!-- This site is optimized with the Yoast SEO plugin v26.6 - https:\/\/yoast.com\/wordpress\/plugins\/seo\/ -->\n<title>Miraculous: Ladybug und Cat Noir - Das Erstlesebuch zum Film - der-Schulbedarf.shop<\/title>\n<meta name=\"robots\" content=\"index, follow, max-snippet:-1, max-image-preview:large, max-video-preview:-1\" \/>\n<link rel=\"canonical\" href=\"https:\/\/der-schulbedarf.shop\/produkt-des-monats\/produkt\/miraculous-ladybug-und-cat-noir-das-erstlesebuch-zum-film\/\" \/>\n<meta property=\"og:locale\" content=\"de_DE\" \/>\n<meta property=\"og:type\" content=\"article\" \/>\n<meta property=\"og:title\" content=\"Miraculous: Ladybug und Cat Noir - Das Erstlesebuch zum Film - der-Schulbedarf.shop\" \/>\n<meta property=\"og:description\" content=\"Ein Muss f\u00fcr junge Miraculous-Fans!  Eine alte Legende erz\u00e4hlt von geheimnisvollen Schmuckst\u00fccken mit Zauberkraft: die Miraculous. In Paris ahnen Marinette und Adrien, zwei ganz normale Kinder, noch nichts davon, doch bald schon liegt die Sicherheit der Stadt in ihren H\u00e4nden. Als Ladybug und Cat Noir k\u00e4mpfen sie gegen das B\u00f6se \u2013 und den Superschurken Hawk Moth. Doch Hawk Moth verbirgt ein dunkles Geheimnis...\" \/>\n<meta property=\"og:url\" content=\"https:\/\/der-schulbedarf.shop\/produkt-des-monats\/produkt\/miraculous-ladybug-und-cat-noir-das-erstlesebuch-zum-film\/\" \/>\n<meta property=\"og:site_name\" content=\"der-Schulbedarf.shop\" \/>\n<meta property=\"article:modified_time\" content=\"2024-11-27T11:10:15+00:00\" \/>\n<meta property=\"og:image\" content=\"https:\/\/der-schulbedarf.shop\/wp-content\/uploads\/2023\/06\/49697-701x380-1.webp\" \/>\n\t<meta property=\"og:image:width\" content=\"701\" \/>\n\t<meta property=\"og:image:height\" content=\"380\" \/>\n\t<meta property=\"og:image:type\" content=\"image\/webp\" \/>\n<meta name=\"twitter:card\" content=\"summary_large_image\" \/>\n<meta name=\"twitter:label1\" content=\"Gesch\u00e4tzte Lesezeit\" \/>\n\t<meta name=\"twitter:data1\" content=\"1\u00a0Minute\" \/>\n<script type=\"application\/ld+json\" class=\"yoast-schema-graph\">{\"@context\":\"https:\/\/schema.org\",\"@graph\":[{\"@type\":\"WebPage\",\"@id\":\"https:\/\/der-schulbedarf.shop\/produkt-des-monats\/produkt\/miraculous-ladybug-und-cat-noir-das-erstlesebuch-zum-film\/\",\"url\":\"https:\/\/der-schulbedarf.shop\/produkt-des-monats\/produkt\/miraculous-ladybug-und-cat-noir-das-erstlesebuch-zum-film\/\",\"name\":\"Miraculous: Ladybug und Cat Noir - Das Erstlesebuch zum Film - der-Schulbedarf.shop\",\"isPartOf\":{\"@id\":\"https:\/\/der-schulbedarf.shop\/produkt-des-monats\/#website\"},\"primaryImageOfPage\":{\"@id\":\"https:\/\/der-schulbedarf.shop\/produkt-des-monats\/produkt\/miraculous-ladybug-und-cat-noir-das-erstlesebuch-zum-film\/#primaryimage\"},\"image\":{\"@id\":\"https:\/\/der-schulbedarf.shop\/produkt-des-monats\/produkt\/miraculous-ladybug-und-cat-noir-das-erstlesebuch-zum-film\/#primaryimage\"},\"thumbnailUrl\":\"https:\/\/der-schulbedarf.shop\/wp-content\/uploads\/2023\/06\/49697-701x380-1.webp\",\"datePublished\":\"2023-06-13T01:21:06+00:00\",\"dateModified\":\"2024-11-27T11:10:15+00:00\",\"breadcrumb\":{\"@id\":\"https:\/\/der-schulbedarf.shop\/produkt-des-monats\/produkt\/miraculous-ladybug-und-cat-noir-das-erstlesebuch-zum-film\/#breadcrumb\"},\"inLanguage\":\"de\",\"potentialAction\":[{\"@type\":\"ReadAction\",\"target\":[\"https:\/\/der-schulbedarf.shop\/produkt-des-monats\/produkt\/miraculous-ladybug-und-cat-noir-das-erstlesebuch-zum-film\/\"]}]},{\"@type\":\"ImageObject\",\"inLanguage\":\"de\",\"@id\":\"https:\/\/der-schulbedarf.shop\/produkt-des-monats\/produkt\/miraculous-ladybug-und-cat-noir-das-erstlesebuch-zum-film\/#primaryimage\",\"url\":\"https:\/\/der-schulbedarf.shop\/wp-content\/uploads\/2023\/06\/49697-701x380-1.webp\",\"contentUrl\":\"https:\/\/der-schulbedarf.shop\/wp-content\/uploads\/2023\/06\/49697-701x380-1.webp\",\"width\":701,\"height\":380},{\"@type\":\"BreadcrumbList\",\"@id\":\"https:\/\/der-schulbedarf.shop\/produkt-des-monats\/produkt\/miraculous-ladybug-und-cat-noir-das-erstlesebuch-zum-film\/#breadcrumb\",\"itemListElement\":[{\"@type\":\"ListItem\",\"position\":1,\"name\":\"Shop\",\"item\":\"https:\/\/der-schulbedarf.shop\/produkt-des-monats\/shop\/\"},{\"@type\":\"ListItem\",\"position\":2,\"name\":\"Miraculous: Ladybug und Cat Noir &#8211; Das Erstlesebuch zum Film\"}]},{\"@type\":\"WebSite\",\"@id\":\"https:\/\/der-schulbedarf.shop\/produkt-des-monats\/#website\",\"url\":\"https:\/\/der-schulbedarf.shop\/produkt-des-monats\/\",\"name\":\"der-Schulbedarf.shop\",\"description\":\"\",\"publisher\":{\"@id\":\"https:\/\/der-schulbedarf.shop\/produkt-des-monats\/#organization\"},\"potentialAction\":[{\"@type\":\"SearchAction\",\"target\":{\"@type\":\"EntryPoint\",\"urlTemplate\":\"https:\/\/der-schulbedarf.shop\/produkt-des-monats\/?s={search_term_string}\"},\"query-input\":{\"@type\":\"PropertyValueSpecification\",\"valueRequired\":true,\"valueName\":\"search_term_string\"}}],\"inLanguage\":\"de\"},{\"@type\":\"Organization\",\"@id\":\"https:\/\/der-schulbedarf.shop\/produkt-des-monats\/#organization\",\"name\":\"der-Schulbedarf.shop\",\"url\":\"https:\/\/der-schulbedarf.shop\/produkt-des-monats\/\",\"logo\":{\"@type\":\"ImageObject\",\"inLanguage\":\"de\",\"@id\":\"https:\/\/der-schulbedarf.shop\/produkt-des-monats\/#\/schema\/logo\/image\/\",\"url\":\"https:\/\/der-schulbedarf.shop\/wp-content\/uploads\/2024\/02\/grafik-e1709551115899.png\",\"contentUrl\":\"https:\/\/der-schulbedarf.shop\/wp-content\/uploads\/2024\/02\/grafik-e1709551115899.png\",\"width\":80,\"height\":80,\"caption\":\"der-Schulbedarf.shop\"},\"image\":{\"@id\":\"https:\/\/der-schulbedarf.shop\/produkt-des-monats\/#\/schema\/logo\/image\/\"}}]}<\/script>\n<!-- \/ Yoast SEO plugin. -->","yoast_head_json":{"title":"Miraculous: Ladybug und Cat Noir - Das Erstlesebuch zum Film - der-Schulbedarf.shop","robots":{"index":"index","follow":"follow","max-snippet":"max-snippet:-1","max-image-preview":"max-image-preview:large","max-video-preview":"max-video-preview:-1"},"canonical":"https:\/\/der-schulbedarf.shop\/produkt-des-monats\/produkt\/miraculous-ladybug-und-cat-noir-das-erstlesebuch-zum-film\/","og_locale":"de_DE","og_type":"article","og_title":"Miraculous: Ladybug und Cat Noir - Das Erstlesebuch zum Film - der-Schulbedarf.shop","og_description":"Ein Muss f\u00fcr junge Miraculous-Fans!  Eine alte Legende erz\u00e4hlt von geheimnisvollen Schmuckst\u00fccken mit Zauberkraft: die Miraculous. In Paris ahnen Marinette und Adrien, zwei ganz normale Kinder, noch nichts davon, doch bald schon liegt die Sicherheit der Stadt in ihren H\u00e4nden. Als Ladybug und Cat Noir k\u00e4mpfen sie gegen das B\u00f6se \u2013 und den Superschurken Hawk Moth. Doch Hawk Moth verbirgt ein dunkles Geheimnis...","og_url":"https:\/\/der-schulbedarf.shop\/produkt-des-monats\/produkt\/miraculous-ladybug-und-cat-noir-das-erstlesebuch-zum-film\/","og_site_name":"der-Schulbedarf.shop","article_modified_time":"2024-11-27T11:10:15+00:00","og_image":[{"width":701,"height":380,"url":"https:\/\/der-schulbedarf.shop\/wp-content\/uploads\/2023\/06\/49697-701x380-1.webp","type":"image\/webp"}],"twitter_card":"summary_large_image","twitter_misc":{"Gesch\u00e4tzte Lesezeit":"1\u00a0Minute"},"schema":{"@context":"https:\/\/schema.org","@graph":[{"@type":"WebPage","@id":"https:\/\/der-schulbedarf.shop\/produkt-des-monats\/produkt\/miraculous-ladybug-und-cat-noir-das-erstlesebuch-zum-film\/","url":"https:\/\/der-schulbedarf.shop\/produkt-des-monats\/produkt\/miraculous-ladybug-und-cat-noir-das-erstlesebuch-zum-film\/","name":"Miraculous: Ladybug und Cat Noir - Das Erstlesebuch zum Film - der-Schulbedarf.shop","isPartOf":{"@id":"https:\/\/der-schulbedarf.shop\/produkt-des-monats\/#website"},"primaryImageOfPage":{"@id":"https:\/\/der-schulbedarf.shop\/produkt-des-monats\/produkt\/miraculous-ladybug-und-cat-noir-das-erstlesebuch-zum-film\/#primaryimage"},"image":{"@id":"https:\/\/der-schulbedarf.shop\/produkt-des-monats\/produkt\/miraculous-ladybug-und-cat-noir-das-erstlesebuch-zum-film\/#primaryimage"},"thumbnailUrl":"https:\/\/der-schulbedarf.shop\/wp-content\/uploads\/2023\/06\/49697-701x380-1.webp","datePublished":"2023-06-13T01:21:06+00:00","dateModified":"2024-11-27T11:10:15+00:00","breadcrumb":{"@id":"https:\/\/der-schulbedarf.shop\/produkt-des-monats\/produkt\/miraculous-ladybug-und-cat-noir-das-erstlesebuch-zum-film\/#breadcrumb"},"inLanguage":"de","potentialAction":[{"@type":"ReadAction","target":["https:\/\/der-schulbedarf.shop\/produkt-des-monats\/produkt\/miraculous-ladybug-und-cat-noir-das-erstlesebuch-zum-film\/"]}]},{"@type":"ImageObject","inLanguage":"de","@id":"https:\/\/der-schulbedarf.shop\/produkt-des-monats\/produkt\/miraculous-ladybug-und-cat-noir-das-erstlesebuch-zum-film\/#primaryimage","url":"https:\/\/der-schulbedarf.shop\/wp-content\/uploads\/2023\/06\/49697-701x380-1.webp","contentUrl":"https:\/\/der-schulbedarf.shop\/wp-content\/uploads\/2023\/06\/49697-701x380-1.webp","width":701,"height":380},{"@type":"BreadcrumbList","@id":"https:\/\/der-schulbedarf.shop\/produkt-des-monats\/produkt\/miraculous-ladybug-und-cat-noir-das-erstlesebuch-zum-film\/#breadcrumb","itemListElement":[{"@type":"ListItem","position":1,"name":"Shop","item":"https:\/\/der-schulbedarf.shop\/produkt-des-monats\/shop\/"},{"@type":"ListItem","position":2,"name":"Miraculous: Ladybug und Cat Noir &#8211; Das Erstlesebuch zum Film"}]},{"@type":"WebSite","@id":"https:\/\/der-schulbedarf.shop\/produkt-des-monats\/#website","url":"https:\/\/der-schulbedarf.shop\/produkt-des-monats\/","name":"der-Schulbedarf.shop","description":"","publisher":{"@id":"https:\/\/der-schulbedarf.shop\/produkt-des-monats\/#organization"},"potentialAction":[{"@type":"SearchAction","target":{"@type":"EntryPoint","urlTemplate":"https:\/\/der-schulbedarf.shop\/produkt-des-monats\/?s={search_term_string}"},"query-input":{"@type":"PropertyValueSpecification","valueRequired":true,"valueName":"search_term_string"}}],"inLanguage":"de"},{"@type":"Organization","@id":"https:\/\/der-schulbedarf.shop\/produkt-des-monats\/#organization","name":"der-Schulbedarf.shop","url":"https:\/\/der-schulbedarf.shop\/produkt-des-monats\/","logo":{"@type":"ImageObject","inLanguage":"de","@id":"https:\/\/der-schulbedarf.shop\/produkt-des-monats\/#\/schema\/logo\/image\/","url":"https:\/\/der-schulbedarf.shop\/wp-content\/uploads\/2024\/02\/grafik-e1709551115899.png","contentUrl":"https:\/\/der-schulbedarf.shop\/wp-content\/uploads\/2024\/02\/grafik-e1709551115899.png","width":80,"height":80,"caption":"der-Schulbedarf.shop"},"image":{"@id":"https:\/\/der-schulbedarf.shop\/produkt-des-monats\/#\/schema\/logo\/image\/"}}]}},"_links":{"self":[{"href":"https:\/\/der-schulbedarf.shop\/produkt-des-monats\/wp-json\/wp\/v2\/product\/2097","targetHints":{"allow":["GET"]}}],"collection":[{"href":"https:\/\/der-schulbedarf.shop\/produkt-des-monats\/wp-json\/wp\/v2\/product"}],"about":[{"href":"https:\/\/der-schulbedarf.shop\/produkt-des-monats\/wp-json\/wp\/v2\/types\/product"}],"replies":[{"embeddable":true,"href":"https:\/\/der-schulbedarf.shop\/produkt-des-monats\/wp-json\/wp\/v2\/comments?post=2097"}],"wp:featuredmedia":[{"embeddable":true,"href":"https:\/\/der-schulbedarf.shop\/produkt-des-monats\/wp-json\/wp\/v2\/media\/2871"}],"wp:attachment":[{"href":"https:\/\/der-schulbedarf.shop\/produkt-des-monats\/wp-json\/wp\/v2\/media?parent=2097"}],"wp:term":[{"taxonomy":"product_cat","embeddable":true,"href":"https:\/\/der-schulbedarf.shop\/produkt-des-monats\/wp-json\/wp\/v2\/product_cat?post=2097"},{"taxonomy":"product_tag","embeddable":true,"href":"https:\/\/der-schulbedarf.shop\/produkt-des-monats\/wp-json\/wp\/v2\/product_tag?post=2097"}],"curies":[{"name":"wp","href":"https:\/\/api.w.org\/{rel}","templated":true}]}}