{"id":3020,"date":"2024-04-12T08:16:14","date_gmt":"2024-04-12T08:16:14","guid":{"rendered":"https:\/\/der-schulbedarf.Shop\/?post_type=product&#038;p=3020"},"modified":"2025-08-11T10:23:24","modified_gmt":"2025-08-11T10:23:24","slug":"wieso-weshalb-warum-band-20-alles-ueber-flugzeuge","status":"publish","type":"product","link":"https:\/\/der-schulbedarf.shop\/produkt-des-monats\/produkt\/wieso-weshalb-warum-band-20-alles-ueber-flugzeuge\/","title":{"rendered":"Wieso? Weshalb? Warum?, Band 20: Alles \u00fcber Flugzeuge"},"content":{"rendered":"<p>Was passiert beim Check-in und bei der Sicherheitskontrolle? Wie kommt das Gep\u00e4ck an Bord? Und warum fliegt ein Flugzeug?<br \/>\nViele Familien fliegen in den Urlaub. Dabei staunen alle Kinder \u00fcber das Gewimmel auf dem Flughafen. In diesem Buch erfahren sie alles \u00fcber die Technik, Spezialfahrzeuge, Flugzeuge sowie die Menschen, die in und mit Flugzeugen arbeiten. Zahlreiche Klappen erm\u00f6glichen einen spannenden Blick hinter die Kulissen.<\/p>\n<p>Wieso? Weshalb? Warum?<br \/>\nDie Sachbuchreihe f\u00fcr Kinder von 4\u20137 Jahren<\/p>\n<p>Jeden Tag entdecken Kinder etwas Neues \u2013 da kommen viele Fragen auf. Warum sind die Dinosaurier ausgestorben? Wo ist die Sonne in der Nacht? Wozu brauchen wir das Blut? Die beliebte Sachbuchreihe Wieso? Weshalb? Warum? gibt Kindern Antworten auf Augenh\u00f6he. Dabei werden die unterschiedlichsten Themen aus der Alltags- und Interessenwelt der Kinder altersgerecht und mit viel Liebe zum Detail unter die Lupe genommen.<br \/>\nDetailreiche Bilder, verst\u00e4ndliche Sachtexte und \u00fcberraschende Klappen, die Bewegungen oder Abl\u00e4ufe veranschaulichen und hinter die Dinge blicken lassen, erm\u00f6glichen Kindern, sich ihre Themen selbst zu erschlie\u00dfen. Der Spa\u00df am eigenh\u00e4ndigen Entdecken, die liebevolle Umsetzung und die qualitativ hochwertige Ausstattung garantieren langanhaltende Freude an jedem einzelnen Buch.<\/p>\n","protected":false},"excerpt":{"rendered":"<p>Was passiert beim Check-in und bei der Sicherheitskontrolle? Wie kommt das Gep\u00e4ck an Bord? Und warum fliegt ein Flugzeug? Viele Familien fliegen in den Urlaub. Dabei staunen alle Kinder \u00fcber das Gewimmel auf dem Flughafen. In diesem Buch erfahren sie alles \u00fcber die Technik, Spezialfahrzeuge, Flugzeuge sowie die Menschen, die in und mit Flugzeugen arbeiten. [&hellip;]<\/p>\n","protected":false},"featured_media":3385,"comment_status":"open","ping_status":"closed","template":"","meta":[],"product_cat":[15,899,915,944,225],"product_tag":[511,221,111,107,954,200,469,924,195,956,948,947,113,958,198,181,959,149,202,179,950,193,957,871],"class_list":{"0":"post-3020","1":"product","2":"type-product","3":"status-publish","4":"has-post-thumbnail","6":"product_cat-unkategorisiert","7":"product_cat-1-klasse","8":"product_cat-produkt-feeds","9":"product_cat-produktzufuehrung-geizhal","10":"product_cat-ravensburger-kinderbuecher","11":"product_tag-1-klasse","12":"product_tag-2-klasse","13":"product_tag-beschaeftigung","14":"product_tag-beschaeftigung-kinder","15":"product_tag-bodenpersonal","16":"product_tag-buch","17":"product_tag-einschulung-geschenk","18":"product_tag-entdecken","19":"product_tag-erstleser","20":"product_tag-flugbegleiter","21":"product_tag-flughafen","22":"product_tag-flugzeuge","23":"product_tag-geschenk","24":"product_tag-hubschrauer","25":"product_tag-kinderbuch","26":"product_tag-kinderbuecher","27":"product_tag-kindergarten","28":"product_tag-lernen","29":"product_tag-lesen","30":"product_tag-lesen-lernen","31":"product_tag-pilot","32":"product_tag-ravensburger","33":"product_tag-tower","34":"product_tag-wieso-weshalb-warum","35":"post","36":"post-with-thumbnail","37":"post-with-thumbnail-large","39":"first","40":"outofstock","41":"taxable","42":"shipping-taxable","43":"purchasable","44":"product-type-simple"},"yoast_head":"<!-- This site is optimized with the Yoast SEO plugin v26.6 - https:\/\/yoast.com\/wordpress\/plugins\/seo\/ -->\n<title>Wieso? Weshalb? Warum?, Band 20: Alles \u00fcber Flugzeuge - der-Schulbedarf.shop<\/title>\n<meta name=\"description\" content=\"Alles \u00fcber Flugzeuge. Die Sachbuchreihe f\u00fcr Kinder von 4\u20137 Jahren. Vom Check-in-Automaten bis zum K\u00f6rperscanner erkl\u00e4rt dieses Buch alles, was es auf einem modernen Flughafen gibt.\" \/>\n<meta name=\"robots\" content=\"index, follow, max-snippet:-1, max-image-preview:large, max-video-preview:-1\" \/>\n<link rel=\"canonical\" href=\"https:\/\/der-schulbedarf.shop\/produkt-des-monats\/produkt\/wieso-weshalb-warum-band-20-alles-ueber-flugzeuge\/\" \/>\n<meta property=\"og:locale\" content=\"de_DE\" \/>\n<meta property=\"og:type\" content=\"article\" \/>\n<meta property=\"og:title\" content=\"Wieso? Weshalb? Warum?, Band 20: Alles \u00fcber Flugzeuge - der-Schulbedarf.shop\" \/>\n<meta property=\"og:description\" content=\"Alles \u00fcber Flugzeuge. Die Sachbuchreihe f\u00fcr Kinder von 4\u20137 Jahren. Vom Check-in-Automaten bis zum K\u00f6rperscanner erkl\u00e4rt dieses Buch alles, was es auf einem modernen Flughafen gibt.\" \/>\n<meta property=\"og:url\" content=\"https:\/\/der-schulbedarf.shop\/produkt-des-monats\/produkt\/wieso-weshalb-warum-band-20-alles-ueber-flugzeuge\/\" \/>\n<meta property=\"og:site_name\" content=\"der-Schulbedarf.shop\" \/>\n<meta property=\"article:modified_time\" content=\"2025-08-11T10:23:24+00:00\" \/>\n<meta property=\"og:image\" content=\"https:\/\/der-schulbedarf.shop\/wp-content\/uploads\/2024\/04\/32957.jpg\" \/>\n\t<meta property=\"og:image:width\" content=\"878\" \/>\n\t<meta property=\"og:image:height\" content=\"1024\" \/>\n\t<meta property=\"og:image:type\" content=\"image\/jpeg\" \/>\n<meta name=\"twitter:card\" content=\"summary_large_image\" \/>\n<meta name=\"twitter:label1\" content=\"Gesch\u00e4tzte Lesezeit\" \/>\n\t<meta name=\"twitter:data1\" content=\"2\u00a0Minuten\" \/>\n<script type=\"application\/ld+json\" class=\"yoast-schema-graph\">{\"@context\":\"https:\/\/schema.org\",\"@graph\":[{\"@type\":\"WebPage\",\"@id\":\"https:\/\/der-schulbedarf.shop\/produkt-des-monats\/produkt\/wieso-weshalb-warum-band-20-alles-ueber-flugzeuge\/\",\"url\":\"https:\/\/der-schulbedarf.shop\/produkt-des-monats\/produkt\/wieso-weshalb-warum-band-20-alles-ueber-flugzeuge\/\",\"name\":\"Wieso? Weshalb? Warum?, Band 20: Alles \u00fcber Flugzeuge - der-Schulbedarf.shop\",\"isPartOf\":{\"@id\":\"https:\/\/der-schulbedarf.shop\/produkt-des-monats\/#website\"},\"primaryImageOfPage\":{\"@id\":\"https:\/\/der-schulbedarf.shop\/produkt-des-monats\/produkt\/wieso-weshalb-warum-band-20-alles-ueber-flugzeuge\/#primaryimage\"},\"image\":{\"@id\":\"https:\/\/der-schulbedarf.shop\/produkt-des-monats\/produkt\/wieso-weshalb-warum-band-20-alles-ueber-flugzeuge\/#primaryimage\"},\"thumbnailUrl\":\"https:\/\/der-schulbedarf.shop\/wp-content\/uploads\/2024\/04\/32957.jpg\",\"datePublished\":\"2024-04-12T08:16:14+00:00\",\"dateModified\":\"2025-08-11T10:23:24+00:00\",\"description\":\"Alles \u00fcber Flugzeuge. Die Sachbuchreihe f\u00fcr Kinder von 4\u20137 Jahren. Vom Check-in-Automaten bis zum K\u00f6rperscanner erkl\u00e4rt dieses Buch alles, was es auf einem modernen Flughafen gibt.\",\"breadcrumb\":{\"@id\":\"https:\/\/der-schulbedarf.shop\/produkt-des-monats\/produkt\/wieso-weshalb-warum-band-20-alles-ueber-flugzeuge\/#breadcrumb\"},\"inLanguage\":\"de\",\"potentialAction\":[{\"@type\":\"ReadAction\",\"target\":[\"https:\/\/der-schulbedarf.shop\/produkt-des-monats\/produkt\/wieso-weshalb-warum-band-20-alles-ueber-flugzeuge\/\"]}]},{\"@type\":\"ImageObject\",\"inLanguage\":\"de\",\"@id\":\"https:\/\/der-schulbedarf.shop\/produkt-des-monats\/produkt\/wieso-weshalb-warum-band-20-alles-ueber-flugzeuge\/#primaryimage\",\"url\":\"https:\/\/der-schulbedarf.shop\/wp-content\/uploads\/2024\/04\/32957.jpg\",\"contentUrl\":\"https:\/\/der-schulbedarf.shop\/wp-content\/uploads\/2024\/04\/32957.jpg\",\"width\":878,\"height\":1024},{\"@type\":\"BreadcrumbList\",\"@id\":\"https:\/\/der-schulbedarf.shop\/produkt-des-monats\/produkt\/wieso-weshalb-warum-band-20-alles-ueber-flugzeuge\/#breadcrumb\",\"itemListElement\":[{\"@type\":\"ListItem\",\"position\":1,\"name\":\"Shop\",\"item\":\"https:\/\/der-schulbedarf.shop\/produkt-des-monats\/shop\/\"},{\"@type\":\"ListItem\",\"position\":2,\"name\":\"Wieso? Weshalb? Warum?, Band 20: Alles \u00fcber Flugzeuge\"}]},{\"@type\":\"WebSite\",\"@id\":\"https:\/\/der-schulbedarf.shop\/produkt-des-monats\/#website\",\"url\":\"https:\/\/der-schulbedarf.shop\/produkt-des-monats\/\",\"name\":\"der-Schulbedarf.shop\",\"description\":\"\",\"publisher\":{\"@id\":\"https:\/\/der-schulbedarf.shop\/produkt-des-monats\/#organization\"},\"potentialAction\":[{\"@type\":\"SearchAction\",\"target\":{\"@type\":\"EntryPoint\",\"urlTemplate\":\"https:\/\/der-schulbedarf.shop\/produkt-des-monats\/?s={search_term_string}\"},\"query-input\":{\"@type\":\"PropertyValueSpecification\",\"valueRequired\":true,\"valueName\":\"search_term_string\"}}],\"inLanguage\":\"de\"},{\"@type\":\"Organization\",\"@id\":\"https:\/\/der-schulbedarf.shop\/produkt-des-monats\/#organization\",\"name\":\"der-Schulbedarf.shop\",\"url\":\"https:\/\/der-schulbedarf.shop\/produkt-des-monats\/\",\"logo\":{\"@type\":\"ImageObject\",\"inLanguage\":\"de\",\"@id\":\"https:\/\/der-schulbedarf.shop\/produkt-des-monats\/#\/schema\/logo\/image\/\",\"url\":\"https:\/\/der-schulbedarf.shop\/wp-content\/uploads\/2024\/02\/grafik-e1709551115899.png\",\"contentUrl\":\"https:\/\/der-schulbedarf.shop\/wp-content\/uploads\/2024\/02\/grafik-e1709551115899.png\",\"width\":80,\"height\":80,\"caption\":\"der-Schulbedarf.shop\"},\"image\":{\"@id\":\"https:\/\/der-schulbedarf.shop\/produkt-des-monats\/#\/schema\/logo\/image\/\"}}]}<\/script>\n<!-- \/ Yoast SEO plugin. -->","yoast_head_json":{"title":"Wieso? Weshalb? Warum?, Band 20: Alles \u00fcber Flugzeuge - der-Schulbedarf.shop","description":"Alles \u00fcber Flugzeuge. Die Sachbuchreihe f\u00fcr Kinder von 4\u20137 Jahren. Vom Check-in-Automaten bis zum K\u00f6rperscanner erkl\u00e4rt dieses Buch alles, was es auf einem modernen Flughafen gibt.","robots":{"index":"index","follow":"follow","max-snippet":"max-snippet:-1","max-image-preview":"max-image-preview:large","max-video-preview":"max-video-preview:-1"},"canonical":"https:\/\/der-schulbedarf.shop\/produkt-des-monats\/produkt\/wieso-weshalb-warum-band-20-alles-ueber-flugzeuge\/","og_locale":"de_DE","og_type":"article","og_title":"Wieso? Weshalb? Warum?, Band 20: Alles \u00fcber Flugzeuge - der-Schulbedarf.shop","og_description":"Alles \u00fcber Flugzeuge. Die Sachbuchreihe f\u00fcr Kinder von 4\u20137 Jahren. Vom Check-in-Automaten bis zum K\u00f6rperscanner erkl\u00e4rt dieses Buch alles, was es auf einem modernen Flughafen gibt.","og_url":"https:\/\/der-schulbedarf.shop\/produkt-des-monats\/produkt\/wieso-weshalb-warum-band-20-alles-ueber-flugzeuge\/","og_site_name":"der-Schulbedarf.shop","article_modified_time":"2025-08-11T10:23:24+00:00","og_image":[{"width":878,"height":1024,"url":"https:\/\/der-schulbedarf.shop\/wp-content\/uploads\/2024\/04\/32957.jpg","type":"image\/jpeg"}],"twitter_card":"summary_large_image","twitter_misc":{"Gesch\u00e4tzte Lesezeit":"2\u00a0Minuten"},"schema":{"@context":"https:\/\/schema.org","@graph":[{"@type":"WebPage","@id":"https:\/\/der-schulbedarf.shop\/produkt-des-monats\/produkt\/wieso-weshalb-warum-band-20-alles-ueber-flugzeuge\/","url":"https:\/\/der-schulbedarf.shop\/produkt-des-monats\/produkt\/wieso-weshalb-warum-band-20-alles-ueber-flugzeuge\/","name":"Wieso? Weshalb? Warum?, Band 20: Alles \u00fcber Flugzeuge - der-Schulbedarf.shop","isPartOf":{"@id":"https:\/\/der-schulbedarf.shop\/produkt-des-monats\/#website"},"primaryImageOfPage":{"@id":"https:\/\/der-schulbedarf.shop\/produkt-des-monats\/produkt\/wieso-weshalb-warum-band-20-alles-ueber-flugzeuge\/#primaryimage"},"image":{"@id":"https:\/\/der-schulbedarf.shop\/produkt-des-monats\/produkt\/wieso-weshalb-warum-band-20-alles-ueber-flugzeuge\/#primaryimage"},"thumbnailUrl":"https:\/\/der-schulbedarf.shop\/wp-content\/uploads\/2024\/04\/32957.jpg","datePublished":"2024-04-12T08:16:14+00:00","dateModified":"2025-08-11T10:23:24+00:00","description":"Alles \u00fcber Flugzeuge. Die Sachbuchreihe f\u00fcr Kinder von 4\u20137 Jahren. Vom Check-in-Automaten bis zum K\u00f6rperscanner erkl\u00e4rt dieses Buch alles, was es auf einem modernen Flughafen gibt.","breadcrumb":{"@id":"https:\/\/der-schulbedarf.shop\/produkt-des-monats\/produkt\/wieso-weshalb-warum-band-20-alles-ueber-flugzeuge\/#breadcrumb"},"inLanguage":"de","potentialAction":[{"@type":"ReadAction","target":["https:\/\/der-schulbedarf.shop\/produkt-des-monats\/produkt\/wieso-weshalb-warum-band-20-alles-ueber-flugzeuge\/"]}]},{"@type":"ImageObject","inLanguage":"de","@id":"https:\/\/der-schulbedarf.shop\/produkt-des-monats\/produkt\/wieso-weshalb-warum-band-20-alles-ueber-flugzeuge\/#primaryimage","url":"https:\/\/der-schulbedarf.shop\/wp-content\/uploads\/2024\/04\/32957.jpg","contentUrl":"https:\/\/der-schulbedarf.shop\/wp-content\/uploads\/2024\/04\/32957.jpg","width":878,"height":1024},{"@type":"BreadcrumbList","@id":"https:\/\/der-schulbedarf.shop\/produkt-des-monats\/produkt\/wieso-weshalb-warum-band-20-alles-ueber-flugzeuge\/#breadcrumb","itemListElement":[{"@type":"ListItem","position":1,"name":"Shop","item":"https:\/\/der-schulbedarf.shop\/produkt-des-monats\/shop\/"},{"@type":"ListItem","position":2,"name":"Wieso? Weshalb? Warum?, Band 20: Alles \u00fcber Flugzeuge"}]},{"@type":"WebSite","@id":"https:\/\/der-schulbedarf.shop\/produkt-des-monats\/#website","url":"https:\/\/der-schulbedarf.shop\/produkt-des-monats\/","name":"der-Schulbedarf.shop","description":"","publisher":{"@id":"https:\/\/der-schulbedarf.shop\/produkt-des-monats\/#organization"},"potentialAction":[{"@type":"SearchAction","target":{"@type":"EntryPoint","urlTemplate":"https:\/\/der-schulbedarf.shop\/produkt-des-monats\/?s={search_term_string}"},"query-input":{"@type":"PropertyValueSpecification","valueRequired":true,"valueName":"search_term_string"}}],"inLanguage":"de"},{"@type":"Organization","@id":"https:\/\/der-schulbedarf.shop\/produkt-des-monats\/#organization","name":"der-Schulbedarf.shop","url":"https:\/\/der-schulbedarf.shop\/produkt-des-monats\/","logo":{"@type":"ImageObject","inLanguage":"de","@id":"https:\/\/der-schulbedarf.shop\/produkt-des-monats\/#\/schema\/logo\/image\/","url":"https:\/\/der-schulbedarf.shop\/wp-content\/uploads\/2024\/02\/grafik-e1709551115899.png","contentUrl":"https:\/\/der-schulbedarf.shop\/wp-content\/uploads\/2024\/02\/grafik-e1709551115899.png","width":80,"height":80,"caption":"der-Schulbedarf.shop"},"image":{"@id":"https:\/\/der-schulbedarf.shop\/produkt-des-monats\/#\/schema\/logo\/image\/"}}]}},"_links":{"self":[{"href":"https:\/\/der-schulbedarf.shop\/produkt-des-monats\/wp-json\/wp\/v2\/product\/3020","targetHints":{"allow":["GET"]}}],"collection":[{"href":"https:\/\/der-schulbedarf.shop\/produkt-des-monats\/wp-json\/wp\/v2\/product"}],"about":[{"href":"https:\/\/der-schulbedarf.shop\/produkt-des-monats\/wp-json\/wp\/v2\/types\/product"}],"replies":[{"embeddable":true,"href":"https:\/\/der-schulbedarf.shop\/produkt-des-monats\/wp-json\/wp\/v2\/comments?post=3020"}],"wp:featuredmedia":[{"embeddable":true,"href":"https:\/\/der-schulbedarf.shop\/produkt-des-monats\/wp-json\/wp\/v2\/media\/3385"}],"wp:attachment":[{"href":"https:\/\/der-schulbedarf.shop\/produkt-des-monats\/wp-json\/wp\/v2\/media?parent=3020"}],"wp:term":[{"taxonomy":"product_cat","embeddable":true,"href":"https:\/\/der-schulbedarf.shop\/produkt-des-monats\/wp-json\/wp\/v2\/product_cat?post=3020"},{"taxonomy":"product_tag","embeddable":true,"href":"https:\/\/der-schulbedarf.shop\/produkt-des-monats\/wp-json\/wp\/v2\/product_tag?post=3020"}],"curies":[{"name":"wp","href":"https:\/\/api.w.org\/{rel}","templated":true}]}}