{"id":531,"date":"2023-05-13T04:09:02","date_gmt":"2023-05-13T04:09:02","guid":{"rendered":"https:\/\/der-schulbedarf.Shop\/?post_type=product&#038;p=531"},"modified":"2024-11-27T05:53:37","modified_gmt":"2024-11-27T05:53:37","slug":"tiptoi-puzzle-fuer-kleine-entdecker-rettungseinsatz","status":"publish","type":"product","link":"https:\/\/der-schulbedarf.shop\/produkt-des-monats\/produkt\/tiptoi-puzzle-fuer-kleine-entdecker-rettungseinsatz\/","title":{"rendered":"tiptoi\u00ae Puzzle f\u00fcr kleine Entdecker: Rettungseinsatz"},"content":{"rendered":"<p>Das tiptoi Puzzle f\u00fcr kleine Entdecker Rettungseinsatz vermittelt Wissen und macht Spa\u00df.<br \/>\nWelche Fahrzeuge sind im Einsatz, wenn es brennt? Woher kommt das Wasser, mit dem der Brand gel\u00f6scht wird? Und welche Aufgaben haben Polizei und Rettungsdienst bei einem Autounfall?<br \/>\nSobald die Kinder die Puzzles zusammengesetzt haben, erkunden sie mit tiptoi die Szenen und erfahren Spannendes \u00fcber Einsatzfahrzeuge und Einsatzkr\u00e4fte. Ganz spielerisch f\u00f6rdern sie dabei ihre Motorik und Konzentration.<\/p>\n","protected":false},"excerpt":{"rendered":"<p>Das tiptoi Puzzle f\u00fcr kleine Entdecker Rettungseinsatz vermittelt Wissen und macht Spa\u00df. Welche Fahrzeuge sind im Einsatz, wenn es brennt? Woher kommt das Wasser, mit dem der Brand gel\u00f6scht wird? Und welche Aufgaben haben Polizei und Rettungsdienst bei einem Autounfall? Sobald die Kinder die Puzzles zusammengesetzt haben, erkunden sie mit tiptoi die Szenen und erfahren [&hellip;]<\/p>\n","protected":false},"featured_media":1382,"comment_status":"open","ping_status":"closed","template":"","meta":[],"product_cat":[34,37,39],"product_tag":[111,146,147,113,149,144,148,153,152,151,143,154,145,150,141,136,142],"class_list":{"0":"post-531","1":"product","2":"type-product","3":"status-publish","4":"has-post-thumbnail","6":"product_cat-kinderspielzeug","7":"product_cat-ravensburger","8":"product_cat-tiptoi","9":"product_tag-beschaeftigung","10":"product_tag-einsatzfahrzeuge","11":"product_tag-feuerwehr","12":"product_tag-geschenk","13":"product_tag-lernen","14":"product_tag-lernspiel-ab-3-jahren","15":"product_tag-polizei","16":"product_tag-pussel","17":"product_tag-puzzel","18":"product_tag-puzzle","19":"product_tag-puzzle-ab-3-jahren","20":"product_tag-ravensburger-puzzle","21":"product_tag-rettungseinsatz","22":"product_tag-spielen","23":"product_tag-tip-toi","24":"product_tag-tip-toy","25":"product_tag-tiptoi","26":"post","27":"post-with-thumbnail","28":"post-with-thumbnail-large","30":"first","31":"instock","32":"taxable","33":"shipping-taxable","34":"purchasable","35":"product-type-simple"},"yoast_head":"<!-- This site is optimized with the Yoast SEO plugin v26.6 - https:\/\/yoast.com\/wordpress\/plugins\/seo\/ -->\n<title>tiptoi\u00ae Puzzle f\u00fcr kleine Entdecker: Rettungseinsatz - der-Schulbedarf.shop<\/title>\n<meta name=\"description\" content=\"Das tiptoi Puzzle f\u00fcr kleine Entdecker Rettungseinsatz vermittelt Wissen und macht Spa\u00df.Welche Fahrzeuge sind im Einsatz, wenn es brennt? Woher kommt das Wasser, mit dem der Brand gel\u00f6scht wird? Und welche Aufgaben haben Polizei und Rettungsdienst bei einem Autounfall?Sobald die Kinder die Puzzles zusammengesetzt haben, erkunden sie mit tiptoi die Szenen und erfahren Spannendes \u00fcber Einsatzfahrzeuge und Einsatzkr\u00e4fte. Ganz spielerisch f\u00f6rdern sie dabei ihre Motorik und Konzentration.\" \/>\n<meta name=\"robots\" content=\"index, follow, max-snippet:-1, max-image-preview:large, max-video-preview:-1\" \/>\n<link rel=\"canonical\" href=\"https:\/\/der-schulbedarf.shop\/produkt-des-monats\/produkt\/tiptoi-puzzle-fuer-kleine-entdecker-rettungseinsatz\/\" \/>\n<meta property=\"og:locale\" content=\"de_DE\" \/>\n<meta property=\"og:type\" content=\"article\" \/>\n<meta property=\"og:title\" content=\"tiptoi\u00ae Puzzle f\u00fcr kleine Entdecker: Rettungseinsatz - der-Schulbedarf.shop\" \/>\n<meta property=\"og:description\" content=\"Das tiptoi Puzzle f\u00fcr kleine Entdecker Rettungseinsatz vermittelt Wissen und macht Spa\u00df.Welche Fahrzeuge sind im Einsatz, wenn es brennt? Woher kommt das Wasser, mit dem der Brand gel\u00f6scht wird? Und welche Aufgaben haben Polizei und Rettungsdienst bei einem Autounfall?Sobald die Kinder die Puzzles zusammengesetzt haben, erkunden sie mit tiptoi die Szenen und erfahren Spannendes \u00fcber Einsatzfahrzeuge und Einsatzkr\u00e4fte. Ganz spielerisch f\u00f6rdern sie dabei ihre Motorik und Konzentration.\" \/>\n<meta property=\"og:url\" content=\"https:\/\/der-schulbedarf.shop\/produkt-des-monats\/produkt\/tiptoi-puzzle-fuer-kleine-entdecker-rettungseinsatz\/\" \/>\n<meta property=\"og:site_name\" content=\"der-Schulbedarf.shop\" \/>\n<meta property=\"article:modified_time\" content=\"2024-11-27T05:53:37+00:00\" \/>\n<meta property=\"og:image\" content=\"https:\/\/der-schulbedarf.shop\/wp-content\/uploads\/2023\/05\/Rettungseinsatz-.webp\" \/>\n\t<meta property=\"og:image:width\" content=\"1024\" \/>\n\t<meta property=\"og:image:height\" content=\"755\" \/>\n\t<meta property=\"og:image:type\" content=\"image\/webp\" \/>\n<meta name=\"twitter:card\" content=\"summary_large_image\" \/>\n<meta name=\"twitter:label1\" content=\"Gesch\u00e4tzte Lesezeit\" \/>\n\t<meta name=\"twitter:data1\" content=\"1\u00a0Minute\" \/>\n<script type=\"application\/ld+json\" class=\"yoast-schema-graph\">{\"@context\":\"https:\/\/schema.org\",\"@graph\":[{\"@type\":\"WebPage\",\"@id\":\"https:\/\/der-schulbedarf.shop\/produkt-des-monats\/produkt\/tiptoi-puzzle-fuer-kleine-entdecker-rettungseinsatz\/\",\"url\":\"https:\/\/der-schulbedarf.shop\/produkt-des-monats\/produkt\/tiptoi-puzzle-fuer-kleine-entdecker-rettungseinsatz\/\",\"name\":\"tiptoi\u00ae Puzzle f\u00fcr kleine Entdecker: Rettungseinsatz - der-Schulbedarf.shop\",\"isPartOf\":{\"@id\":\"https:\/\/der-schulbedarf.shop\/produkt-des-monats\/#website\"},\"primaryImageOfPage\":{\"@id\":\"https:\/\/der-schulbedarf.shop\/produkt-des-monats\/produkt\/tiptoi-puzzle-fuer-kleine-entdecker-rettungseinsatz\/#primaryimage\"},\"image\":{\"@id\":\"https:\/\/der-schulbedarf.shop\/produkt-des-monats\/produkt\/tiptoi-puzzle-fuer-kleine-entdecker-rettungseinsatz\/#primaryimage\"},\"thumbnailUrl\":\"https:\/\/der-schulbedarf.shop\/wp-content\/uploads\/2023\/05\/Rettungseinsatz-.webp\",\"datePublished\":\"2023-05-13T04:09:02+00:00\",\"dateModified\":\"2024-11-27T05:53:37+00:00\",\"description\":\"Das tiptoi Puzzle f\u00fcr kleine Entdecker Rettungseinsatz vermittelt Wissen und macht Spa\u00df.Welche Fahrzeuge sind im Einsatz, wenn es brennt? Woher kommt das Wasser, mit dem der Brand gel\u00f6scht wird? Und welche Aufgaben haben Polizei und Rettungsdienst bei einem Autounfall?Sobald die Kinder die Puzzles zusammengesetzt haben, erkunden sie mit tiptoi die Szenen und erfahren Spannendes \u00fcber Einsatzfahrzeuge und Einsatzkr\u00e4fte. Ganz spielerisch f\u00f6rdern sie dabei ihre Motorik und Konzentration.\",\"breadcrumb\":{\"@id\":\"https:\/\/der-schulbedarf.shop\/produkt-des-monats\/produkt\/tiptoi-puzzle-fuer-kleine-entdecker-rettungseinsatz\/#breadcrumb\"},\"inLanguage\":\"de\",\"potentialAction\":[{\"@type\":\"ReadAction\",\"target\":[\"https:\/\/der-schulbedarf.shop\/produkt-des-monats\/produkt\/tiptoi-puzzle-fuer-kleine-entdecker-rettungseinsatz\/\"]}]},{\"@type\":\"ImageObject\",\"inLanguage\":\"de\",\"@id\":\"https:\/\/der-schulbedarf.shop\/produkt-des-monats\/produkt\/tiptoi-puzzle-fuer-kleine-entdecker-rettungseinsatz\/#primaryimage\",\"url\":\"https:\/\/der-schulbedarf.shop\/wp-content\/uploads\/2023\/05\/Rettungseinsatz-.webp\",\"contentUrl\":\"https:\/\/der-schulbedarf.shop\/wp-content\/uploads\/2023\/05\/Rettungseinsatz-.webp\",\"width\":1024,\"height\":755,\"caption\":\"Rettungseinsatz\"},{\"@type\":\"BreadcrumbList\",\"@id\":\"https:\/\/der-schulbedarf.shop\/produkt-des-monats\/produkt\/tiptoi-puzzle-fuer-kleine-entdecker-rettungseinsatz\/#breadcrumb\",\"itemListElement\":[{\"@type\":\"ListItem\",\"position\":1,\"name\":\"Shop\",\"item\":\"https:\/\/der-schulbedarf.shop\/produkt-des-monats\/shop\/\"},{\"@type\":\"ListItem\",\"position\":2,\"name\":\"tiptoi\u00ae Puzzle f\u00fcr kleine Entdecker: Rettungseinsatz\"}]},{\"@type\":\"WebSite\",\"@id\":\"https:\/\/der-schulbedarf.shop\/produkt-des-monats\/#website\",\"url\":\"https:\/\/der-schulbedarf.shop\/produkt-des-monats\/\",\"name\":\"der-Schulbedarf.shop\",\"description\":\"\",\"publisher\":{\"@id\":\"https:\/\/der-schulbedarf.shop\/produkt-des-monats\/#organization\"},\"potentialAction\":[{\"@type\":\"SearchAction\",\"target\":{\"@type\":\"EntryPoint\",\"urlTemplate\":\"https:\/\/der-schulbedarf.shop\/produkt-des-monats\/?s={search_term_string}\"},\"query-input\":{\"@type\":\"PropertyValueSpecification\",\"valueRequired\":true,\"valueName\":\"search_term_string\"}}],\"inLanguage\":\"de\"},{\"@type\":\"Organization\",\"@id\":\"https:\/\/der-schulbedarf.shop\/produkt-des-monats\/#organization\",\"name\":\"der-Schulbedarf.shop\",\"url\":\"https:\/\/der-schulbedarf.shop\/produkt-des-monats\/\",\"logo\":{\"@type\":\"ImageObject\",\"inLanguage\":\"de\",\"@id\":\"https:\/\/der-schulbedarf.shop\/produkt-des-monats\/#\/schema\/logo\/image\/\",\"url\":\"https:\/\/der-schulbedarf.shop\/wp-content\/uploads\/2024\/02\/grafik-e1709551115899.png\",\"contentUrl\":\"https:\/\/der-schulbedarf.shop\/wp-content\/uploads\/2024\/02\/grafik-e1709551115899.png\",\"width\":80,\"height\":80,\"caption\":\"der-Schulbedarf.shop\"},\"image\":{\"@id\":\"https:\/\/der-schulbedarf.shop\/produkt-des-monats\/#\/schema\/logo\/image\/\"}}]}<\/script>\n<!-- \/ Yoast SEO plugin. -->","yoast_head_json":{"title":"tiptoi\u00ae Puzzle f\u00fcr kleine Entdecker: Rettungseinsatz - der-Schulbedarf.shop","description":"Das tiptoi Puzzle f\u00fcr kleine Entdecker Rettungseinsatz vermittelt Wissen und macht Spa\u00df.Welche Fahrzeuge sind im Einsatz, wenn es brennt? Woher kommt das Wasser, mit dem der Brand gel\u00f6scht wird? Und welche Aufgaben haben Polizei und Rettungsdienst bei einem Autounfall?Sobald die Kinder die Puzzles zusammengesetzt haben, erkunden sie mit tiptoi die Szenen und erfahren Spannendes \u00fcber Einsatzfahrzeuge und Einsatzkr\u00e4fte. Ganz spielerisch f\u00f6rdern sie dabei ihre Motorik und Konzentration.","robots":{"index":"index","follow":"follow","max-snippet":"max-snippet:-1","max-image-preview":"max-image-preview:large","max-video-preview":"max-video-preview:-1"},"canonical":"https:\/\/der-schulbedarf.shop\/produkt-des-monats\/produkt\/tiptoi-puzzle-fuer-kleine-entdecker-rettungseinsatz\/","og_locale":"de_DE","og_type":"article","og_title":"tiptoi\u00ae Puzzle f\u00fcr kleine Entdecker: Rettungseinsatz - der-Schulbedarf.shop","og_description":"Das tiptoi Puzzle f\u00fcr kleine Entdecker Rettungseinsatz vermittelt Wissen und macht Spa\u00df.Welche Fahrzeuge sind im Einsatz, wenn es brennt? Woher kommt das Wasser, mit dem der Brand gel\u00f6scht wird? Und welche Aufgaben haben Polizei und Rettungsdienst bei einem Autounfall?Sobald die Kinder die Puzzles zusammengesetzt haben, erkunden sie mit tiptoi die Szenen und erfahren Spannendes \u00fcber Einsatzfahrzeuge und Einsatzkr\u00e4fte. Ganz spielerisch f\u00f6rdern sie dabei ihre Motorik und Konzentration.","og_url":"https:\/\/der-schulbedarf.shop\/produkt-des-monats\/produkt\/tiptoi-puzzle-fuer-kleine-entdecker-rettungseinsatz\/","og_site_name":"der-Schulbedarf.shop","article_modified_time":"2024-11-27T05:53:37+00:00","og_image":[{"width":1024,"height":755,"url":"https:\/\/der-schulbedarf.shop\/wp-content\/uploads\/2023\/05\/Rettungseinsatz-.webp","type":"image\/webp"}],"twitter_card":"summary_large_image","twitter_misc":{"Gesch\u00e4tzte Lesezeit":"1\u00a0Minute"},"schema":{"@context":"https:\/\/schema.org","@graph":[{"@type":"WebPage","@id":"https:\/\/der-schulbedarf.shop\/produkt-des-monats\/produkt\/tiptoi-puzzle-fuer-kleine-entdecker-rettungseinsatz\/","url":"https:\/\/der-schulbedarf.shop\/produkt-des-monats\/produkt\/tiptoi-puzzle-fuer-kleine-entdecker-rettungseinsatz\/","name":"tiptoi\u00ae Puzzle f\u00fcr kleine Entdecker: Rettungseinsatz - der-Schulbedarf.shop","isPartOf":{"@id":"https:\/\/der-schulbedarf.shop\/produkt-des-monats\/#website"},"primaryImageOfPage":{"@id":"https:\/\/der-schulbedarf.shop\/produkt-des-monats\/produkt\/tiptoi-puzzle-fuer-kleine-entdecker-rettungseinsatz\/#primaryimage"},"image":{"@id":"https:\/\/der-schulbedarf.shop\/produkt-des-monats\/produkt\/tiptoi-puzzle-fuer-kleine-entdecker-rettungseinsatz\/#primaryimage"},"thumbnailUrl":"https:\/\/der-schulbedarf.shop\/wp-content\/uploads\/2023\/05\/Rettungseinsatz-.webp","datePublished":"2023-05-13T04:09:02+00:00","dateModified":"2024-11-27T05:53:37+00:00","description":"Das tiptoi Puzzle f\u00fcr kleine Entdecker Rettungseinsatz vermittelt Wissen und macht Spa\u00df.Welche Fahrzeuge sind im Einsatz, wenn es brennt? Woher kommt das Wasser, mit dem der Brand gel\u00f6scht wird? Und welche Aufgaben haben Polizei und Rettungsdienst bei einem Autounfall?Sobald die Kinder die Puzzles zusammengesetzt haben, erkunden sie mit tiptoi die Szenen und erfahren Spannendes \u00fcber Einsatzfahrzeuge und Einsatzkr\u00e4fte. Ganz spielerisch f\u00f6rdern sie dabei ihre Motorik und Konzentration.","breadcrumb":{"@id":"https:\/\/der-schulbedarf.shop\/produkt-des-monats\/produkt\/tiptoi-puzzle-fuer-kleine-entdecker-rettungseinsatz\/#breadcrumb"},"inLanguage":"de","potentialAction":[{"@type":"ReadAction","target":["https:\/\/der-schulbedarf.shop\/produkt-des-monats\/produkt\/tiptoi-puzzle-fuer-kleine-entdecker-rettungseinsatz\/"]}]},{"@type":"ImageObject","inLanguage":"de","@id":"https:\/\/der-schulbedarf.shop\/produkt-des-monats\/produkt\/tiptoi-puzzle-fuer-kleine-entdecker-rettungseinsatz\/#primaryimage","url":"https:\/\/der-schulbedarf.shop\/wp-content\/uploads\/2023\/05\/Rettungseinsatz-.webp","contentUrl":"https:\/\/der-schulbedarf.shop\/wp-content\/uploads\/2023\/05\/Rettungseinsatz-.webp","width":1024,"height":755,"caption":"Rettungseinsatz"},{"@type":"BreadcrumbList","@id":"https:\/\/der-schulbedarf.shop\/produkt-des-monats\/produkt\/tiptoi-puzzle-fuer-kleine-entdecker-rettungseinsatz\/#breadcrumb","itemListElement":[{"@type":"ListItem","position":1,"name":"Shop","item":"https:\/\/der-schulbedarf.shop\/produkt-des-monats\/shop\/"},{"@type":"ListItem","position":2,"name":"tiptoi\u00ae Puzzle f\u00fcr kleine Entdecker: Rettungseinsatz"}]},{"@type":"WebSite","@id":"https:\/\/der-schulbedarf.shop\/produkt-des-monats\/#website","url":"https:\/\/der-schulbedarf.shop\/produkt-des-monats\/","name":"der-Schulbedarf.shop","description":"","publisher":{"@id":"https:\/\/der-schulbedarf.shop\/produkt-des-monats\/#organization"},"potentialAction":[{"@type":"SearchAction","target":{"@type":"EntryPoint","urlTemplate":"https:\/\/der-schulbedarf.shop\/produkt-des-monats\/?s={search_term_string}"},"query-input":{"@type":"PropertyValueSpecification","valueRequired":true,"valueName":"search_term_string"}}],"inLanguage":"de"},{"@type":"Organization","@id":"https:\/\/der-schulbedarf.shop\/produkt-des-monats\/#organization","name":"der-Schulbedarf.shop","url":"https:\/\/der-schulbedarf.shop\/produkt-des-monats\/","logo":{"@type":"ImageObject","inLanguage":"de","@id":"https:\/\/der-schulbedarf.shop\/produkt-des-monats\/#\/schema\/logo\/image\/","url":"https:\/\/der-schulbedarf.shop\/wp-content\/uploads\/2024\/02\/grafik-e1709551115899.png","contentUrl":"https:\/\/der-schulbedarf.shop\/wp-content\/uploads\/2024\/02\/grafik-e1709551115899.png","width":80,"height":80,"caption":"der-Schulbedarf.shop"},"image":{"@id":"https:\/\/der-schulbedarf.shop\/produkt-des-monats\/#\/schema\/logo\/image\/"}}]}},"_links":{"self":[{"href":"https:\/\/der-schulbedarf.shop\/produkt-des-monats\/wp-json\/wp\/v2\/product\/531","targetHints":{"allow":["GET"]}}],"collection":[{"href":"https:\/\/der-schulbedarf.shop\/produkt-des-monats\/wp-json\/wp\/v2\/product"}],"about":[{"href":"https:\/\/der-schulbedarf.shop\/produkt-des-monats\/wp-json\/wp\/v2\/types\/product"}],"replies":[{"embeddable":true,"href":"https:\/\/der-schulbedarf.shop\/produkt-des-monats\/wp-json\/wp\/v2\/comments?post=531"}],"wp:featuredmedia":[{"embeddable":true,"href":"https:\/\/der-schulbedarf.shop\/produkt-des-monats\/wp-json\/wp\/v2\/media\/1382"}],"wp:attachment":[{"href":"https:\/\/der-schulbedarf.shop\/produkt-des-monats\/wp-json\/wp\/v2\/media?parent=531"}],"wp:term":[{"taxonomy":"product_cat","embeddable":true,"href":"https:\/\/der-schulbedarf.shop\/produkt-des-monats\/wp-json\/wp\/v2\/product_cat?post=531"},{"taxonomy":"product_tag","embeddable":true,"href":"https:\/\/der-schulbedarf.shop\/produkt-des-monats\/wp-json\/wp\/v2\/product_tag?post=531"}],"curies":[{"name":"wp","href":"https:\/\/api.w.org\/{rel}","templated":true}]}}