{"id":566,"date":"2023-05-13T05:25:04","date_gmt":"2023-05-13T05:25:04","guid":{"rendered":"https:\/\/der-schulbedarf.Shop\/?post_type=product&#038;p=566"},"modified":"2025-07-02T15:02:09","modified_gmt":"2025-07-02T15:02:09","slug":"ravensburger-die-welt","status":"publish","type":"product","link":"https:\/\/der-schulbedarf.shop\/produkt-des-monats\/produkt\/ravensburger-die-welt\/","title":{"rendered":"Ravensburger Die Welt"},"content":{"rendered":"<p data-start=\"84\" data-end=\"394\">Altersgerechter Puzzlespa\u00df im XXL-Format:<br data-start=\"125\" data-end=\"128\" \/>Ein Tauchgang in bunte Unterwasserwelten, eine Zeitreise ins Land der Dinosaurier, eine Entdeckungstour zu Tigern, Elefanten &amp; Co. oder ein zauberhaftes Abenteuer im Einhornland \u2013 Puzzleteil f\u00fcr Puzzleteil k\u00f6nnen Kinder in fantastische Welten eintauchen und staunen!<\/p>\n<p data-start=\"396\" data-end=\"689\">Unsere Puzzles \u00fcberzeugen durch hervorragende Verarbeitung und bestehen aus Materialien aus nachhaltiger Forstwirtschaft. P\u00e4dagogisch wertvoll und mit viel Lernspa\u00df verbunden: Teile suchen, anlegen und sich \u00fcber das wachsende Bild freuen \u2013 Puzzeln bedeutet, wenn ein Erfolg den n\u00e4chsten folgt.<\/p>\n<p data-start=\"691\" data-end=\"951\">Deshalb lieben es Kinder, ihre Lieblingsmotive immer wieder neu zusammenzusetzen. Doch Puzzles bieten mehr als nur Spa\u00df: Bei passender Schwierigkeit wachsen Kinder jeden Alters an den Herausforderungen, verbessern ihre Geduld und st\u00e4rken ihr Selbstbewusstsein.<\/p>\n<p data-start=\"953\" data-end=\"1108\">In der gro\u00dfen Auswahl an Ravensburger Kinderpuzzles mit den beliebtesten Motiven \u2013 von 2 bis 300 Teilen \u2013 ist garantiert f\u00fcr jedes Kind das Richtige dabei.<\/p>\n<p data-start=\"1110\" data-end=\"1317\">Die sorgf\u00e4ltige Auswahl der Motive und die hohe Qualit\u00e4t unserer Kinderpuzzles sind uns besonders wichtig. Deshalb wird die Sicherheit aller Materialien von einem unabh\u00e4ngigen Institut gepr\u00fcft und best\u00e4tigt.<\/p>\n<p data-start=\"1319\" data-end=\"1442\">Seit \u00fcber 100 Jahren entwickeln wir Puzzles genau so, wie Kinder sie lieben: altersgerecht in Motiv, Teileanzahl und Gr\u00f6\u00dfe.<\/p>\n<p>&nbsp;<\/p>\n<p>&nbsp;<\/p>\n","protected":false},"excerpt":{"rendered":"<p>Altersgerechter Puzzlespa\u00df im XXL-Format:Ein Tauchgang in bunte Unterwasserwelten, eine Zeitreise ins Land der Dinosaurier, eine Entdeckungstour zu Tigern, Elefanten &amp; Co. oder ein zauberhaftes Abenteuer im Einhornland \u2013 Puzzleteil f\u00fcr Puzzleteil k\u00f6nnen Kinder in fantastische Welten eintauchen und staunen! Unsere Puzzles \u00fcberzeugen durch hervorragende Verarbeitung und bestehen aus Materialien aus nachhaltiger Forstwirtschaft. P\u00e4dagogisch wertvoll und [&hellip;]<\/p>\n","protected":false},"featured_media":1061,"comment_status":"open","ping_status":"closed","template":"","meta":[],"product_cat":[34,37],"product_tag":[111,115,114,113,112,155,156,157,153,152,151,158,169],"class_list":{"0":"post-566","1":"product","2":"type-product","3":"status-publish","4":"has-post-thumbnail","6":"product_cat-kinderspielzeug","7":"product_cat-ravensburger","8":"product_tag-beschaeftigung","9":"product_tag-fuer-jungen","10":"product_tag-fuer-maedchen","11":"product_tag-geschenk","12":"product_tag-geschenkidee","13":"product_tag-kinderpuzzle","14":"product_tag-konzentrationstraining","15":"product_tag-legespiel","16":"product_tag-pussel","17":"product_tag-puzzel","18":"product_tag-puzzle","19":"product_tag-puzzle-fuer-kinder","20":"product_tag-ravensburger-puzzlebu249","21":"post","22":"post-with-thumbnail","23":"post-with-thumbnail-large","25":"first","26":"instock","27":"taxable","28":"shipping-taxable","29":"purchasable","30":"product-type-simple"},"yoast_head":"<!-- This site is optimized with the Yoast SEO plugin v26.6 - https:\/\/yoast.com\/wordpress\/plugins\/seo\/ -->\n<title>Ravensburger Die Welt - der-Schulbedarf.shop<\/title>\n<meta name=\"description\" content=\"A dive into colorful underwater worlds, a journey through time to the land of dinosaurs, a discovery tour to the home of tigers, elephants &amp; co, or an enchanting adventure in unicorn land - puzzle piece by puzzle piece, children can immerse themselves in fantastic worlds and be amazed ! Our jigsaw puzzles are manufactured with excellent workmanship using material from sustainable forestry. Pedagogically valuable and with a lot of learning fun. Search for pieces, add them and enjoy the ever-growing picture \u2013 jigsaw puzzles are when one success follows the next. That&#039;s why children love to put the puzzle pieces together again and again to create their favorite motifs. But jigsaw puzzles offer more than fun: with the right difficulty\" \/>\n<meta name=\"robots\" content=\"index, follow, max-snippet:-1, max-image-preview:large, max-video-preview:-1\" \/>\n<link rel=\"canonical\" href=\"https:\/\/der-schulbedarf.shop\/produkt-des-monats\/produkt\/ravensburger-die-welt\/\" \/>\n<meta property=\"og:locale\" content=\"de_DE\" \/>\n<meta property=\"og:type\" content=\"article\" \/>\n<meta property=\"og:title\" content=\"Ravensburger Die Welt - der-Schulbedarf.shop\" \/>\n<meta property=\"og:description\" content=\"A dive into colorful underwater worlds, a journey through time to the land of dinosaurs, a discovery tour to the home of tigers, elephants &amp; co, or an enchanting adventure in unicorn land - puzzle piece by puzzle piece, children can immerse themselves in fantastic worlds and be amazed ! Our jigsaw puzzles are manufactured with excellent workmanship using material from sustainable forestry. Pedagogically valuable and with a lot of learning fun. Search for pieces, add them and enjoy the ever-growing picture \u2013 jigsaw puzzles are when one success follows the next. That&#039;s why children love to put the puzzle pieces together again and again to create their favorite motifs. But jigsaw puzzles offer more than fun: with the right difficulty\" \/>\n<meta property=\"og:url\" content=\"https:\/\/der-schulbedarf.shop\/produkt-des-monats\/produkt\/ravensburger-die-welt\/\" \/>\n<meta property=\"og:site_name\" content=\"der-Schulbedarf.shop\" \/>\n<meta property=\"article:modified_time\" content=\"2025-07-02T15:02:09+00:00\" \/>\n<meta property=\"og:image\" content=\"https:\/\/der-schulbedarf.shop\/wp-content\/uploads\/2023\/05\/Die-Welt.webp\" \/>\n\t<meta property=\"og:image:width\" content=\"1024\" \/>\n\t<meta property=\"og:image:height\" content=\"739\" \/>\n\t<meta property=\"og:image:type\" content=\"image\/webp\" \/>\n<meta name=\"twitter:card\" content=\"summary_large_image\" \/>\n<meta name=\"twitter:label1\" content=\"Gesch\u00e4tzte Lesezeit\" \/>\n\t<meta name=\"twitter:data1\" content=\"2\u00a0Minuten\" \/>\n<script type=\"application\/ld+json\" class=\"yoast-schema-graph\">{\"@context\":\"https:\/\/schema.org\",\"@graph\":[{\"@type\":\"WebPage\",\"@id\":\"https:\/\/der-schulbedarf.shop\/produkt-des-monats\/produkt\/ravensburger-die-welt\/\",\"url\":\"https:\/\/der-schulbedarf.shop\/produkt-des-monats\/produkt\/ravensburger-die-welt\/\",\"name\":\"Ravensburger Die Welt - der-Schulbedarf.shop\",\"isPartOf\":{\"@id\":\"https:\/\/der-schulbedarf.shop\/produkt-des-monats\/#website\"},\"primaryImageOfPage\":{\"@id\":\"https:\/\/der-schulbedarf.shop\/produkt-des-monats\/produkt\/ravensburger-die-welt\/#primaryimage\"},\"image\":{\"@id\":\"https:\/\/der-schulbedarf.shop\/produkt-des-monats\/produkt\/ravensburger-die-welt\/#primaryimage\"},\"thumbnailUrl\":\"https:\/\/der-schulbedarf.shop\/wp-content\/uploads\/2023\/05\/Die-Welt.webp\",\"datePublished\":\"2023-05-13T05:25:04+00:00\",\"dateModified\":\"2025-07-02T15:02:09+00:00\",\"description\":\"A dive into colorful underwater worlds, a journey through time to the land of dinosaurs, a discovery tour to the home of tigers, elephants & co, or an enchanting adventure in unicorn land - puzzle piece by puzzle piece, children can immerse themselves in fantastic worlds and be amazed ! Our jigsaw puzzles are manufactured with excellent workmanship using material from sustainable forestry. Pedagogically valuable and with a lot of learning fun. Search for pieces, add them and enjoy the ever-growing picture \u2013 jigsaw puzzles are when one success follows the next. That's why children love to put the puzzle pieces together again and again to create their favorite motifs. But jigsaw puzzles offer more than fun: with the right difficulty\",\"breadcrumb\":{\"@id\":\"https:\/\/der-schulbedarf.shop\/produkt-des-monats\/produkt\/ravensburger-die-welt\/#breadcrumb\"},\"inLanguage\":\"de\",\"potentialAction\":[{\"@type\":\"ReadAction\",\"target\":[\"https:\/\/der-schulbedarf.shop\/produkt-des-monats\/produkt\/ravensburger-die-welt\/\"]}]},{\"@type\":\"ImageObject\",\"inLanguage\":\"de\",\"@id\":\"https:\/\/der-schulbedarf.shop\/produkt-des-monats\/produkt\/ravensburger-die-welt\/#primaryimage\",\"url\":\"https:\/\/der-schulbedarf.shop\/wp-content\/uploads\/2023\/05\/Die-Welt.webp\",\"contentUrl\":\"https:\/\/der-schulbedarf.shop\/wp-content\/uploads\/2023\/05\/Die-Welt.webp\",\"width\":1024,\"height\":739,\"caption\":\"Die-Welt\"},{\"@type\":\"BreadcrumbList\",\"@id\":\"https:\/\/der-schulbedarf.shop\/produkt-des-monats\/produkt\/ravensburger-die-welt\/#breadcrumb\",\"itemListElement\":[{\"@type\":\"ListItem\",\"position\":1,\"name\":\"Shop\",\"item\":\"https:\/\/der-schulbedarf.shop\/produkt-des-monats\/shop\/\"},{\"@type\":\"ListItem\",\"position\":2,\"name\":\"Ravensburger Die Welt\"}]},{\"@type\":\"WebSite\",\"@id\":\"https:\/\/der-schulbedarf.shop\/produkt-des-monats\/#website\",\"url\":\"https:\/\/der-schulbedarf.shop\/produkt-des-monats\/\",\"name\":\"der-Schulbedarf.shop\",\"description\":\"\",\"publisher\":{\"@id\":\"https:\/\/der-schulbedarf.shop\/produkt-des-monats\/#organization\"},\"potentialAction\":[{\"@type\":\"SearchAction\",\"target\":{\"@type\":\"EntryPoint\",\"urlTemplate\":\"https:\/\/der-schulbedarf.shop\/produkt-des-monats\/?s={search_term_string}\"},\"query-input\":{\"@type\":\"PropertyValueSpecification\",\"valueRequired\":true,\"valueName\":\"search_term_string\"}}],\"inLanguage\":\"de\"},{\"@type\":\"Organization\",\"@id\":\"https:\/\/der-schulbedarf.shop\/produkt-des-monats\/#organization\",\"name\":\"der-Schulbedarf.shop\",\"url\":\"https:\/\/der-schulbedarf.shop\/produkt-des-monats\/\",\"logo\":{\"@type\":\"ImageObject\",\"inLanguage\":\"de\",\"@id\":\"https:\/\/der-schulbedarf.shop\/produkt-des-monats\/#\/schema\/logo\/image\/\",\"url\":\"https:\/\/der-schulbedarf.shop\/wp-content\/uploads\/2024\/02\/grafik-e1709551115899.png\",\"contentUrl\":\"https:\/\/der-schulbedarf.shop\/wp-content\/uploads\/2024\/02\/grafik-e1709551115899.png\",\"width\":80,\"height\":80,\"caption\":\"der-Schulbedarf.shop\"},\"image\":{\"@id\":\"https:\/\/der-schulbedarf.shop\/produkt-des-monats\/#\/schema\/logo\/image\/\"}}]}<\/script>\n<!-- \/ Yoast SEO plugin. -->","yoast_head_json":{"title":"Ravensburger Die Welt - der-Schulbedarf.shop","description":"A dive into colorful underwater worlds, a journey through time to the land of dinosaurs, a discovery tour to the home of tigers, elephants & co, or an enchanting adventure in unicorn land - puzzle piece by puzzle piece, children can immerse themselves in fantastic worlds and be amazed ! Our jigsaw puzzles are manufactured with excellent workmanship using material from sustainable forestry. Pedagogically valuable and with a lot of learning fun. Search for pieces, add them and enjoy the ever-growing picture \u2013 jigsaw puzzles are when one success follows the next. That's why children love to put the puzzle pieces together again and again to create their favorite motifs. But jigsaw puzzles offer more than fun: with the right difficulty","robots":{"index":"index","follow":"follow","max-snippet":"max-snippet:-1","max-image-preview":"max-image-preview:large","max-video-preview":"max-video-preview:-1"},"canonical":"https:\/\/der-schulbedarf.shop\/produkt-des-monats\/produkt\/ravensburger-die-welt\/","og_locale":"de_DE","og_type":"article","og_title":"Ravensburger Die Welt - der-Schulbedarf.shop","og_description":"A dive into colorful underwater worlds, a journey through time to the land of dinosaurs, a discovery tour to the home of tigers, elephants & co, or an enchanting adventure in unicorn land - puzzle piece by puzzle piece, children can immerse themselves in fantastic worlds and be amazed ! Our jigsaw puzzles are manufactured with excellent workmanship using material from sustainable forestry. Pedagogically valuable and with a lot of learning fun. Search for pieces, add them and enjoy the ever-growing picture \u2013 jigsaw puzzles are when one success follows the next. That's why children love to put the puzzle pieces together again and again to create their favorite motifs. But jigsaw puzzles offer more than fun: with the right difficulty","og_url":"https:\/\/der-schulbedarf.shop\/produkt-des-monats\/produkt\/ravensburger-die-welt\/","og_site_name":"der-Schulbedarf.shop","article_modified_time":"2025-07-02T15:02:09+00:00","og_image":[{"width":1024,"height":739,"url":"https:\/\/der-schulbedarf.shop\/wp-content\/uploads\/2023\/05\/Die-Welt.webp","type":"image\/webp"}],"twitter_card":"summary_large_image","twitter_misc":{"Gesch\u00e4tzte Lesezeit":"2\u00a0Minuten"},"schema":{"@context":"https:\/\/schema.org","@graph":[{"@type":"WebPage","@id":"https:\/\/der-schulbedarf.shop\/produkt-des-monats\/produkt\/ravensburger-die-welt\/","url":"https:\/\/der-schulbedarf.shop\/produkt-des-monats\/produkt\/ravensburger-die-welt\/","name":"Ravensburger Die Welt - der-Schulbedarf.shop","isPartOf":{"@id":"https:\/\/der-schulbedarf.shop\/produkt-des-monats\/#website"},"primaryImageOfPage":{"@id":"https:\/\/der-schulbedarf.shop\/produkt-des-monats\/produkt\/ravensburger-die-welt\/#primaryimage"},"image":{"@id":"https:\/\/der-schulbedarf.shop\/produkt-des-monats\/produkt\/ravensburger-die-welt\/#primaryimage"},"thumbnailUrl":"https:\/\/der-schulbedarf.shop\/wp-content\/uploads\/2023\/05\/Die-Welt.webp","datePublished":"2023-05-13T05:25:04+00:00","dateModified":"2025-07-02T15:02:09+00:00","description":"A dive into colorful underwater worlds, a journey through time to the land of dinosaurs, a discovery tour to the home of tigers, elephants & co, or an enchanting adventure in unicorn land - puzzle piece by puzzle piece, children can immerse themselves in fantastic worlds and be amazed ! Our jigsaw puzzles are manufactured with excellent workmanship using material from sustainable forestry. Pedagogically valuable and with a lot of learning fun. Search for pieces, add them and enjoy the ever-growing picture \u2013 jigsaw puzzles are when one success follows the next. That's why children love to put the puzzle pieces together again and again to create their favorite motifs. But jigsaw puzzles offer more than fun: with the right difficulty","breadcrumb":{"@id":"https:\/\/der-schulbedarf.shop\/produkt-des-monats\/produkt\/ravensburger-die-welt\/#breadcrumb"},"inLanguage":"de","potentialAction":[{"@type":"ReadAction","target":["https:\/\/der-schulbedarf.shop\/produkt-des-monats\/produkt\/ravensburger-die-welt\/"]}]},{"@type":"ImageObject","inLanguage":"de","@id":"https:\/\/der-schulbedarf.shop\/produkt-des-monats\/produkt\/ravensburger-die-welt\/#primaryimage","url":"https:\/\/der-schulbedarf.shop\/wp-content\/uploads\/2023\/05\/Die-Welt.webp","contentUrl":"https:\/\/der-schulbedarf.shop\/wp-content\/uploads\/2023\/05\/Die-Welt.webp","width":1024,"height":739,"caption":"Die-Welt"},{"@type":"BreadcrumbList","@id":"https:\/\/der-schulbedarf.shop\/produkt-des-monats\/produkt\/ravensburger-die-welt\/#breadcrumb","itemListElement":[{"@type":"ListItem","position":1,"name":"Shop","item":"https:\/\/der-schulbedarf.shop\/produkt-des-monats\/shop\/"},{"@type":"ListItem","position":2,"name":"Ravensburger Die Welt"}]},{"@type":"WebSite","@id":"https:\/\/der-schulbedarf.shop\/produkt-des-monats\/#website","url":"https:\/\/der-schulbedarf.shop\/produkt-des-monats\/","name":"der-Schulbedarf.shop","description":"","publisher":{"@id":"https:\/\/der-schulbedarf.shop\/produkt-des-monats\/#organization"},"potentialAction":[{"@type":"SearchAction","target":{"@type":"EntryPoint","urlTemplate":"https:\/\/der-schulbedarf.shop\/produkt-des-monats\/?s={search_term_string}"},"query-input":{"@type":"PropertyValueSpecification","valueRequired":true,"valueName":"search_term_string"}}],"inLanguage":"de"},{"@type":"Organization","@id":"https:\/\/der-schulbedarf.shop\/produkt-des-monats\/#organization","name":"der-Schulbedarf.shop","url":"https:\/\/der-schulbedarf.shop\/produkt-des-monats\/","logo":{"@type":"ImageObject","inLanguage":"de","@id":"https:\/\/der-schulbedarf.shop\/produkt-des-monats\/#\/schema\/logo\/image\/","url":"https:\/\/der-schulbedarf.shop\/wp-content\/uploads\/2024\/02\/grafik-e1709551115899.png","contentUrl":"https:\/\/der-schulbedarf.shop\/wp-content\/uploads\/2024\/02\/grafik-e1709551115899.png","width":80,"height":80,"caption":"der-Schulbedarf.shop"},"image":{"@id":"https:\/\/der-schulbedarf.shop\/produkt-des-monats\/#\/schema\/logo\/image\/"}}]}},"_links":{"self":[{"href":"https:\/\/der-schulbedarf.shop\/produkt-des-monats\/wp-json\/wp\/v2\/product\/566","targetHints":{"allow":["GET"]}}],"collection":[{"href":"https:\/\/der-schulbedarf.shop\/produkt-des-monats\/wp-json\/wp\/v2\/product"}],"about":[{"href":"https:\/\/der-schulbedarf.shop\/produkt-des-monats\/wp-json\/wp\/v2\/types\/product"}],"replies":[{"embeddable":true,"href":"https:\/\/der-schulbedarf.shop\/produkt-des-monats\/wp-json\/wp\/v2\/comments?post=566"}],"wp:featuredmedia":[{"embeddable":true,"href":"https:\/\/der-schulbedarf.shop\/produkt-des-monats\/wp-json\/wp\/v2\/media\/1061"}],"wp:attachment":[{"href":"https:\/\/der-schulbedarf.shop\/produkt-des-monats\/wp-json\/wp\/v2\/media?parent=566"}],"wp:term":[{"taxonomy":"product_cat","embeddable":true,"href":"https:\/\/der-schulbedarf.shop\/produkt-des-monats\/wp-json\/wp\/v2\/product_cat?post=566"},{"taxonomy":"product_tag","embeddable":true,"href":"https:\/\/der-schulbedarf.shop\/produkt-des-monats\/wp-json\/wp\/v2\/product_tag?post=566"}],"curies":[{"name":"wp","href":"https:\/\/api.w.org\/{rel}","templated":true}]}}