{"id":813,"date":"2023-06-07T10:58:58","date_gmt":"2023-06-07T10:58:58","guid":{"rendered":"https:\/\/der-schulbedarf.Shop\/?post_type=product&#038;p=813"},"modified":"2024-11-26T13:01:57","modified_gmt":"2024-11-26T13:01:57","slug":"der-magische-blumenladen-fuer-erstleser-band-4-die-gestohlene-freundin","status":"publish","type":"product","link":"https:\/\/der-schulbedarf.shop\/produkt-des-monats\/produkt\/der-magische-blumenladen-fuer-erstleser-band-4-die-gestohlene-freundin\/","title":{"rendered":"Der magische Blumenladen f\u00fcr Erstleser, Band 4: Die gestohlene Freundin"},"content":{"rendered":"<p>Hinter jeder Blume steckt ein Zauber!<\/p>\n<p>Band 4: Violet und Lottie sind beste Freundinnen. Eigentlich! In letzter Zeit spielt Lottie n\u00e4mlich immer \u00f6fter mit Hanna. Und die n\u00fctzt fiese Tricks, um Lottie ganz f\u00fcr sich zu haben. Violet ist sauer! Ob Blumenmagie ihre Freundschaft retten kann?<\/p>\n<p>Mit vierfarbigen Illustrationen und Fibelschrift f\u00fcr Leseanf\u00e4nger ab 6 Jahren geeignet.<\/p>\n<p>Violets Tante Abigail hat einen wundervollen Blumenladen &#8211; und kann mit magischen Blumen Menschen gl\u00fccklich machen. Violet hat diese Gabe geerbt, doch eigentlich ist sie noch zu klein f\u00fcr Blumenmagie. Das findet zumindest Tante Abigail&#8230; Violet und Lottie sind schon lange befreundet. Doch dann kommt Hanna neu in die Gegend und Lottie spielt immer \u00f6fter nur mit ihr. Kein Wunder! Hanna tut auch alles daf\u00fcr, dass sie Lottie nur f\u00fcr sich hat! Sogar eine Erdbeerallergie t\u00e4uscht sie vor, doch Violet durchschaut das Man\u00f6ver. Und ist jetzt so richtig sauer! Ob Blumenmagie die Freundschaft mit Lottie retten kann? Aber was ist diesmal die richtige Pflanze? Die Adios-Blume oder Das tr\u00e4nende Herz? Band 1: Der magische Blumenladen f\u00fcr Erstleser \u2013 Die verschwundenen Katzen Band 2: Der magische Blumenladen f\u00fcr Erstleser \u2013 Das geheimnisvolle M\u00e4dchen Band 3: Der magische Blumenladen f\u00fcr Erstleser \u2013 Der verzauberte Esel Band 4: Der magische Blumenladen f\u00fcr Erstleser \u2013 Die gestohlene Freundin<\/p>\n<p>&nbsp;<\/p>\n<p>&nbsp;<\/p>\n","protected":false},"excerpt":{"rendered":"<p>Hinter jeder Blume steckt ein Zauber! Band 4: Violet und Lottie sind beste Freundinnen. Eigentlich! In letzter Zeit spielt Lottie n\u00e4mlich immer \u00f6fter mit Hanna. Und die n\u00fctzt fiese Tricks, um Lottie ganz f\u00fcr sich zu haben. Violet ist sauer! Ob Blumenmagie ihre Freundschaft retten kann? Mit vierfarbigen Illustrationen und Fibelschrift f\u00fcr Leseanf\u00e4nger ab 6 [&hellip;]<\/p>\n","protected":false},"featured_media":2641,"comment_status":"open","ping_status":"closed","template":"","meta":[],"product_cat":[224,915,944,37,225],"product_tag":[192,111,339,333,330,200,201,332,196,197,195,334,190,115,199,114,113,210,112,198,181,202,179,189,188,182,193,180,167,187,177,178],"class_list":{"0":"post-813","1":"product","2":"type-product","3":"status-publish","4":"has-post-thumbnail","6":"product_cat-kinderbuecher","7":"product_cat-produkt-feeds","8":"product_cat-produktzufuehrung-geizhal","9":"product_cat-ravensburger","10":"product_cat-ravensburger-kinderbuecher","11":"product_tag-antolin","12":"product_tag-beschaeftigung","13":"product_tag-beste-freundin","14":"product_tag-blumen","15":"product_tag-blumenladen","16":"product_tag-buch","17":"product_tag-buecher","18":"product_tag-eifersucht","19":"product_tag-erstlesebuch","20":"product_tag-erstlesebuecher","21":"product_tag-erstleser","22":"product_tag-erstlesereihe","23":"product_tag-freundschaft","24":"product_tag-fuer-jungen","25":"product_tag-fuer-kinder-ab-6-jahre","26":"product_tag-fuer-maedchen","27":"product_tag-geschenk","28":"product_tag-geschenk-kinder","29":"product_tag-geschenkidee","30":"product_tag-kinderbuch","31":"product_tag-kinderbuecher","32":"product_tag-lesen","33":"product_tag-lesen-lernen","34":"product_tag-maedchen","35":"product_tag-magie","36":"product_tag-magischer-blumenladen","37":"product_tag-ravensburger","38":"product_tag-ravensburger-erstes-lernen","39":"product_tag-tiere","40":"product_tag-zauber","41":"product_tag-zuhause-lernen","42":"product_tag-zuhause-unterrichten","43":"post","44":"post-with-thumbnail","45":"post-with-thumbnail-large","47":"first","48":"instock","49":"taxable","50":"shipping-taxable","51":"purchasable","52":"product-type-simple"},"yoast_head":"<!-- This site is optimized with the Yoast SEO plugin v26.6 - https:\/\/yoast.com\/wordpress\/plugins\/seo\/ -->\n<title>Der magische Blumenladen f\u00fcr Erstleser, Band 4: Die gestohlene Freundin - der-Schulbedarf.shop<\/title>\n<meta name=\"robots\" content=\"index, follow, max-snippet:-1, max-image-preview:large, max-video-preview:-1\" \/>\n<link rel=\"canonical\" href=\"https:\/\/der-schulbedarf.shop\/produkt-des-monats\/produkt\/der-magische-blumenladen-fuer-erstleser-band-4-die-gestohlene-freundin\/\" \/>\n<meta property=\"og:locale\" content=\"de_DE\" \/>\n<meta property=\"og:type\" content=\"article\" \/>\n<meta property=\"og:title\" content=\"Der magische Blumenladen f\u00fcr Erstleser, Band 4: Die gestohlene Freundin - der-Schulbedarf.shop\" \/>\n<meta property=\"og:description\" content=\"Hinter jeder Blume steckt ein Zauber! Band 4: Violet und Lottie sind beste Freundinnen. Eigentlich! In letzter Zeit spielt Lottie n\u00e4mlich immer \u00f6fter mit Hanna. Und die n\u00fctzt fiese Tricks, um Lottie ganz f\u00fcr sich zu haben. Violet ist sauer! Ob Blumenmagie ihre Freundschaft retten kann? Mit vierfarbigen Illustrationen und Fibelschrift f\u00fcr Leseanf\u00e4nger ab 6 [&hellip;]\" \/>\n<meta property=\"og:url\" content=\"https:\/\/der-schulbedarf.shop\/produkt-des-monats\/produkt\/der-magische-blumenladen-fuer-erstleser-band-4-die-gestohlene-freundin\/\" \/>\n<meta property=\"og:site_name\" content=\"der-Schulbedarf.shop\" \/>\n<meta property=\"article:modified_time\" content=\"2024-11-26T13:01:57+00:00\" \/>\n<meta property=\"og:image\" content=\"https:\/\/der-schulbedarf.shop\/wp-content\/uploads\/2023\/06\/AN_36137_1-720x380-1.webp\" \/>\n\t<meta property=\"og:image:width\" content=\"720\" \/>\n\t<meta property=\"og:image:height\" content=\"380\" \/>\n\t<meta property=\"og:image:type\" content=\"image\/webp\" \/>\n<meta name=\"twitter:card\" content=\"summary_large_image\" \/>\n<meta name=\"twitter:label1\" content=\"Gesch\u00e4tzte Lesezeit\" \/>\n\t<meta name=\"twitter:data1\" content=\"2\u00a0Minuten\" \/>\n<script type=\"application\/ld+json\" class=\"yoast-schema-graph\">{\"@context\":\"https:\/\/schema.org\",\"@graph\":[{\"@type\":\"WebPage\",\"@id\":\"https:\/\/der-schulbedarf.shop\/produkt-des-monats\/produkt\/der-magische-blumenladen-fuer-erstleser-band-4-die-gestohlene-freundin\/\",\"url\":\"https:\/\/der-schulbedarf.shop\/produkt-des-monats\/produkt\/der-magische-blumenladen-fuer-erstleser-band-4-die-gestohlene-freundin\/\",\"name\":\"Der magische Blumenladen f\u00fcr Erstleser, Band 4: Die gestohlene Freundin - der-Schulbedarf.shop\",\"isPartOf\":{\"@id\":\"https:\/\/der-schulbedarf.shop\/produkt-des-monats\/#website\"},\"primaryImageOfPage\":{\"@id\":\"https:\/\/der-schulbedarf.shop\/produkt-des-monats\/produkt\/der-magische-blumenladen-fuer-erstleser-band-4-die-gestohlene-freundin\/#primaryimage\"},\"image\":{\"@id\":\"https:\/\/der-schulbedarf.shop\/produkt-des-monats\/produkt\/der-magische-blumenladen-fuer-erstleser-band-4-die-gestohlene-freundin\/#primaryimage\"},\"thumbnailUrl\":\"https:\/\/der-schulbedarf.shop\/wp-content\/uploads\/2023\/06\/AN_36137_1-720x380-1.webp\",\"datePublished\":\"2023-06-07T10:58:58+00:00\",\"dateModified\":\"2024-11-26T13:01:57+00:00\",\"breadcrumb\":{\"@id\":\"https:\/\/der-schulbedarf.shop\/produkt-des-monats\/produkt\/der-magische-blumenladen-fuer-erstleser-band-4-die-gestohlene-freundin\/#breadcrumb\"},\"inLanguage\":\"de\",\"potentialAction\":[{\"@type\":\"ReadAction\",\"target\":[\"https:\/\/der-schulbedarf.shop\/produkt-des-monats\/produkt\/der-magische-blumenladen-fuer-erstleser-band-4-die-gestohlene-freundin\/\"]}]},{\"@type\":\"ImageObject\",\"inLanguage\":\"de\",\"@id\":\"https:\/\/der-schulbedarf.shop\/produkt-des-monats\/produkt\/der-magische-blumenladen-fuer-erstleser-band-4-die-gestohlene-freundin\/#primaryimage\",\"url\":\"https:\/\/der-schulbedarf.shop\/wp-content\/uploads\/2023\/06\/AN_36137_1-720x380-1.webp\",\"contentUrl\":\"https:\/\/der-schulbedarf.shop\/wp-content\/uploads\/2023\/06\/AN_36137_1-720x380-1.webp\",\"width\":720,\"height\":380},{\"@type\":\"BreadcrumbList\",\"@id\":\"https:\/\/der-schulbedarf.shop\/produkt-des-monats\/produkt\/der-magische-blumenladen-fuer-erstleser-band-4-die-gestohlene-freundin\/#breadcrumb\",\"itemListElement\":[{\"@type\":\"ListItem\",\"position\":1,\"name\":\"Shop\",\"item\":\"https:\/\/der-schulbedarf.shop\/produkt-des-monats\/shop\/\"},{\"@type\":\"ListItem\",\"position\":2,\"name\":\"Der magische Blumenladen f\u00fcr Erstleser, Band 4: Die gestohlene Freundin\"}]},{\"@type\":\"WebSite\",\"@id\":\"https:\/\/der-schulbedarf.shop\/produkt-des-monats\/#website\",\"url\":\"https:\/\/der-schulbedarf.shop\/produkt-des-monats\/\",\"name\":\"der-Schulbedarf.shop\",\"description\":\"\",\"publisher\":{\"@id\":\"https:\/\/der-schulbedarf.shop\/produkt-des-monats\/#organization\"},\"potentialAction\":[{\"@type\":\"SearchAction\",\"target\":{\"@type\":\"EntryPoint\",\"urlTemplate\":\"https:\/\/der-schulbedarf.shop\/produkt-des-monats\/?s={search_term_string}\"},\"query-input\":{\"@type\":\"PropertyValueSpecification\",\"valueRequired\":true,\"valueName\":\"search_term_string\"}}],\"inLanguage\":\"de\"},{\"@type\":\"Organization\",\"@id\":\"https:\/\/der-schulbedarf.shop\/produkt-des-monats\/#organization\",\"name\":\"der-Schulbedarf.shop\",\"url\":\"https:\/\/der-schulbedarf.shop\/produkt-des-monats\/\",\"logo\":{\"@type\":\"ImageObject\",\"inLanguage\":\"de\",\"@id\":\"https:\/\/der-schulbedarf.shop\/produkt-des-monats\/#\/schema\/logo\/image\/\",\"url\":\"https:\/\/der-schulbedarf.shop\/wp-content\/uploads\/2024\/02\/grafik-e1709551115899.png\",\"contentUrl\":\"https:\/\/der-schulbedarf.shop\/wp-content\/uploads\/2024\/02\/grafik-e1709551115899.png\",\"width\":80,\"height\":80,\"caption\":\"der-Schulbedarf.shop\"},\"image\":{\"@id\":\"https:\/\/der-schulbedarf.shop\/produkt-des-monats\/#\/schema\/logo\/image\/\"}}]}<\/script>\n<!-- \/ Yoast SEO plugin. -->","yoast_head_json":{"title":"Der magische Blumenladen f\u00fcr Erstleser, Band 4: Die gestohlene Freundin - der-Schulbedarf.shop","robots":{"index":"index","follow":"follow","max-snippet":"max-snippet:-1","max-image-preview":"max-image-preview:large","max-video-preview":"max-video-preview:-1"},"canonical":"https:\/\/der-schulbedarf.shop\/produkt-des-monats\/produkt\/der-magische-blumenladen-fuer-erstleser-band-4-die-gestohlene-freundin\/","og_locale":"de_DE","og_type":"article","og_title":"Der magische Blumenladen f\u00fcr Erstleser, Band 4: Die gestohlene Freundin - der-Schulbedarf.shop","og_description":"Hinter jeder Blume steckt ein Zauber! Band 4: Violet und Lottie sind beste Freundinnen. Eigentlich! In letzter Zeit spielt Lottie n\u00e4mlich immer \u00f6fter mit Hanna. Und die n\u00fctzt fiese Tricks, um Lottie ganz f\u00fcr sich zu haben. Violet ist sauer! Ob Blumenmagie ihre Freundschaft retten kann? Mit vierfarbigen Illustrationen und Fibelschrift f\u00fcr Leseanf\u00e4nger ab 6 [&hellip;]","og_url":"https:\/\/der-schulbedarf.shop\/produkt-des-monats\/produkt\/der-magische-blumenladen-fuer-erstleser-band-4-die-gestohlene-freundin\/","og_site_name":"der-Schulbedarf.shop","article_modified_time":"2024-11-26T13:01:57+00:00","og_image":[{"width":720,"height":380,"url":"https:\/\/der-schulbedarf.shop\/wp-content\/uploads\/2023\/06\/AN_36137_1-720x380-1.webp","type":"image\/webp"}],"twitter_card":"summary_large_image","twitter_misc":{"Gesch\u00e4tzte Lesezeit":"2\u00a0Minuten"},"schema":{"@context":"https:\/\/schema.org","@graph":[{"@type":"WebPage","@id":"https:\/\/der-schulbedarf.shop\/produkt-des-monats\/produkt\/der-magische-blumenladen-fuer-erstleser-band-4-die-gestohlene-freundin\/","url":"https:\/\/der-schulbedarf.shop\/produkt-des-monats\/produkt\/der-magische-blumenladen-fuer-erstleser-band-4-die-gestohlene-freundin\/","name":"Der magische Blumenladen f\u00fcr Erstleser, Band 4: Die gestohlene Freundin - der-Schulbedarf.shop","isPartOf":{"@id":"https:\/\/der-schulbedarf.shop\/produkt-des-monats\/#website"},"primaryImageOfPage":{"@id":"https:\/\/der-schulbedarf.shop\/produkt-des-monats\/produkt\/der-magische-blumenladen-fuer-erstleser-band-4-die-gestohlene-freundin\/#primaryimage"},"image":{"@id":"https:\/\/der-schulbedarf.shop\/produkt-des-monats\/produkt\/der-magische-blumenladen-fuer-erstleser-band-4-die-gestohlene-freundin\/#primaryimage"},"thumbnailUrl":"https:\/\/der-schulbedarf.shop\/wp-content\/uploads\/2023\/06\/AN_36137_1-720x380-1.webp","datePublished":"2023-06-07T10:58:58+00:00","dateModified":"2024-11-26T13:01:57+00:00","breadcrumb":{"@id":"https:\/\/der-schulbedarf.shop\/produkt-des-monats\/produkt\/der-magische-blumenladen-fuer-erstleser-band-4-die-gestohlene-freundin\/#breadcrumb"},"inLanguage":"de","potentialAction":[{"@type":"ReadAction","target":["https:\/\/der-schulbedarf.shop\/produkt-des-monats\/produkt\/der-magische-blumenladen-fuer-erstleser-band-4-die-gestohlene-freundin\/"]}]},{"@type":"ImageObject","inLanguage":"de","@id":"https:\/\/der-schulbedarf.shop\/produkt-des-monats\/produkt\/der-magische-blumenladen-fuer-erstleser-band-4-die-gestohlene-freundin\/#primaryimage","url":"https:\/\/der-schulbedarf.shop\/wp-content\/uploads\/2023\/06\/AN_36137_1-720x380-1.webp","contentUrl":"https:\/\/der-schulbedarf.shop\/wp-content\/uploads\/2023\/06\/AN_36137_1-720x380-1.webp","width":720,"height":380},{"@type":"BreadcrumbList","@id":"https:\/\/der-schulbedarf.shop\/produkt-des-monats\/produkt\/der-magische-blumenladen-fuer-erstleser-band-4-die-gestohlene-freundin\/#breadcrumb","itemListElement":[{"@type":"ListItem","position":1,"name":"Shop","item":"https:\/\/der-schulbedarf.shop\/produkt-des-monats\/shop\/"},{"@type":"ListItem","position":2,"name":"Der magische Blumenladen f\u00fcr Erstleser, Band 4: Die gestohlene Freundin"}]},{"@type":"WebSite","@id":"https:\/\/der-schulbedarf.shop\/produkt-des-monats\/#website","url":"https:\/\/der-schulbedarf.shop\/produkt-des-monats\/","name":"der-Schulbedarf.shop","description":"","publisher":{"@id":"https:\/\/der-schulbedarf.shop\/produkt-des-monats\/#organization"},"potentialAction":[{"@type":"SearchAction","target":{"@type":"EntryPoint","urlTemplate":"https:\/\/der-schulbedarf.shop\/produkt-des-monats\/?s={search_term_string}"},"query-input":{"@type":"PropertyValueSpecification","valueRequired":true,"valueName":"search_term_string"}}],"inLanguage":"de"},{"@type":"Organization","@id":"https:\/\/der-schulbedarf.shop\/produkt-des-monats\/#organization","name":"der-Schulbedarf.shop","url":"https:\/\/der-schulbedarf.shop\/produkt-des-monats\/","logo":{"@type":"ImageObject","inLanguage":"de","@id":"https:\/\/der-schulbedarf.shop\/produkt-des-monats\/#\/schema\/logo\/image\/","url":"https:\/\/der-schulbedarf.shop\/wp-content\/uploads\/2024\/02\/grafik-e1709551115899.png","contentUrl":"https:\/\/der-schulbedarf.shop\/wp-content\/uploads\/2024\/02\/grafik-e1709551115899.png","width":80,"height":80,"caption":"der-Schulbedarf.shop"},"image":{"@id":"https:\/\/der-schulbedarf.shop\/produkt-des-monats\/#\/schema\/logo\/image\/"}}]}},"_links":{"self":[{"href":"https:\/\/der-schulbedarf.shop\/produkt-des-monats\/wp-json\/wp\/v2\/product\/813","targetHints":{"allow":["GET"]}}],"collection":[{"href":"https:\/\/der-schulbedarf.shop\/produkt-des-monats\/wp-json\/wp\/v2\/product"}],"about":[{"href":"https:\/\/der-schulbedarf.shop\/produkt-des-monats\/wp-json\/wp\/v2\/types\/product"}],"replies":[{"embeddable":true,"href":"https:\/\/der-schulbedarf.shop\/produkt-des-monats\/wp-json\/wp\/v2\/comments?post=813"}],"wp:featuredmedia":[{"embeddable":true,"href":"https:\/\/der-schulbedarf.shop\/produkt-des-monats\/wp-json\/wp\/v2\/media\/2641"}],"wp:attachment":[{"href":"https:\/\/der-schulbedarf.shop\/produkt-des-monats\/wp-json\/wp\/v2\/media?parent=813"}],"wp:term":[{"taxonomy":"product_cat","embeddable":true,"href":"https:\/\/der-schulbedarf.shop\/produkt-des-monats\/wp-json\/wp\/v2\/product_cat?post=813"},{"taxonomy":"product_tag","embeddable":true,"href":"https:\/\/der-schulbedarf.shop\/produkt-des-monats\/wp-json\/wp\/v2\/product_tag?post=813"}],"curies":[{"name":"wp","href":"https:\/\/api.w.org\/{rel}","templated":true}]}}