{"id":913,"date":"2023-06-13T11:31:19","date_gmt":"2023-06-13T11:31:19","guid":{"rendered":"https:\/\/der-schulbedarf.Shop\/?post_type=product&#038;p=913"},"modified":"2025-08-28T06:54:51","modified_gmt":"2025-08-28T06:54:51","slug":"leserabe-3-lesestufe-henry-hobbs-geisterjaeger","status":"publish","type":"product","link":"https:\/\/der-schulbedarf.shop\/produkt-des-monats\/produkt\/leserabe-3-lesestufe-henry-hobbs-geisterjaeger\/","title":{"rendered":"Leserabe &#8211; 3. Lesestufe: Henry &#038; Hobbs. Geisterj\u00e4ger"},"content":{"rendered":"<p>Bei Henrys Cousine Merle spukt\u2019s \u2013 sein erster Auftrag als Geisterj\u00e4ger! Mit Geistersensor und Gespenster-Abwehr-L\u00f6sung wappnet er sich f\u00fcr eine Nacht auf ihrem Dachboden &#8230;<\/p>\n<p>Ich betreibe ein Geisterj\u00e4ger-B\u00fcro. Meine erste Kundin war meine Cousine Merle. \u00dcber dem Zimmer ihres kleinen Bruders waren nachts auf dem Dachboden seltsame Ger\u00e4usche zu h\u00f6ren. Ich sollte herausfinden, was da los ist. Zuerst befragte ich Leo. Er beschrieb, was er nachts h\u00f6rte: leises Trippeln, lautes Scheppern, schrilles Quieken, kurze, spitze Schreie, Geheule, Pfeifen, dumpfes Poltern. Das ganze Programm. Danach untersuchte ich den Tatort. Auf dem Dachboden stand viel Kram. Und ich entdeckte M\u00e4usespuren. Mein Geister-Sensor schlug nicht aus. Also \u00fcbernachtete ich bei Merle und Leo und nahm auch meinen Kater Mr. Hobbs mit. Als nachts die Ger\u00e4usche losgingen, stieg ich auf den Dachboden, obwohl Merle mich warnte, dass das doch Einbrecher sein konnten! Ich lauerte im Dunkeln auf der Treppe, es trappelte und quiekte, ich schaltete meine Taschenlampe ein \u00ad\u2013 Siebenschl\u00e4fer! Die hatten hier so einen L\u00e4rm veranstaltet! Ich wollte gerade nach unten gehen, um die frohe Botschaft zu verk\u00fcnden, da h\u00f6rte ich ein Kichern. Ein gruseliges nicht-menschliches Kichern! Bevor ich dem aber auf den Grund gehen konnte, rief Merle, und ich musste runter. Ich wollte sie nicht beunruhigen, deshalb erz\u00e4hlte ich ihr nur von den Siebenschl\u00e4fern, und dass ich die Nacht mit Mr Hobbs oben verbringen w\u00fcrde, um M\u00e4use und Siebenschl\u00e4fer zu vertreiben. Mit etwas mulmigem Gef\u00fchl lag ich kurz darauf auf meiner Luftmatratze auf dem Dachboden. Es war dunkel und still. Bis Mr Hobbs pl\u00f6tzlich anfing zu knurren. Ich sprang auf, eine Sekunde sp\u00e4ter polterte ein Kleiderst\u00e4nder auf mein \u201eBett\u201c. Ich leuchtete herum \u2013 und entdeckte den h\u00e4sslichsten Geist aller Zeiten auf der alten Standuhr von Merles Opa. Ich verpasste ihm eine Ladung GAS (Geisterabwehrschleim), dann sprach ich ihn an. Und er antwortete! Erst w\u00fctend, dann eher verzweifelt. \u201eWarum werde ich hier nicht in Ruhe gelassen? Vorher habe ich in einem herrlich feuchten Keller gelebt, da will ich wieder hin.\u201c Leider konnte ich nicht l\u00e4nger mit ihm sprechen, weil mein Onkel auf den Dachboden kam und wissen wollte, was los ist. Es dauerte ziemlich lange, den Erwachsenen zu erkl\u00e4ren, was ich da machte &#8230; Sp\u00e4ter brachten Merle und ich den Geist, der in der Opa-Standuhr auf den Dachboden gekommen war, dann in einer Tupperdose auf die Festung Hohensiefen, wo er jetzt ganz in Ruhe jede Nacht herumspuken kann!<\/p>\n<p>&nbsp;<\/p>\n<p>&nbsp;<\/p>\n","protected":false},"excerpt":{"rendered":"<p>Bei Henrys Cousine Merle spukt\u2019s \u2013 sein erster Auftrag als Geisterj\u00e4ger! Mit Geistersensor und Gespenster-Abwehr-L\u00f6sung wappnet er sich f\u00fcr eine Nacht auf ihrem Dachboden &#8230; Ich betreibe ein Geisterj\u00e4ger-B\u00fcro. Meine erste Kundin war meine Cousine Merle. \u00dcber dem Zimmer ihres kleinen Bruders waren nachts auf dem Dachboden seltsame Ger\u00e4usche zu h\u00f6ren. Ich sollte herausfinden, was [&hellip;]<\/p>\n","protected":false},"featured_media":3317,"comment_status":"open","ping_status":"closed","template":"","meta":[],"product_cat":[224,915,944,37,225],"product_tag":[192,111,200,201,422,196,197,195,421,115,381,114,327,113,210,112,326,420,207,342,198,181,202,179,194,269,193,180,360,328,177,178],"class_list":{"0":"post-913","1":"product","2":"type-product","3":"status-publish","4":"has-post-thumbnail","6":"product_cat-kinderbuecher","7":"product_cat-produkt-feeds","8":"product_cat-produktzufuehrung-geizhal","9":"product_cat-ravensburger","10":"product_cat-ravensburger-kinderbuecher","11":"product_tag-antolin","12":"product_tag-beschaeftigung","13":"product_tag-buch","14":"product_tag-buecher","15":"product_tag-dachboden","16":"product_tag-erstlesebuch","17":"product_tag-erstlesebuecher","18":"product_tag-erstleser","19":"product_tag-fall","20":"product_tag-fuer-jungen","21":"product_tag-fuer-kinder-ab-8-jahre","22":"product_tag-fuer-maedchen","23":"product_tag-geist","24":"product_tag-geschenk","25":"product_tag-geschenk-kinder","26":"product_tag-geschenkidee","27":"product_tag-gespenst","28":"product_tag-gespensterjaeger","29":"product_tag-junge","30":"product_tag-katze","31":"product_tag-kinderbuch","32":"product_tag-kinderbuecher","33":"product_tag-lesen","34":"product_tag-lesen-lernen","35":"product_tag-leserabe","36":"product_tag-lustig","37":"product_tag-ravensburger","38":"product_tag-ravensburger-erstes-lernen","39":"product_tag-spannend","40":"product_tag-spuk","41":"product_tag-zuhause-lernen","42":"product_tag-zuhause-unterrichten","43":"post","44":"post-with-thumbnail","45":"post-with-thumbnail-large","47":"first","48":"outofstock","49":"taxable","50":"shipping-taxable","51":"purchasable","52":"product-type-simple"},"yoast_head":"<!-- This site is optimized with the Yoast SEO plugin v26.6 - https:\/\/yoast.com\/wordpress\/plugins\/seo\/ -->\n<title>Leserabe - 3. Lesestufe: Henry &amp; Hobbs. Geisterj\u00e4ger - der-Schulbedarf.shop<\/title>\n<meta name=\"robots\" content=\"index, follow, max-snippet:-1, max-image-preview:large, max-video-preview:-1\" \/>\n<link rel=\"canonical\" href=\"https:\/\/der-schulbedarf.shop\/produkt-des-monats\/produkt\/leserabe-3-lesestufe-henry-hobbs-geisterjaeger\/\" \/>\n<meta property=\"og:locale\" content=\"de_DE\" \/>\n<meta property=\"og:type\" content=\"article\" \/>\n<meta property=\"og:title\" content=\"Leserabe - 3. Lesestufe: Henry &amp; Hobbs. Geisterj\u00e4ger - der-Schulbedarf.shop\" \/>\n<meta property=\"og:description\" content=\"Bei Henrys Cousine Merle spukt\u2019s \u2013 sein erster Auftrag als Geisterj\u00e4ger! Mit Geistersensor und Gespenster-Abwehr-L\u00f6sung wappnet er sich f\u00fcr eine Nacht auf ihrem Dachboden &#8230; Ich betreibe ein Geisterj\u00e4ger-B\u00fcro. Meine erste Kundin war meine Cousine Merle. \u00dcber dem Zimmer ihres kleinen Bruders waren nachts auf dem Dachboden seltsame Ger\u00e4usche zu h\u00f6ren. Ich sollte herausfinden, was [&hellip;]\" \/>\n<meta property=\"og:url\" content=\"https:\/\/der-schulbedarf.shop\/produkt-des-monats\/produkt\/leserabe-3-lesestufe-henry-hobbs-geisterjaeger\/\" \/>\n<meta property=\"og:site_name\" content=\"der-Schulbedarf.shop\" \/>\n<meta property=\"article:modified_time\" content=\"2025-08-28T06:54:51+00:00\" \/>\n<meta property=\"og:image\" content=\"https:\/\/der-schulbedarf.shop\/wp-content\/uploads\/2023\/06\/36158.jpg\" \/>\n\t<meta property=\"og:image:width\" content=\"729\" \/>\n\t<meta property=\"og:image:height\" content=\"1024\" \/>\n\t<meta property=\"og:image:type\" content=\"image\/jpeg\" \/>\n<meta name=\"twitter:card\" content=\"summary_large_image\" \/>\n<meta name=\"twitter:label1\" content=\"Gesch\u00e4tzte Lesezeit\" \/>\n\t<meta name=\"twitter:data1\" content=\"3\u00a0Minuten\" \/>\n<script type=\"application\/ld+json\" class=\"yoast-schema-graph\">{\"@context\":\"https:\/\/schema.org\",\"@graph\":[{\"@type\":\"WebPage\",\"@id\":\"https:\/\/der-schulbedarf.shop\/produkt-des-monats\/produkt\/leserabe-3-lesestufe-henry-hobbs-geisterjaeger\/\",\"url\":\"https:\/\/der-schulbedarf.shop\/produkt-des-monats\/produkt\/leserabe-3-lesestufe-henry-hobbs-geisterjaeger\/\",\"name\":\"Leserabe - 3. Lesestufe: Henry & Hobbs. Geisterj\u00e4ger - der-Schulbedarf.shop\",\"isPartOf\":{\"@id\":\"https:\/\/der-schulbedarf.shop\/produkt-des-monats\/#website\"},\"primaryImageOfPage\":{\"@id\":\"https:\/\/der-schulbedarf.shop\/produkt-des-monats\/produkt\/leserabe-3-lesestufe-henry-hobbs-geisterjaeger\/#primaryimage\"},\"image\":{\"@id\":\"https:\/\/der-schulbedarf.shop\/produkt-des-monats\/produkt\/leserabe-3-lesestufe-henry-hobbs-geisterjaeger\/#primaryimage\"},\"thumbnailUrl\":\"https:\/\/der-schulbedarf.shop\/wp-content\/uploads\/2023\/06\/36158.jpg\",\"datePublished\":\"2023-06-13T11:31:19+00:00\",\"dateModified\":\"2025-08-28T06:54:51+00:00\",\"breadcrumb\":{\"@id\":\"https:\/\/der-schulbedarf.shop\/produkt-des-monats\/produkt\/leserabe-3-lesestufe-henry-hobbs-geisterjaeger\/#breadcrumb\"},\"inLanguage\":\"de\",\"potentialAction\":[{\"@type\":\"ReadAction\",\"target\":[\"https:\/\/der-schulbedarf.shop\/produkt-des-monats\/produkt\/leserabe-3-lesestufe-henry-hobbs-geisterjaeger\/\"]}]},{\"@type\":\"ImageObject\",\"inLanguage\":\"de\",\"@id\":\"https:\/\/der-schulbedarf.shop\/produkt-des-monats\/produkt\/leserabe-3-lesestufe-henry-hobbs-geisterjaeger\/#primaryimage\",\"url\":\"https:\/\/der-schulbedarf.shop\/wp-content\/uploads\/2023\/06\/36158.jpg\",\"contentUrl\":\"https:\/\/der-schulbedarf.shop\/wp-content\/uploads\/2023\/06\/36158.jpg\",\"width\":729,\"height\":1024},{\"@type\":\"BreadcrumbList\",\"@id\":\"https:\/\/der-schulbedarf.shop\/produkt-des-monats\/produkt\/leserabe-3-lesestufe-henry-hobbs-geisterjaeger\/#breadcrumb\",\"itemListElement\":[{\"@type\":\"ListItem\",\"position\":1,\"name\":\"Shop\",\"item\":\"https:\/\/der-schulbedarf.shop\/produkt-des-monats\/shop\/\"},{\"@type\":\"ListItem\",\"position\":2,\"name\":\"Leserabe &#8211; 3. Lesestufe: Henry &#038; Hobbs. Geisterj\u00e4ger\"}]},{\"@type\":\"WebSite\",\"@id\":\"https:\/\/der-schulbedarf.shop\/produkt-des-monats\/#website\",\"url\":\"https:\/\/der-schulbedarf.shop\/produkt-des-monats\/\",\"name\":\"der-Schulbedarf.shop\",\"description\":\"\",\"publisher\":{\"@id\":\"https:\/\/der-schulbedarf.shop\/produkt-des-monats\/#organization\"},\"potentialAction\":[{\"@type\":\"SearchAction\",\"target\":{\"@type\":\"EntryPoint\",\"urlTemplate\":\"https:\/\/der-schulbedarf.shop\/produkt-des-monats\/?s={search_term_string}\"},\"query-input\":{\"@type\":\"PropertyValueSpecification\",\"valueRequired\":true,\"valueName\":\"search_term_string\"}}],\"inLanguage\":\"de\"},{\"@type\":\"Organization\",\"@id\":\"https:\/\/der-schulbedarf.shop\/produkt-des-monats\/#organization\",\"name\":\"der-Schulbedarf.shop\",\"url\":\"https:\/\/der-schulbedarf.shop\/produkt-des-monats\/\",\"logo\":{\"@type\":\"ImageObject\",\"inLanguage\":\"de\",\"@id\":\"https:\/\/der-schulbedarf.shop\/produkt-des-monats\/#\/schema\/logo\/image\/\",\"url\":\"https:\/\/der-schulbedarf.shop\/wp-content\/uploads\/2024\/02\/grafik-e1709551115899.png\",\"contentUrl\":\"https:\/\/der-schulbedarf.shop\/wp-content\/uploads\/2024\/02\/grafik-e1709551115899.png\",\"width\":80,\"height\":80,\"caption\":\"der-Schulbedarf.shop\"},\"image\":{\"@id\":\"https:\/\/der-schulbedarf.shop\/produkt-des-monats\/#\/schema\/logo\/image\/\"}}]}<\/script>\n<!-- \/ Yoast SEO plugin. -->","yoast_head_json":{"title":"Leserabe - 3. Lesestufe: Henry & Hobbs. Geisterj\u00e4ger - der-Schulbedarf.shop","robots":{"index":"index","follow":"follow","max-snippet":"max-snippet:-1","max-image-preview":"max-image-preview:large","max-video-preview":"max-video-preview:-1"},"canonical":"https:\/\/der-schulbedarf.shop\/produkt-des-monats\/produkt\/leserabe-3-lesestufe-henry-hobbs-geisterjaeger\/","og_locale":"de_DE","og_type":"article","og_title":"Leserabe - 3. Lesestufe: Henry & Hobbs. Geisterj\u00e4ger - der-Schulbedarf.shop","og_description":"Bei Henrys Cousine Merle spukt\u2019s \u2013 sein erster Auftrag als Geisterj\u00e4ger! Mit Geistersensor und Gespenster-Abwehr-L\u00f6sung wappnet er sich f\u00fcr eine Nacht auf ihrem Dachboden &#8230; Ich betreibe ein Geisterj\u00e4ger-B\u00fcro. Meine erste Kundin war meine Cousine Merle. \u00dcber dem Zimmer ihres kleinen Bruders waren nachts auf dem Dachboden seltsame Ger\u00e4usche zu h\u00f6ren. Ich sollte herausfinden, was [&hellip;]","og_url":"https:\/\/der-schulbedarf.shop\/produkt-des-monats\/produkt\/leserabe-3-lesestufe-henry-hobbs-geisterjaeger\/","og_site_name":"der-Schulbedarf.shop","article_modified_time":"2025-08-28T06:54:51+00:00","og_image":[{"width":729,"height":1024,"url":"https:\/\/der-schulbedarf.shop\/wp-content\/uploads\/2023\/06\/36158.jpg","type":"image\/jpeg"}],"twitter_card":"summary_large_image","twitter_misc":{"Gesch\u00e4tzte Lesezeit":"3\u00a0Minuten"},"schema":{"@context":"https:\/\/schema.org","@graph":[{"@type":"WebPage","@id":"https:\/\/der-schulbedarf.shop\/produkt-des-monats\/produkt\/leserabe-3-lesestufe-henry-hobbs-geisterjaeger\/","url":"https:\/\/der-schulbedarf.shop\/produkt-des-monats\/produkt\/leserabe-3-lesestufe-henry-hobbs-geisterjaeger\/","name":"Leserabe - 3. Lesestufe: Henry & Hobbs. Geisterj\u00e4ger - der-Schulbedarf.shop","isPartOf":{"@id":"https:\/\/der-schulbedarf.shop\/produkt-des-monats\/#website"},"primaryImageOfPage":{"@id":"https:\/\/der-schulbedarf.shop\/produkt-des-monats\/produkt\/leserabe-3-lesestufe-henry-hobbs-geisterjaeger\/#primaryimage"},"image":{"@id":"https:\/\/der-schulbedarf.shop\/produkt-des-monats\/produkt\/leserabe-3-lesestufe-henry-hobbs-geisterjaeger\/#primaryimage"},"thumbnailUrl":"https:\/\/der-schulbedarf.shop\/wp-content\/uploads\/2023\/06\/36158.jpg","datePublished":"2023-06-13T11:31:19+00:00","dateModified":"2025-08-28T06:54:51+00:00","breadcrumb":{"@id":"https:\/\/der-schulbedarf.shop\/produkt-des-monats\/produkt\/leserabe-3-lesestufe-henry-hobbs-geisterjaeger\/#breadcrumb"},"inLanguage":"de","potentialAction":[{"@type":"ReadAction","target":["https:\/\/der-schulbedarf.shop\/produkt-des-monats\/produkt\/leserabe-3-lesestufe-henry-hobbs-geisterjaeger\/"]}]},{"@type":"ImageObject","inLanguage":"de","@id":"https:\/\/der-schulbedarf.shop\/produkt-des-monats\/produkt\/leserabe-3-lesestufe-henry-hobbs-geisterjaeger\/#primaryimage","url":"https:\/\/der-schulbedarf.shop\/wp-content\/uploads\/2023\/06\/36158.jpg","contentUrl":"https:\/\/der-schulbedarf.shop\/wp-content\/uploads\/2023\/06\/36158.jpg","width":729,"height":1024},{"@type":"BreadcrumbList","@id":"https:\/\/der-schulbedarf.shop\/produkt-des-monats\/produkt\/leserabe-3-lesestufe-henry-hobbs-geisterjaeger\/#breadcrumb","itemListElement":[{"@type":"ListItem","position":1,"name":"Shop","item":"https:\/\/der-schulbedarf.shop\/produkt-des-monats\/shop\/"},{"@type":"ListItem","position":2,"name":"Leserabe &#8211; 3. Lesestufe: Henry &#038; Hobbs. Geisterj\u00e4ger"}]},{"@type":"WebSite","@id":"https:\/\/der-schulbedarf.shop\/produkt-des-monats\/#website","url":"https:\/\/der-schulbedarf.shop\/produkt-des-monats\/","name":"der-Schulbedarf.shop","description":"","publisher":{"@id":"https:\/\/der-schulbedarf.shop\/produkt-des-monats\/#organization"},"potentialAction":[{"@type":"SearchAction","target":{"@type":"EntryPoint","urlTemplate":"https:\/\/der-schulbedarf.shop\/produkt-des-monats\/?s={search_term_string}"},"query-input":{"@type":"PropertyValueSpecification","valueRequired":true,"valueName":"search_term_string"}}],"inLanguage":"de"},{"@type":"Organization","@id":"https:\/\/der-schulbedarf.shop\/produkt-des-monats\/#organization","name":"der-Schulbedarf.shop","url":"https:\/\/der-schulbedarf.shop\/produkt-des-monats\/","logo":{"@type":"ImageObject","inLanguage":"de","@id":"https:\/\/der-schulbedarf.shop\/produkt-des-monats\/#\/schema\/logo\/image\/","url":"https:\/\/der-schulbedarf.shop\/wp-content\/uploads\/2024\/02\/grafik-e1709551115899.png","contentUrl":"https:\/\/der-schulbedarf.shop\/wp-content\/uploads\/2024\/02\/grafik-e1709551115899.png","width":80,"height":80,"caption":"der-Schulbedarf.shop"},"image":{"@id":"https:\/\/der-schulbedarf.shop\/produkt-des-monats\/#\/schema\/logo\/image\/"}}]}},"_links":{"self":[{"href":"https:\/\/der-schulbedarf.shop\/produkt-des-monats\/wp-json\/wp\/v2\/product\/913","targetHints":{"allow":["GET"]}}],"collection":[{"href":"https:\/\/der-schulbedarf.shop\/produkt-des-monats\/wp-json\/wp\/v2\/product"}],"about":[{"href":"https:\/\/der-schulbedarf.shop\/produkt-des-monats\/wp-json\/wp\/v2\/types\/product"}],"replies":[{"embeddable":true,"href":"https:\/\/der-schulbedarf.shop\/produkt-des-monats\/wp-json\/wp\/v2\/comments?post=913"}],"wp:featuredmedia":[{"embeddable":true,"href":"https:\/\/der-schulbedarf.shop\/produkt-des-monats\/wp-json\/wp\/v2\/media\/3317"}],"wp:attachment":[{"href":"https:\/\/der-schulbedarf.shop\/produkt-des-monats\/wp-json\/wp\/v2\/media?parent=913"}],"wp:term":[{"taxonomy":"product_cat","embeddable":true,"href":"https:\/\/der-schulbedarf.shop\/produkt-des-monats\/wp-json\/wp\/v2\/product_cat?post=913"},{"taxonomy":"product_tag","embeddable":true,"href":"https:\/\/der-schulbedarf.shop\/produkt-des-monats\/wp-json\/wp\/v2\/product_tag?post=913"}],"curies":[{"name":"wp","href":"https:\/\/api.w.org\/{rel}","templated":true}]}}