{"id":927,"date":"2023-06-08T04:59:24","date_gmt":"2023-06-08T04:59:24","guid":{"rendered":"https:\/\/der-schulbedarf.Shop\/?post_type=product&#038;p=927"},"modified":"2025-07-03T12:46:41","modified_gmt":"2025-07-03T12:46:41","slug":"abenteuerliche-geschichten-fuer-erstleser-indianer-ritter-und-dinos","status":"publish","type":"product","link":"https:\/\/der-schulbedarf.shop\/produkt-des-monats\/produkt\/abenteuerliche-geschichten-fuer-erstleser-indianer-ritter-und-dinos\/","title":{"rendered":"Abenteuerliche Geschichten f\u00fcr Erstleser. Indianer Ritter und Dinos."},"content":{"rendered":"<p>Abenteuerliche Geschichten f\u00fcr Erstleser. Indianer Ritter und Dinos.<\/p>\n<p>Die Dinosaurier im Museum erwachen pl\u00f6tzlich zum Leben, Ritter Alfred geht auf Schatzsuche und ein Indianerjunge entdeckt auf der B\u00e4renjagd verd\u00e4chtige Spuren. Drei abenteuerliche Geschichten in einem Band!<\/p>\n<p>Lesen lernen wie im Flug! Die Kinderb\u00fccher der Reihe Leserabe &#8211; 1. Lesestufe wurden mit P\u00e4dagogen entwickelt und richten sich an Leseanf\u00e4nger ab der 1. Klasse. Kurze Texte in gro\u00dfer Fibelschrift sichern erste Leseerfolge und steigern die Lesekompetenz von M\u00e4dchen und Jungen ab 6 Jahren.<br \/>\nEmpfohlen von Stiftung Lesen, gelistet bei Antolin. Weitere Informationen auf leserabe.de.<\/p>\n<p>&nbsp;<\/p>\n<p>&nbsp;<\/p>\n","protected":false},"excerpt":{"rendered":"<p>Abenteuerliche Geschichten f\u00fcr Erstleser. Indianer Ritter und Dinos. Die Dinosaurier im Museum erwachen pl\u00f6tzlich zum Leben, Ritter Alfred geht auf Schatzsuche und ein Indianerjunge entdeckt auf der B\u00e4renjagd verd\u00e4chtige Spuren. Drei abenteuerliche Geschichten in einem Band! Lesen lernen wie im Flug! Die Kinderb\u00fccher der Reihe Leserabe &#8211; 1. Lesestufe wurden mit P\u00e4dagogen entwickelt und richten [&hellip;]<\/p>\n","protected":false},"featured_media":2542,"comment_status":"open","ping_status":"closed","template":"","meta":[],"product_cat":[899,224,915,944,225,37],"product_tag":[192,111,200,201,441,440,247,196,197,195,115,199,114,113,210,112,442,275,444,198,181,202,179,194,290,193,180,245,362,443,177,178],"class_list":{"0":"post-927","1":"product","2":"type-product","3":"status-publish","4":"has-post-thumbnail","6":"product_cat-1-klasse","7":"product_cat-kinderbuecher","8":"product_cat-produkt-feeds","9":"product_cat-produktzufuehrung-geizhal","10":"product_cat-ravensburger-kinderbuecher","11":"product_cat-ravensburger","12":"product_tag-antolin","13":"product_tag-beschaeftigung","14":"product_tag-buch","15":"product_tag-buecher","16":"product_tag-burg","17":"product_tag-dinosaurier","18":"product_tag-drache","19":"product_tag-erstlesebuch","20":"product_tag-erstlesebuecher","21":"product_tag-erstleser","22":"product_tag-fuer-jungen","23":"product_tag-fuer-kinder-ab-6-jahre","24":"product_tag-fuer-maedchen","25":"product_tag-geschenk","26":"product_tag-geschenk-kinder","27":"product_tag-geschenkidee","28":"product_tag-haeuptling","29":"product_tag-indianer","30":"product_tag-jagd","31":"product_tag-kinderbuch","32":"product_tag-kinderbuecher","33":"product_tag-lesen","34":"product_tag-lesen-lernen","35":"product_tag-leserabe","36":"product_tag-raetsel","37":"product_tag-ravensburger","38":"product_tag-ravensburger-erstes-lernen","39":"product_tag-ritter","40":"product_tag-schatz","41":"product_tag-stamm","42":"product_tag-zuhause-lernen","43":"product_tag-zuhause-unterrichten","44":"post","45":"post-with-thumbnail","46":"post-with-thumbnail-large","48":"first","49":"outofstock","50":"taxable","51":"shipping-taxable","52":"purchasable","53":"product-type-simple"},"yoast_head":"<!-- This site is optimized with the Yoast SEO plugin v26.6 - https:\/\/yoast.com\/wordpress\/plugins\/seo\/ -->\n<title>Abenteuerliche Geschichten f\u00fcr Erstleser. Indianer Ritter und Dinos.<\/title>\n<meta name=\"description\" content=\"Abenteuerliche Geschichten f\u00fcr Erstleser. Drei Abenteuerliche Geschichten um Indianer, Ritter und Dinosaurier. F\u00fcr Kinder ab 6 Jahren. Von P\u00e4dagogen gemacht\" \/>\n<meta name=\"robots\" content=\"index, follow, max-snippet:-1, max-image-preview:large, max-video-preview:-1\" \/>\n<link rel=\"canonical\" href=\"https:\/\/der-schulbedarf.shop\/produkt-des-monats\/produkt\/abenteuerliche-geschichten-fuer-erstleser-indianer-ritter-und-dinos\/\" \/>\n<meta property=\"og:locale\" content=\"de_DE\" \/>\n<meta property=\"og:type\" content=\"article\" \/>\n<meta property=\"og:title\" content=\"Abenteuerliche Geschichten f\u00fcr Erstleser. Indianer Ritter und Dinos.\" \/>\n<meta property=\"og:description\" content=\"Abenteuerliche Geschichten f\u00fcr Erstleser. Drei Abenteuerliche Geschichten um Indianer, Ritter und Dinosaurier. F\u00fcr Kinder ab 6 Jahren. Von P\u00e4dagogen gemacht\" \/>\n<meta property=\"og:url\" content=\"https:\/\/der-schulbedarf.shop\/produkt-des-monats\/produkt\/abenteuerliche-geschichten-fuer-erstleser-indianer-ritter-und-dinos\/\" \/>\n<meta property=\"og:site_name\" content=\"der-Schulbedarf.shop\" \/>\n<meta property=\"article:modified_time\" content=\"2025-07-03T12:46:41+00:00\" \/>\n<meta property=\"og:image\" content=\"https:\/\/der-schulbedarf.shop\/wp-content\/uploads\/2023\/06\/AN_36291_1-720x380-1.webp\" \/>\n\t<meta property=\"og:image:width\" content=\"720\" \/>\n\t<meta property=\"og:image:height\" content=\"380\" \/>\n\t<meta property=\"og:image:type\" content=\"image\/webp\" \/>\n<meta name=\"twitter:card\" content=\"summary_large_image\" \/>\n<meta name=\"twitter:label1\" content=\"Gesch\u00e4tzte Lesezeit\" \/>\n\t<meta name=\"twitter:data1\" content=\"1\u00a0Minute\" \/>\n<script type=\"application\/ld+json\" class=\"yoast-schema-graph\">{\"@context\":\"https:\/\/schema.org\",\"@graph\":[{\"@type\":\"WebPage\",\"@id\":\"https:\/\/der-schulbedarf.shop\/produkt-des-monats\/produkt\/abenteuerliche-geschichten-fuer-erstleser-indianer-ritter-und-dinos\/\",\"url\":\"https:\/\/der-schulbedarf.shop\/produkt-des-monats\/produkt\/abenteuerliche-geschichten-fuer-erstleser-indianer-ritter-und-dinos\/\",\"name\":\"Abenteuerliche Geschichten f\u00fcr Erstleser. Indianer Ritter und Dinos.\",\"isPartOf\":{\"@id\":\"https:\/\/der-schulbedarf.shop\/produkt-des-monats\/#website\"},\"primaryImageOfPage\":{\"@id\":\"https:\/\/der-schulbedarf.shop\/produkt-des-monats\/produkt\/abenteuerliche-geschichten-fuer-erstleser-indianer-ritter-und-dinos\/#primaryimage\"},\"image\":{\"@id\":\"https:\/\/der-schulbedarf.shop\/produkt-des-monats\/produkt\/abenteuerliche-geschichten-fuer-erstleser-indianer-ritter-und-dinos\/#primaryimage\"},\"thumbnailUrl\":\"https:\/\/der-schulbedarf.shop\/wp-content\/uploads\/2023\/06\/AN_36291_1-720x380-1.webp\",\"datePublished\":\"2023-06-08T04:59:24+00:00\",\"dateModified\":\"2025-07-03T12:46:41+00:00\",\"description\":\"Abenteuerliche Geschichten f\u00fcr Erstleser. Drei Abenteuerliche Geschichten um Indianer, Ritter und Dinosaurier. F\u00fcr Kinder ab 6 Jahren. Von P\u00e4dagogen gemacht\",\"breadcrumb\":{\"@id\":\"https:\/\/der-schulbedarf.shop\/produkt-des-monats\/produkt\/abenteuerliche-geschichten-fuer-erstleser-indianer-ritter-und-dinos\/#breadcrumb\"},\"inLanguage\":\"de\",\"potentialAction\":[{\"@type\":\"ReadAction\",\"target\":[\"https:\/\/der-schulbedarf.shop\/produkt-des-monats\/produkt\/abenteuerliche-geschichten-fuer-erstleser-indianer-ritter-und-dinos\/\"]}]},{\"@type\":\"ImageObject\",\"inLanguage\":\"de\",\"@id\":\"https:\/\/der-schulbedarf.shop\/produkt-des-monats\/produkt\/abenteuerliche-geschichten-fuer-erstleser-indianer-ritter-und-dinos\/#primaryimage\",\"url\":\"https:\/\/der-schulbedarf.shop\/wp-content\/uploads\/2023\/06\/AN_36291_1-720x380-1.webp\",\"contentUrl\":\"https:\/\/der-schulbedarf.shop\/wp-content\/uploads\/2023\/06\/AN_36291_1-720x380-1.webp\",\"width\":720,\"height\":380,\"caption\":\"Indianer, Ritter und Dinosaurier\"},{\"@type\":\"BreadcrumbList\",\"@id\":\"https:\/\/der-schulbedarf.shop\/produkt-des-monats\/produkt\/abenteuerliche-geschichten-fuer-erstleser-indianer-ritter-und-dinos\/#breadcrumb\",\"itemListElement\":[{\"@type\":\"ListItem\",\"position\":1,\"name\":\"Shop\",\"item\":\"https:\/\/der-schulbedarf.shop\/produkt-des-monats\/shop\/\"},{\"@type\":\"ListItem\",\"position\":2,\"name\":\"Abenteuerliche Geschichten f\u00fcr Erstleser. Indianer Ritter und Dinos.\"}]},{\"@type\":\"WebSite\",\"@id\":\"https:\/\/der-schulbedarf.shop\/produkt-des-monats\/#website\",\"url\":\"https:\/\/der-schulbedarf.shop\/produkt-des-monats\/\",\"name\":\"der-Schulbedarf.shop\",\"description\":\"\",\"publisher\":{\"@id\":\"https:\/\/der-schulbedarf.shop\/produkt-des-monats\/#organization\"},\"potentialAction\":[{\"@type\":\"SearchAction\",\"target\":{\"@type\":\"EntryPoint\",\"urlTemplate\":\"https:\/\/der-schulbedarf.shop\/produkt-des-monats\/?s={search_term_string}\"},\"query-input\":{\"@type\":\"PropertyValueSpecification\",\"valueRequired\":true,\"valueName\":\"search_term_string\"}}],\"inLanguage\":\"de\"},{\"@type\":\"Organization\",\"@id\":\"https:\/\/der-schulbedarf.shop\/produkt-des-monats\/#organization\",\"name\":\"der-Schulbedarf.shop\",\"url\":\"https:\/\/der-schulbedarf.shop\/produkt-des-monats\/\",\"logo\":{\"@type\":\"ImageObject\",\"inLanguage\":\"de\",\"@id\":\"https:\/\/der-schulbedarf.shop\/produkt-des-monats\/#\/schema\/logo\/image\/\",\"url\":\"https:\/\/der-schulbedarf.shop\/wp-content\/uploads\/2024\/02\/grafik-e1709551115899.png\",\"contentUrl\":\"https:\/\/der-schulbedarf.shop\/wp-content\/uploads\/2024\/02\/grafik-e1709551115899.png\",\"width\":80,\"height\":80,\"caption\":\"der-Schulbedarf.shop\"},\"image\":{\"@id\":\"https:\/\/der-schulbedarf.shop\/produkt-des-monats\/#\/schema\/logo\/image\/\"}}]}<\/script>\n<!-- \/ Yoast SEO plugin. -->","yoast_head_json":{"title":"Abenteuerliche Geschichten f\u00fcr Erstleser. Indianer Ritter und Dinos.","description":"Abenteuerliche Geschichten f\u00fcr Erstleser. Drei Abenteuerliche Geschichten um Indianer, Ritter und Dinosaurier. F\u00fcr Kinder ab 6 Jahren. Von P\u00e4dagogen gemacht","robots":{"index":"index","follow":"follow","max-snippet":"max-snippet:-1","max-image-preview":"max-image-preview:large","max-video-preview":"max-video-preview:-1"},"canonical":"https:\/\/der-schulbedarf.shop\/produkt-des-monats\/produkt\/abenteuerliche-geschichten-fuer-erstleser-indianer-ritter-und-dinos\/","og_locale":"de_DE","og_type":"article","og_title":"Abenteuerliche Geschichten f\u00fcr Erstleser. Indianer Ritter und Dinos.","og_description":"Abenteuerliche Geschichten f\u00fcr Erstleser. Drei Abenteuerliche Geschichten um Indianer, Ritter und Dinosaurier. F\u00fcr Kinder ab 6 Jahren. Von P\u00e4dagogen gemacht","og_url":"https:\/\/der-schulbedarf.shop\/produkt-des-monats\/produkt\/abenteuerliche-geschichten-fuer-erstleser-indianer-ritter-und-dinos\/","og_site_name":"der-Schulbedarf.shop","article_modified_time":"2025-07-03T12:46:41+00:00","og_image":[{"width":720,"height":380,"url":"https:\/\/der-schulbedarf.shop\/wp-content\/uploads\/2023\/06\/AN_36291_1-720x380-1.webp","type":"image\/webp"}],"twitter_card":"summary_large_image","twitter_misc":{"Gesch\u00e4tzte Lesezeit":"1\u00a0Minute"},"schema":{"@context":"https:\/\/schema.org","@graph":[{"@type":"WebPage","@id":"https:\/\/der-schulbedarf.shop\/produkt-des-monats\/produkt\/abenteuerliche-geschichten-fuer-erstleser-indianer-ritter-und-dinos\/","url":"https:\/\/der-schulbedarf.shop\/produkt-des-monats\/produkt\/abenteuerliche-geschichten-fuer-erstleser-indianer-ritter-und-dinos\/","name":"Abenteuerliche Geschichten f\u00fcr Erstleser. Indianer Ritter und Dinos.","isPartOf":{"@id":"https:\/\/der-schulbedarf.shop\/produkt-des-monats\/#website"},"primaryImageOfPage":{"@id":"https:\/\/der-schulbedarf.shop\/produkt-des-monats\/produkt\/abenteuerliche-geschichten-fuer-erstleser-indianer-ritter-und-dinos\/#primaryimage"},"image":{"@id":"https:\/\/der-schulbedarf.shop\/produkt-des-monats\/produkt\/abenteuerliche-geschichten-fuer-erstleser-indianer-ritter-und-dinos\/#primaryimage"},"thumbnailUrl":"https:\/\/der-schulbedarf.shop\/wp-content\/uploads\/2023\/06\/AN_36291_1-720x380-1.webp","datePublished":"2023-06-08T04:59:24+00:00","dateModified":"2025-07-03T12:46:41+00:00","description":"Abenteuerliche Geschichten f\u00fcr Erstleser. Drei Abenteuerliche Geschichten um Indianer, Ritter und Dinosaurier. F\u00fcr Kinder ab 6 Jahren. Von P\u00e4dagogen gemacht","breadcrumb":{"@id":"https:\/\/der-schulbedarf.shop\/produkt-des-monats\/produkt\/abenteuerliche-geschichten-fuer-erstleser-indianer-ritter-und-dinos\/#breadcrumb"},"inLanguage":"de","potentialAction":[{"@type":"ReadAction","target":["https:\/\/der-schulbedarf.shop\/produkt-des-monats\/produkt\/abenteuerliche-geschichten-fuer-erstleser-indianer-ritter-und-dinos\/"]}]},{"@type":"ImageObject","inLanguage":"de","@id":"https:\/\/der-schulbedarf.shop\/produkt-des-monats\/produkt\/abenteuerliche-geschichten-fuer-erstleser-indianer-ritter-und-dinos\/#primaryimage","url":"https:\/\/der-schulbedarf.shop\/wp-content\/uploads\/2023\/06\/AN_36291_1-720x380-1.webp","contentUrl":"https:\/\/der-schulbedarf.shop\/wp-content\/uploads\/2023\/06\/AN_36291_1-720x380-1.webp","width":720,"height":380,"caption":"Indianer, Ritter und Dinosaurier"},{"@type":"BreadcrumbList","@id":"https:\/\/der-schulbedarf.shop\/produkt-des-monats\/produkt\/abenteuerliche-geschichten-fuer-erstleser-indianer-ritter-und-dinos\/#breadcrumb","itemListElement":[{"@type":"ListItem","position":1,"name":"Shop","item":"https:\/\/der-schulbedarf.shop\/produkt-des-monats\/shop\/"},{"@type":"ListItem","position":2,"name":"Abenteuerliche Geschichten f\u00fcr Erstleser. Indianer Ritter und Dinos."}]},{"@type":"WebSite","@id":"https:\/\/der-schulbedarf.shop\/produkt-des-monats\/#website","url":"https:\/\/der-schulbedarf.shop\/produkt-des-monats\/","name":"der-Schulbedarf.shop","description":"","publisher":{"@id":"https:\/\/der-schulbedarf.shop\/produkt-des-monats\/#organization"},"potentialAction":[{"@type":"SearchAction","target":{"@type":"EntryPoint","urlTemplate":"https:\/\/der-schulbedarf.shop\/produkt-des-monats\/?s={search_term_string}"},"query-input":{"@type":"PropertyValueSpecification","valueRequired":true,"valueName":"search_term_string"}}],"inLanguage":"de"},{"@type":"Organization","@id":"https:\/\/der-schulbedarf.shop\/produkt-des-monats\/#organization","name":"der-Schulbedarf.shop","url":"https:\/\/der-schulbedarf.shop\/produkt-des-monats\/","logo":{"@type":"ImageObject","inLanguage":"de","@id":"https:\/\/der-schulbedarf.shop\/produkt-des-monats\/#\/schema\/logo\/image\/","url":"https:\/\/der-schulbedarf.shop\/wp-content\/uploads\/2024\/02\/grafik-e1709551115899.png","contentUrl":"https:\/\/der-schulbedarf.shop\/wp-content\/uploads\/2024\/02\/grafik-e1709551115899.png","width":80,"height":80,"caption":"der-Schulbedarf.shop"},"image":{"@id":"https:\/\/der-schulbedarf.shop\/produkt-des-monats\/#\/schema\/logo\/image\/"}}]}},"_links":{"self":[{"href":"https:\/\/der-schulbedarf.shop\/produkt-des-monats\/wp-json\/wp\/v2\/product\/927","targetHints":{"allow":["GET"]}}],"collection":[{"href":"https:\/\/der-schulbedarf.shop\/produkt-des-monats\/wp-json\/wp\/v2\/product"}],"about":[{"href":"https:\/\/der-schulbedarf.shop\/produkt-des-monats\/wp-json\/wp\/v2\/types\/product"}],"replies":[{"embeddable":true,"href":"https:\/\/der-schulbedarf.shop\/produkt-des-monats\/wp-json\/wp\/v2\/comments?post=927"}],"wp:featuredmedia":[{"embeddable":true,"href":"https:\/\/der-schulbedarf.shop\/produkt-des-monats\/wp-json\/wp\/v2\/media\/2542"}],"wp:attachment":[{"href":"https:\/\/der-schulbedarf.shop\/produkt-des-monats\/wp-json\/wp\/v2\/media?parent=927"}],"wp:term":[{"taxonomy":"product_cat","embeddable":true,"href":"https:\/\/der-schulbedarf.shop\/produkt-des-monats\/wp-json\/wp\/v2\/product_cat?post=927"},{"taxonomy":"product_tag","embeddable":true,"href":"https:\/\/der-schulbedarf.shop\/produkt-des-monats\/wp-json\/wp\/v2\/product_tag?post=927"}],"curies":[{"name":"wp","href":"https:\/\/api.w.org\/{rel}","templated":true}]}}